241
CXUS53 KUNR 011030
CF6IEN
PRELIMINARY LOCAL CLIMATOLOGICAL DATA (WS FORM: F-6)
STATION: PINE RIDGE SD
MONTH: JANUARY
YEAR: 2021
LATITUDE: 43 1 N
LONGITUDE: 102 31 W
TEMPERATURE IN F: :PCPN: SNOW: WIND :SUNSHINE: SKY :PK WND
================================================================================
1 2 3 4 5 6A 6B 7 8 9 10 11 12 13 14 15 16 17 18
12Z AVG MX 2MIN
DY MAX MIN AVG DEP HDD CDD WTR SNW DPTH SPD SPD DIR MIN PSBL S-S WX SPD DR
================================================================================
1 44 9 27 5 38 0 0.00 M M 3.1 12 240 M M 0 15 260
2 45 15 30 7 35 0 0.00 M M 7.8 16 270 M M 2 24 270
3 49 23 36 13 29 0 0.01 M M 8.1 22 270 M M 3 31 270
4 46 24 35 12 30 0 0.00 M M 4.4 14 240 M M 2 8 19 250
5 52 28 40 17 25 0 T M M 8.4 31 330 M M 3 47 330
6 46 14 30 7 35 0 0.00 M M 5.4 13 320 M M 0 18 320
7 41 8 25 2 40 0 0.00 M M 5.2 16 190 M M 1 24 180
8 36 27 32 9 33 0 T M M 3.6 9 310 M M 10 13 210
9 31 28 30 7 35 0 T M M 3.1 8 20 M M 10 1 10 20
10 43 22 33 10 32 0 0.00 M M 6.9 18 250 M M 4 25 240
11 49 19 34 11 31 0 0.00 M M 8.8 20 240 M M 0 26 240
12 51 27 39 16 26 0 0.00 M M 7.3 16 260 M M 0 24 260
13 52 32 42 19 23 0 0.13 M M 8.7 32 10 M M 2 1 50 360
14 38 29 34 10 31 0 0.00 M M 18.8 39 310 M M 5 59 330
15 39 17 28 4 37 0 0.00 M M 12.6 31 340 M M 1 50 350
16 47 20 34 10 31 0 T M M 9.1 26 350 M M 6 43 350
17 44 13 29 5 36 0 0.00 M M 4.9 17 300 M M 4 27 310
18 41 13 27 3 38 0 0.01 M M 11.5 31 340 M M 7 12 44 340
19 38 13 26 2 39 0 0.00 M M 5.7 18 190 M M 4 24 190
20 50 20 35 11 30 0 0.00 M M 8.1 18 300 M M 0 25 290
21 41 14 28 4 37 0 T M M 3.5 12 10 M M 2 15 10
22 31 11 21 -3 44 0 0.08 M M 3.4 12 180 M M 8 1 18 190
23 30 18 24 0 41 0 M M M 5.6 15 200 M M 10 128 19 190
24 31 17 24 0 41 0 0.00 M M 8.1 23 170 M M 6 34 170
25 23 9 16 -8 49 0 T M M 6.6 13 30 M M 8 18 17 30
26 20 7 14 -10 51 0 T M M 5.9 12 80 M M 9 8 14 80
27 33 8 21 -3 44 0 0.00 M M 7.9 21 200 M M 0 8 30 200
28 46 10 28 4 37 0 0.00 M M 5.8 17 220 M M 0 24 210
29 47 18 33 9 32 0 0.00 M M 1.9 12 350 M M 1 15 360
30 33 20 27 3 38 0 T M M 5.4 14 340 M M 8 18 20 340
31 45 19 32 8 33 0 0.00 M M 4.7 13 250 M M 2 1 20 260
================================================================================
SM 1262 552 1101 0 0.23 M 210.3 M 118
================================================================================
AV 40.7 17.8 6.8 FASTST M M 4 MAX(MPH)
MISC ----> 39 310 59 330
================================================================================
NOTES:
# LAST OF SEVERAL OCCURRENCES
COLUMN 17 PEAK WIND IN M.P.H.
PRELIMINARY LOCAL CLIMATOLOGICAL DATA (WS FORM: F-6) , PAGE 2
STATION: PINE RIDGE SD
MONTH: JANUARY
YEAR: 2021
LATITUDE: 43 1 N
LONGITUDE: 102 31 W
[TEMPERATURE DATA] [PRECIPITATION DATA] SYMBOLS USED IN COLUMN 16
AVERAGE MONTHLY: 29.3 TOTAL FOR MONTH: 0.23 1 = FOG OR MIST
DPTR FM NORMAL: 5.8 DPTR FM NORMAL: -0.09 2 = FOG REDUCING VISIBILITY
HIGHEST: 52 ON 13, 5 GRTST 24HR 0.17 ON 23-23 TO 1/4 MILE OR LESS
LOWEST: 7 ON 26 3 = THUNDER
SNOW, ICE PELLETS, HAIL 4 = ICE PELLETS
TOTAL MONTH: M 5 = HAIL
GRTST 24HR M ON M 6 = FREEZING RAIN OR DRIZZLE
GRTST DEPTH: M ON M 7 = DUSTSTORM OR SANDSTORM:
VSBY 1/2 MILE OR LESS
8 = SMOKE OR HAZE
[NO. OF DAYS WITH] [WEATHER - DAYS WITH] 9 = BLOWING SNOW
X = TORNADO
MAX 32 OR BELOW: 6 0.01 INCH OR MORE: 4
MAX 90 OR ABOVE: 0 0.10 INCH OR MORE: 1
MIN 32 OR BELOW: 31 0.50 INCH OR MORE: 0
MIN 0 OR BELOW: 0 1.00 INCH OR MORE: 0
[HDD (BASE 65) ]
TOTAL THIS MO. 1101 CLEAR (SCALE 0-3) 15
DPTR FM NORMAL -186 PTCLDY (SCALE 4-7) 11
TOTAL FM JUL 1 3768 CLOUDY (SCALE 8-10) 5
DPTR FM NORMAL -508
[CDD (BASE 65) ]
TOTAL THIS MO. 0
DPTR FM NORMAL 0 [PRESSURE DATA]
TOTAL FM JAN 1 0 HIGHEST SLP 30.50 ON 19
DPTR FM NORMAL 0 LOWEST SLP 29.61 ON 30
[REMARKS]
#FINAL-01-21#