000
CXUS55 KVEF 010910
CF6IGM
PRELIMINARY LOCAL CLIMATOLOGICAL DATA (WS FORM: F-6)
STATION: KINGMAN AZ
MONTH: APRIL
YEAR: 2023
LATITUDE: 35 16 N
LONGITUDE: 113 57 W
TEMPERATURE IN F: :PCPN: SNOW: WIND :SUNSHINE: SKY :PK WND
================================================================================
1 2 3 4 5 6A 6B 7 8 9 10 11 12 13 14 15 16 17 18
12Z AVG MX 2MIN
DY MAX MIN AVG DEP HDD CDD WTR SNW DPTH SPD SPD DIR MIN PSBL S-S WX SPD DR
================================================================================
1 69 34 52 -4 13 0 0.00 M M 7.6 17 250 M M 0 21 240
2 70 39 55 -1 10 0 0.00 M M 14.3 29 220 M M 0 39 230
3 62 38 50 -6 15 0 T M M 21.4 44 240 M M 3 8 58 260
4 49 30 40 -16 25 0 0.00 M M 10.5 28 330 M M 3 40 340
5 54 24 39 -18 26 0 0.00 M M 7.3 18 360 M M 0 24 360
6 66 31 49 -8 16 0 0.00 M M 9.8 17 10 M M 0 23 10
7 70 34 52 -5 13 0 0.00 M M 8.9 25 250 M M 0 32 240
8 72 41 57 0 8 0 0.00 M M 8.3 16 250 M M 0 22 240
9 79 40 60 3 5 0 0.00 M M 5.1 13 360 M M 0 19 340
10 86 48 67 9 0 2 0.00 M M 6.9 16 270 M M 0 21 250
11 85 47 66 8 0 1 0.00 M M 11.3 28 250 M M 0 36 230
12 79 54 67 9 0 2 0.00 M M 13.8 26 220 M M 0 34 220
13 69 50 60 2 5 0 0.00 M M 14.1 29 230 M M 0 42 210
14 68 39 54 -4 11 0 0.00 M M 6.9 18 260 M M 1 25 260
15 75 37 56 -3 9 0 0.00 M M 3.9 14 250 M M 0 19 20
16 77 42 60 1 5 0 0.00 M M 7.3 20 250 M M 0 27 260
17 78 45 62 3 3 0 0.00 M M 12.7 29 240 M M 0 37 240
18 73 47 60 0 5 0 0.00 M M 17.1 30 240 M M 0 40 220
19 64 37 51 -9 14 0 0.00 M M 12.5 24 220 M M 0 32 230
20 69 33 51 -9 14 0 0.00 M M 7.7 22 350 M M 0 29 10
21 79 37 58 -2 7 0 0.00 M M 5.0 18 10 M M 0 24 10
22 78 44 61 0 4 0 0.00 M M 8.7 20 330 M M 0 27 350
23 81 48 65 4 0 0 0.00 M M 7.4 17 260 M M 0 24 250
24 82 47 65 4 0 0 0.00 M M 8.2 24 260 M M 0 33 250
25 76 47 62 0 3 0 0.00 M M 13.4 28 350 M M 0 36 350
26 81 43 62 0 3 0 0.00 M M 9.0 17 10 M M 0 24 360
27 86 45 66 4 0 1 0.00 M M 5.7 18 10 M M 0 24 360
28 91 44 68 6 0 3 0.00 M M 6.2 21 10 M M 0 30 40
29 91 49 70 7 0 5 0.00 M M 7.8 17 130 M M 0 8 21 270
30 91 49 70 7 0 5 0.00 M M 9.5 24 240 M M 0 34 250
================================================================================
SM 2250 1243 214 19 T M 288.3 M 7
================================================================================
AV 75.0 41.4 9.6 FASTST M M 0 MAX(MPH)
MISC ----> 44 240 58 260
================================================================================
NOTES:
# LAST OF SEVERAL OCCURRENCES
COLUMN 17 PEAK WIND IN M.P.H.
PRELIMINARY LOCAL CLIMATOLOGICAL DATA (WS FORM: F-6) , PAGE 2
STATION: KINGMAN AZ
MONTH: APRIL
YEAR: 2023
LATITUDE: 35 16 N
LONGITUDE: 113 57 W
[TEMPERATURE DATA] [PRECIPITATION DATA] SYMBOLS USED IN COLUMN 16
AVERAGE MONTHLY: 58.2 TOTAL FOR MONTH: T 1 = FOG OR MIST
DPTR FM NORMAL: -0.9 DPTR FM NORMAL: -0.46 2 = FOG REDUCING VISIBILITY
HIGHEST: 91 ON 30,29 GRTST 24HR T ON 3- 3 TO 1/4 MILE OR LESS
LOWEST: 24 ON 5 3 = THUNDER
SNOW, ICE PELLETS, HAIL 4 = ICE PELLETS
TOTAL MONTH: M 5 = HAIL
GRTST 24HR M ON M 6 = FREEZING RAIN OR DRIZZLE
GRTST DEPTH: M ON M 7 = DUSTSTORM OR SANDSTORM:
VSBY 1/2 MILE OR LESS
8 = SMOKE OR HAZE
[NO. OF DAYS WITH] [WEATHER - DAYS WITH] 9 = BLOWING SNOW
X = TORNADO
MAX 32 OR BELOW: 0 0.01 INCH OR MORE: 0
MAX 90 OR ABOVE: 3 0.10 INCH OR MORE: 0
MIN 32 OR BELOW: 3 0.50 INCH OR MORE: 0
MIN 0 OR BELOW: 0 1.00 INCH OR MORE: 0
[HDD (BASE 65) ]
TOTAL THIS MO. 214 CLEAR (SCALE 0-3) 28
DPTR FM NORMAL 12 PTCLDY (SCALE 4-7) 2
TOTAL FM JUL 1 3336 CLOUDY (SCALE 8-10) 0
DPTR FM NORMAL 383
[CDD (BASE 65) ]
TOTAL THIS MO. 19
DPTR FM NORMAL -6 [PRESSURE DATA]
TOTAL FM JAN 1 19 HIGHEST SLP 30.14 ON 20
DPTR FM NORMAL -8 LOWEST SLP 29.43 ON 13
[REMARKS]
#FINAL-04-23#