273
CXUS55 KVEF 010910
CF6IGM
PRELIMINARY LOCAL CLIMATOLOGICAL DATA (WS FORM: F-6)
STATION: KINGMAN AZ
MONTH: MARCH
YEAR: 2021
LATITUDE: 35 16 N
LONGITUDE: 113 57 W
TEMPERATURE IN F: :PCPN: SNOW: WIND :SUNSHINE: SKY :PK WND
================================================================================
1 2 3 4 5 6A 6B 7 8 9 10 11 12 13 14 15 16 17 18
12Z AVG MX 2MIN
DY MAX MIN AVG DEP HDD CDD WTR SNW DPTH SPD SPD DIR MIN PSBL S-S WX SPD DR
================================================================================
1 63 24 44 -5 21 0 0.00 M M 6.3 16 230 M M 0 21 240
2 69 29 49 0 16 0 0.00 M M 6.8 17 240 M M 0 24 260
3 71 33 52 3 13 0 T M M 16.1 44 230 M M 3 8 58 230
4 64 37 51 2 14 0 T M M 5.4 16 350 M M 3 23 20
5 75 36 56 6 9 0 0.00 M M 6.3 14 20 M M 0 18 360
6 76 44 60 10 5 0 0.00 M M 11.5 28 230 M M 0 33 230
7 74 41 58 8 7 0 0.00 M M 12.0 22 240 M M 0 28 240
8 74 45 60 10 5 0 0.00 M M 14.0 28 230 M M 0 38 230
9 63 38 51 1 14 0 0.00 M M 16.9 36 240 M M 0 48 250
10 58 30 44 -6 21 0 T M M 14.6 33 210 M M 5 47 230
11 52 30 41 -10 24 0 0.00 M M 12.7 25 200 M M 6 33 240
12 51 30 41 -10 24 0 0.11 M M 6.1 25 250 M M 7 1 35 220
13 48 29 39 -12 26 0 0.09 M M 7.8 22 360 M M 6 1 29 260
14 62 31 47 -4 18 0 0.00 M M 9.0 22 240 M M 0 29 230
15 66 35 51 0 14 0 0.17 M M 17.7 38 190 M M 3 13 48 190
16 52 31 42 -10 23 0 T M M 6.4 21 220 M M 4 1 25 210
17 65 33 49 -3 16 0 0.00 M M 5.8 16 250 M M 0 19 240
18 70 35 53 1 12 0 0.00 M M 5.8 14 150 M M 0 19 230
19 76 39 58 6 7 0 0.00 M M 9.1 20 230 M M 0 28 240
20 72 44 58 6 7 0 0.00 M M 14.4 35 240 M M 1 45 240
21 64 32 48 -4 17 0 0.00 M M 12.4 30 350 M M 0 36 360
22 64 37 51 -2 14 0 0.00 M M 9.7 22 350 M M 0 27 350
23 52 41 47 -6 18 0 0.12 M M 10.2 35 360 M M 8 38 43 360
24 61 36 49 -4 16 0 0.00 M M 11.5 25 350 M M 0 35 360
25 62 38 50 -3 15 0 0.00 M M 15.2 33 210 M M 2 47 200
26 56 36 46 -7 19 0 0.14 M M 7.9 26 350 M M 6 1 32 350
27 67 34 51 -3 14 0 0.00 M M 7.8 16 10 M M 0 23 30
28 76 41 59 5 6 0 0.00 M M 6.8 16 120 M M 0 19 320
29 79 41 60 6 5 0 0.00 M M 10.7 24 240 M M 0 35 240
30 66 43 55 1 10 0 0.00 M M 15.4 26 360 M M 0 31 360
31 74 39 57 3 8 0 0.00 M M 11.2 23 40 M M 0 30 10
================================================================================
SM 2022 1112 438 0 0.63 M 323.5 M 54
================================================================================
AV 65.2 35.9 10.4 FASTST M M 2 MAX(MPH)
MISC ----> 44 230 58 230
================================================================================
NOTES:
# LAST OF SEVERAL OCCURRENCES
COLUMN 17 PEAK WIND IN M.P.H.
PRELIMINARY LOCAL CLIMATOLOGICAL DATA (WS FORM: F-6) , PAGE 2
STATION: KINGMAN AZ
MONTH: MARCH
YEAR: 2021
LATITUDE: 35 16 N
LONGITUDE: 113 57 W
[TEMPERATURE DATA] [PRECIPITATION DATA] SYMBOLS USED IN COLUMN 16
AVERAGE MONTHLY: 50.5 TOTAL FOR MONTH: 0.63 1 = FOG OR MIST
DPTR FM NORMAL: -1.1 DPTR FM NORMAL: -0.13 2 = FOG REDUCING VISIBILITY
HIGHEST: 79 ON 29 GRTST 24HR 0.17 ON 15-15 TO 1/4 MILE OR LESS
LOWEST: 24 ON 1 3 = THUNDER
SNOW, ICE PELLETS, HAIL 4 = ICE PELLETS
TOTAL MONTH: M 5 = HAIL
GRTST 24HR M ON M 6 = FREEZING RAIN OR DRIZZLE
GRTST DEPTH: M ON M 7 = DUSTSTORM OR SANDSTORM:
VSBY 1/2 MILE OR LESS
8 = SMOKE OR HAZE
[NO. OF DAYS WITH] [WEATHER - DAYS WITH] 9 = BLOWING SNOW
X = TORNADO
MAX 32 OR BELOW: 0 0.01 INCH OR MORE: 5
MAX 90 OR ABOVE: 0 0.10 INCH OR MORE: 4
MIN 32 OR BELOW: 9 0.50 INCH OR MORE: 0
MIN 0 OR BELOW: 0 1.00 INCH OR MORE: 0
[HDD (BASE 65) ]
TOTAL THIS MO. 438 CLEAR (SCALE 0-3) 24
DPTR FM NORMAL 20 PTCLDY (SCALE 4-7) 7
TOTAL FM JUL 1 2731 CLOUDY (SCALE 8-10) 0
DPTR FM NORMAL -101
[CDD (BASE 65) ]
TOTAL THIS MO. 0
DPTR FM NORMAL -3 [PRESSURE DATA]
TOTAL FM JAN 1 0 HIGHEST SLP M ON M
DPTR FM NORMAL -3 LOWEST SLP 29.51 ON 25
[REMARKS]
#FINAL-03-21#