000
CXUS55 KVEF 282314
CLMIGM
CLIMATE REPORT
NATIONAL WEATHER SERVICE LAS VEGAS, NV
414 PM PDT FRI JUL 28 2023
...................................
...THE KINGMAN AZ CLIMATE SUMMARY FOR THE MONTH OF JUNE 2023...
CLIMATE NORMAL PERIOD: 1991 TO 2020
CLIMATE RECORD PERIOD: 1901 TO 2023
WEATHER OBSERVED NORMAL DEPART LAST YEAR`S
VALUE DATE(S) VALUE FROM VALUE DATE(S)
NORMAL
................................................................
TEMPERATURE (F)
RECORD
HIGH 113 06/20/2017
LOW 34 06/04/1908
06/01/1908
HIGHEST 102 06/30 105 06/11
LOWEST 49 06/24 50 06/20
AVG. MAXIMUM 90.7 95.1 -4.4 97.1
AVG. MINIMUM 58.1 62.3 -4.2 65.5
MEAN 74.4 78.7 -4.3 81.3
DAYS MAX >= 90 17 24.2 -7.2 28
DAYS MAX <= 32 0 0.0 0.0 0
DAYS MIN <= 32 0 0.0 0.0 0
DAYS MIN <= 0 0 0.0 0.0 0
PRECIPITATION (INCHES)
RECORD
MAXIMUM 3.00 1920
MINIMUM 0.00 2023
TOTALS 0.00R 0.11 -0.11 0.41
DAILY AVG. 0.00 0.00 -0.00 0.01
DAYS >= .01 0 0.8 -0.8 3
DAYS >= .10 0 0.3 -0.3 1
DAYS >= .50 0 0.1 -0.1 0
DAYS >= 1.00 0 0.0 0.0 0
GREATEST
24 HR. TOTAL 0.00 06/01 TO 06/01
DEGREE DAYS
HEATING TOTAL 0 2 -2 0
SINCE 7/1 3380 3008 372 MM
COOLING TOTAL 289 413 -124 494
SINCE 1/1 474 612 -138 MM
FREEZE DATES
RECORD
EARLIEST 09/24/1920
LATEST 05/21/1975
EARLIEST 11/03 11/03
LATEST 04/06 04/13
................................................................
WIND (MPH)
AVERAGE WIND SPEED 11.0
HIGHEST WIND SPEED/DIRECTION 32/210 DATE 06/18
32/220 06/19
HIGHEST GUST SPEED/DIRECTION 52/210 DATE 06/19
SKY COVER
POSSIBLE SUNSHINE (PERCENT) MM
AVERAGE SKY COVER 0.02
NUMBER OF DAYS FAIR 30
NUMBER OF DAYS PC 0
NUMBER OF DAYS CLOUDY 0
AVERAGE RH (PERCENT) 23
WEATHER CONDITIONS. NUMBER OF DAYS WITH
THUNDERSTORM 1 MIXED PRECIP 0
HEAVY RAIN 0 RAIN 0
LIGHT RAIN 0 FREEZING RAIN 0
LT FREEZING RAIN 0 HAIL 0
HEAVY SNOW 0 SLEET 0
FOG 0 FOG W/VIS <= 1/4 MILE 0
HAZE 2
- INDICATES NEGATIVE NUMBERS.
R INDICATES RECORD WAS SET OR TIED.
MM INDICATES DATA IS MISSING.
T INDICATES TRACE AMOUNT.
$$