936
CXUS52 KILM 041328
CF6ILM
PRELIMINARY LOCAL CLIMATOLOGICAL DATA (WS FORM: F-6)
STATION: WILMINGTON NORTH CAROLINA
MONTH: MAY
YEAR: 2020
LATITUDE: 34 16 N
LONGITUDE: 77 55 W
TEMPERATURE IN F: :PCPN: SNOW: WIND :SUNSHINE: SKY :PK WND
================================================================================
1 2 3 4 5 6A 6B 7 8 9 10 11 12 13 14 15 16 17 18
12Z AVG MX 2MIN
DY MAX MIN AVG DEP HDD CDD WTR SNW DPTH SPD SPD DIR MIN PSBL S-S WX SPD DR
================================================================================
1 71 55 63 -4 2 0 0.00 0.0 0 12.5 23 280 M M 4 32 290
2 75 51 63 -4 2 0 0.00 0.0 0 6.3 13 190 M M 0 19 330
3 88 60 74 7 0 9 0.00 0.0 0 12.0 20 210 M M 0 27 210
4 89 62 76 9 0 11 0.00 0.0 0 9.8 20 330 M M 1 25 330
5 73 59 66 -2 0 1 0.77 0.0 0 5.9 32 330 M M 3 13 50 330
6 76 53 65 -3 0 0 0.08 0.0 0 9.6 30 330 M M 5 38 320
7 69 47 58 -10 7 0 0.00 0.0 0 9.8 21 320 M M 0 27 330
8 73 45 59 -9 6 0 0.02 0.0 0 9.6 29 230 M M 3 38 230
9 65 47 56 -13 9 0 0.03 0.0 0 10.3 23 340 M M 1 1 34 320
10 71 41 56 -13 9 0 0.00 0.0 0 5.1 17 170 M M 2 22 130
11 76 54 65 -4 0 0 0.00 0.0 0 12.1 28 280 M M 0 38 280
12 69 45 57 -12 8 0 0.00 0.0 0 6.0 16 330 M M 0 20 320
13 74 48 61 -9 4 0 0.00 0.0 0 3.1 13 180 M M 2 17 150
14 80 53 67 -3 0 2 0.00 0.0 0 6.4 16 170 M M 4 22 180
15 80 58 69 -1 0 4 0.00 0.0 0 5.6 15 170 M M 2 22 130
16 83 61 72 2 0 7 0.00 0.0 0 5.1 14 120 M M 0 1 17 130
17 81 65 73 2 0 8 0.04 0.0 0 13.8 26 70 M M 7 1 35 50
18 83 69 76 5 0 11 0.16 0.0 0 10.3 18 330 M M 8 1 24 330
19 72 63 68 -3 0 3 0.66 0.0 0 12.0 20 70 M M 10 1 25 90
20 76 63 70 -1 0 5 0.87 0.0 0 13.1 22 100 M M 10 13 33 130
21 75 68 72 0 0 7 0.99 0.0 0 9.1 22 100 M M 5 13 30 100
22 83 67 75 3 0 10 0.10 0.0 0 6.0 29 310 M M 5 13 34 300
23 89 66 78 6 0 13 0.04 0.0 0 8.4 21 230 M M 2 25 230
24 87 68 78 6 0 13 0.00 0.0 0 6.5 16 90 M M 1 1 21 90
25 78 65 72 -1 0 7 0.00 0.0 0 7.8 13 120 M M 6 16 40
26 73 63 68 -5 0 3 0.06 0.0 0 8.4 14 60 M M 9 18 19 60
27 77 69 73 0 0 8 0.31 0.0 0 11.6 21 120 M M 9 1 28 130
28 85 73 79 6 0 14 T 0.0 0 10.4 21 200 M M 6 31 190
29 86 72 79 5 0 14 0.08 0.0 0 9.4 20 210 M M 6 13 26 200
30 80 71 76 2 0 11 1.18 0.0 0 5.0 13 160 M M 4 13 17 340
31 82 64 73 -1 0 8 0.00 0.0 0 7.6 21 30 M M 6 12 25 30
================================================================================
SM 2419 1845 47 169 5.39 0.0 268.6 M 121
================================================================================
AV 78.0 59.5 8.7 FASTST M M 4 MAX(MPH)
MISC ----> 32 330 50 330
================================================================================
NOTES:
# LAST OF SEVERAL OCCURRENCES
COLUMN 17 PEAK WIND IN M.P.H.
PRELIMINARY LOCAL CLIMATOLOGICAL DATA (WS FORM: F-6) , PAGE 2
STATION: WILMINGTON NORTH CAROLINA
MONTH: MAY
YEAR: 2020
LATITUDE: 34 16 N
LONGITUDE: 77 55 W
[TEMPERATURE DATA] [PRECIPITATION DATA] SYMBOLS USED IN COLUMN 16
AVERAGE MONTHLY: 68.8 TOTAL FOR MONTH: 5.39 1 = FOG OR MIST
DPTR FM NORMAL: -1.6 DPTR FM NORMAL: 0.90 2 = FOG REDUCING VISIBILITY
HIGHEST: 89 ON 23, 4 GRTST 24HR 1.64 ON 20-21 TO 1/4 MILE OR LESS
LOWEST: 41 ON 10 3 = THUNDER
SNOW, ICE PELLETS, HAIL 4 = ICE PELLETS
TOTAL MONTH: 0.0 INCH 5 = HAIL
GRTST 24HR 0.0 6 = FREEZING RAIN OR DRIZZLE
GRTST DEPTH: 0 7 = DUSTSTORM OR SANDSTORM:
VSBY 1/2 MILE OR LESS
8 = SMOKE OR HAZE
[NO. OF DAYS WITH] [WEATHER - DAYS WITH] 9 = BLOWING SNOW
X = TORNADO
MAX 32 OR BELOW: 0 0.01 INCH OR MORE: 15
MAX 90 OR ABOVE: 0 0.10 INCH OR MORE: 8
MIN 32 OR BELOW: 0 0.50 INCH OR MORE: 5
MIN 0 OR BELOW: 0 1.00 INCH OR MORE: 1
[HDD (BASE 65) ]
TOTAL THIS MO. 47 CLEAR (SCALE 0-3) 14
DPTR FM NORMAL 20 PTCLDY (SCALE 4-7) 12
TOTAL FM JUL 1 1853 CLOUDY (SCALE 8-10) 5
DPTR FM NORMAL -554
[CDD (BASE 65) ]
TOTAL THIS MO. 169
DPTR FM NORMAL -24 [PRESSURE DATA]
TOTAL FM JAN 1 339 HIGHEST SLP 30.36 ON 14
DPTR FM NORMAL 58 LOWEST SLP 29.72 ON 6
[REMARKS]
#FINAL-05-20#
CORRECTED MISSING SNOW DEPTH MAY 30 AND 31