000
CXUS53 KILX 010900
CF6ILX
PRELIMINARY LOCAL CLIMATOLOGICAL DATA (WS FORM: F-6)
STATION: LINCOLN IL
MONTH: MAY
YEAR: 2023
LATITUDE: 40 9 N
LONGITUDE: 89 20 W
TEMPERATURE IN F: :PCPN: SNOW: WIND :SUNSHINE: SKY :PK WND
================================================================================
1 2 3 4 5 6A 6B 7 8 9 10 11 12 13 14 15 16 17 18
12Z AVG MX 2MIN
DY MAX MIN AVG DEP HDD CDD WTR SNW DPTH SPD SPD DIR MIN PSBL S-S WX SPD DR
================================================================================
1 63 43 53 -5 12 0 0.00 0.0 0 M M M M M M M M
2 64 41 53 -6 12 0 0.00 0.0 0 M M M M M M M M
3 66 38 52 -7 13 0 0.00 0.0 0 M M M M M M M M
4 75 36 56 -4 9 0 0.00 0.0 0 M M M M M M M M
5 78 47 63 3 2 0 0.00 0.0 0 M M M M M M M M
6 75 55 65 5 0 0 0.99 0.0 0 M M M M M M 3 M M
7 82 59 71 10 0 6 0.62 0.0 0 M M M M M M 3 M M
8 74 55 65 4 0 0 0.38 0.0 0 M M M M M M 13 M M
9 74 54 64 3 1 0 0.00 0.0 0 M M M M M M 1 M M
10 79 52 66 4 0 1 0.00 0.0 0 M M M M M M M M
11 84 54 69 7 0 4 0.00 0.0 0 M M M M M M M M
12 82 65 74 12 0 9 0.01 0.0 0 M M M M M M M M
13 81 63 72 9 0 7 0.13 0.0 0 M M M M M M 3 M M
14 79 59 69 6 0 4 0.01 0.0 0 M M M M M M 13 M M
15 72 56 64 1 1 0 T 0.0 0 M M M M M M M M
16 75 55 65 1 0 0 0.25 0.0 0 M M M M M M M M
17 78 51 65 1 0 0 0.00 0.0 0 M M M M M M M M
18 79 51 65 1 0 0 0.00 0.0 0 M M M M M M M M
19 77 53 65 0 0 0 0.16 0.0 0 M M M M M M 18 M M
20 72 46 59 -6 6 0 0.00 0.0 0 M M M M M M M M
21 79 45 62 -3 3 0 0.00 0.0 0 M M M M M M M M
22 82 50 66 0 0 1 0.00 0.0 0 M M M M M M M M
23 86 53 70 4 0 5 0.00 0.0 0 M M M M M M M M
24 89 55 72 6 0 7 0.00 0.0 0 M M M M M M M M
25 77 51 64 -3 1 0 0.00 0.0 0 M M M M M M M M
26 79 44 62 -5 3 0 0.00 0.0 0 M M M M M M M M
27 82 48 65 -2 0 0 0.00 0.0 0 M M M M M M M M
28 83 53 68 0 0 3 0.00 0.0 0 M M M M M M M M
29 86 55 71 3 0 6 0.00 0.0 0 M M M M M M M M
30 90 58 74 6 0 9 0.00 0.0 0 M M M M M M M M
31 90 62 76 8 0 11 0.00 0.0 0 M M M M M M M M
================================================================================
SM 2432 1607 63 73 2.55 0.0 M M M
================================================================================
AV 78.5 51.8 M FASTST M M M MAX(MPH)
MISC ----> M M M M
================================================================================
NOTES:
# LAST OF SEVERAL OCCURRENCES
COLUMN 17 PEAK WIND IN M.P.H.
PRELIMINARY LOCAL CLIMATOLOGICAL DATA (WS FORM: F-6) , PAGE 2
STATION: LINCOLN IL
MONTH: MAY
YEAR: 2023
LATITUDE: 40 9 N
LONGITUDE: 89 20 W
[TEMPERATURE DATA] [PRECIPITATION DATA] SYMBOLS USED IN COLUMN 16
AVERAGE MONTHLY: 65.1 TOTAL FOR MONTH: 2.55 1 = FOG OR MIST
DPTR FM NORMAL: 1.5 DPTR FM NORMAL: -1.82 2 = FOG REDUCING VISIBILITY
HIGHEST: 90 ON 31,30 GRTST 24HR 0.99 ON 6- 6 TO 1/4 MILE OR LESS
LOWEST: 36 ON 4 3 = THUNDER
SNOW, ICE PELLETS, HAIL 4 = ICE PELLETS
TOTAL MONTH: 0.0 INCH 5 = HAIL
GRTST 24HR 0.0 6 = FREEZING RAIN OR DRIZZLE
GRTST DEPTH: 0 7 = DUSTSTORM OR SANDSTORM:
VSBY 1/2 MILE OR LESS
8 = SMOKE OR HAZE
[NO. OF DAYS WITH] [WEATHER - DAYS WITH] 9 = BLOWING SNOW
X = TORNADO
MAX 32 OR BELOW: 0 0.01 INCH OR MORE: 8
MAX 90 OR ABOVE: 2 0.10 INCH OR MORE: 6
MIN 32 OR BELOW: 0 0.50 INCH OR MORE: 2
MIN 0 OR BELOW: 0 1.00 INCH OR MORE: 0
[HDD (BASE 65) ]
TOTAL THIS MO. 63 CLEAR (SCALE 0-3) 0
DPTR FM NORMAL -69 PTCLDY (SCALE 4-7) 0
TOTAL FM JUL 1 5102 CLOUDY (SCALE 8-10) 31
DPTR FM NORMAL -506
[CDD (BASE 65) ]
TOTAL THIS MO. 73
DPTR FM NORMAL -15 [PRESSURE DATA]
TOTAL FM JAN 1 84 HIGHEST SLP M ON M
DPTR FM NORMAL -17 LOWEST SLP M ON M
[REMARKS]
#FINAL-05-23#