000
CXUS55 KLBF 011200
CF6IML
PRELIMINARY LOCAL CLIMATOLOGICAL DATA (WS FORM: F-6)
STATION: IMPERIAL
MONTH: FEBRUARY
YEAR: 2020
LATITUDE: 40 31 N
LONGITUDE: 101 37 W
TEMPERATURE IN F: :PCPN: SNOW: WIND :SUNSHINE: SKY :PK WND
================================================================================
1 2 3 4 5 6A 6B 7 8 9 10 11 12 13 14 15 16 17 18
12Z AVG MX 2MIN
DY MAX MIN AVG DEP HDD CDD WTR SNW DPTH SPD SPD DIR MIN PSBL S-S WX SPD DR
================================================================================
1 67 30 49 20 16 0 0.00 M M 13.3 26 310 M M 0 35 320
2 78 31 55 26 10 0 0.00 M M 13.7 30 50 M M 0 39 50
3 31 22 27 -2 38 0 0.00 M M 20.9 36 40 M M 10 45 40
4 29 15 22 -8 43 0 T M M 12.8 23 30 M M 10 1 30 40
5 31 6 19 -11 46 0 0.00 M M 8.1 20 310 M M 5 1 26 330
6 42 17 30 0 35 0 0.00 M M 11.9 21 330 M M 5 30 330
7 42 22 32 2 33 0 0.00 M M 9.9 24 330 M M 4 34 320
8 57 20 39 9 26 0 0.00 M M 8.3 25 180 M M 3 33 190
9 37 17 27 -3 38 0 0.00 M M 14.9 33 360 M M 7 44 360
10 45 11 28 -2 37 0 0.00 M M 10.5 22 360 M M 2 29 340
11 43 12 28 -2 37 0 0.00 M M 11.9 24 220 M M 0 35 210
12 43 13 28 -3 37 0 T M M 16.1 37 360 M M 5 48 340
13 20 8 14 -17 51 0 0.02 M M 10.3 17 170 M M 7 8 23 180
14 55 12 34 3 31 0 0.00 M M 12.0 23 170 M M 0 30 180
15 48 21 35 4 30 0 0.00 M M 7.6 22 330 M M 1 30 340
16 52 22 37 5 28 0 0.05 M M 9.0 30 310 M M 3 44 300
17 45 27 36 4 29 0 T M M 11.4 29 330 M M 7 36 340
18 43 17 30 -2 35 0 0.00 M M 5.0 13 230 M M 5 18 240
19 24 7 16 -16 49 0 T M M 11.7 20 40 M M 9 24 30
20 37 -4 17 -16 48 0 0.00 M M 7.9 15 210 M M 0 22 250
21 60 7 34 1 31 0 0.00 M M 5.5 12 230 M M 0 15 250
22 64 16 40 7 25 0 0.00 M M 6.1 23 320 M M 1 33 340
23 56 27 42 8 23 0 0.00 M M 10.1 24 80 M M 4 32 60
24 50 18 34 0 31 0 T M M 14.3 31 310 M M 5 1 45 320
25 30 16 23 -11 42 0 0.02 M M 19.4 32 30 M M 7 1 43 30
26 37 5 21 -13 44 0 0.00 M M 8.6 15 280 M M 2 20 280
27 46 25 36 1 29 0 0.00 M M 13.9 37 340 M M 4 50 340
28 58 26 42 7 23 0 0.00 M M 12.5 28 340 M M 2 8 35 330
29 72 22 47 12 18 0 0.00 M M 6.2 20 310 M M 0 26 300
================================================================================
SM 1342 488 963 0 0.09 M 323.8 M 108
================================================================================
AV 46.3 16.8 11.2 FASTST M M 4 MAX(MPH)
MISC ----> # 37 360 # 50 340
================================================================================
NOTES:
# LAST OF SEVERAL OCCURRENCES
COLUMN 17 PEAK WIND IN M.P.H.
PRELIMINARY LOCAL CLIMATOLOGICAL DATA (WS FORM: F-6) , PAGE 2
STATION: IMPERIAL
MONTH: FEBRUARY
YEAR: 2020
LATITUDE: 40 31 N
LONGITUDE: 101 37 W
[TEMPERATURE DATA] [PRECIPITATION DATA] SYMBOLS USED IN COLUMN 16
AVERAGE MONTHLY: 31.6 TOTAL FOR MONTH: 0.09 1 = FOG OR MIST
DPTR FM NORMAL: 0.1 DPTR FM NORMAL: -0.29 2 = FOG REDUCING VISIBILITY
HIGHEST: 78 ON 2 GRTST 24HR 0.05 ON 16-16 TO 1/4 MILE OR LESS
LOWEST: -4 ON 20 3 = THUNDER
SNOW, ICE PELLETS, HAIL 4 = ICE PELLETS
TOTAL MONTH: M 5 = HAIL
GRTST 24HR M ON M 6 = FREEZING RAIN OR DRIZZLE
GRTST DEPTH: M ON M 7 = DUSTSTORM OR SANDSTORM:
VSBY 1/2 MILE OR LESS
8 = SMOKE OR HAZE
[NO. OF DAYS WITH] [WEATHER - DAYS WITH] 9 = BLOWING SNOW
X = TORNADO
MAX 32 OR BELOW: 6 0.01 INCH OR MORE: 3
MAX 90 OR ABOVE: 0 0.10 INCH OR MORE: 0
MIN 32 OR BELOW: 29 0.50 INCH OR MORE: 0
MIN 0 OR BELOW: 1 1.00 INCH OR MORE: 0
[HDD (BASE 65) ]
TOTAL THIS MO. 963 CLEAR (SCALE 0-3) 14
DPTR FM NORMAL 27 PTCLDY (SCALE 4-7) 12
TOTAL FM JUL 1 4463 CLOUDY (SCALE 8-10) 3
DPTR FM NORMAL -156
[CDD (BASE 65) ]
TOTAL THIS MO. 0
DPTR FM NORMAL 0 [PRESSURE DATA]
TOTAL FM JAN 1 0 HIGHEST SLP 30.84 ON 20
DPTR FM NORMAL 0 LOWEST SLP 29.52 ON 2
[REMARKS]
#FINAL-02-20#