000
CXUS53 KLBF 011041
CLMIML
CLIMATE REPORT
NATIONAL WEATHER SERVICE NORTH PLATTE NE
541 AM CDT TUE AUG 01 2023
...................................
...THE IMPERIAL CLIMATE SUMMARY FOR THE MONTH OF JULY 2023...
CLIMATE NORMAL PERIOD 1991 TO 2020
CLIMATE RECORD PERIOD 1893 TO 2023
WEATHER OBSERVED NORMAL DEPART LAST YEAR`S
VALUE DATE(S) VALUE FROM VALUE DATE(S)
NORMAL
................................................................
TEMPERATURE (F)
RECORD
HIGH 116 07/20/1934
LOW 37 07/01/1918
HIGHEST 103 07/26 101 2 107 07/10
LOWEST 52 07/09 52 0 58 07/20
AVG. MAXIMUM 89.6 90.9 -1.3 94.3
AVG. MINIMUM 61.0 62.2 -1.2 64.8
MEAN 75.3 76.5 -1.2 79.6
DAYS MAX >= 90 17 20.3 -3.3 20
DAYS MAX <= 32 0 0.0 0.0 0
DAYS MIN <= 32 0 0.0 0.0 0
DAYS MIN <= 0 0 0.0 0.0 0
PRECIPITATION (INCHES)
RECORD
MAXIMUM 6.97 1993
MINIMUM 0.22 2021
TOTALS 1.60 2.84 -1.24 3.04
DAILY AVG. 0.06 0.09 -0.03 0.10
DAYS >= .01 7 9.4 -2.4 11
DAYS >= .10 5 5.3 -0.3 5
DAYS >= .50 1 1.6 -0.6 2
DAYS >= 1.00 0 0.3 -0.3 1
GREATEST
24 HR. TOTAL 0.60 07/20 TO 07/20 1.01 07/27 TO 07/28
SNOWFALL (INCHES)
TOTALS MM
DEGREE DAYS
HEATING TOTAL 6 2 4 0
SINCE 7/1 6 0 6 MM
COOLING TOTAL 322 360 -38 458
SINCE 1/1 463 611 -148 MM
................................................................
WIND (MPH)
HIGHEST WIND SPEED/DIRECTION 36/350 DATE 07/04
HIGHEST GUST SPEED/DIRECTION 50/350 DATE 07/04
AVERAGE RH (PERCENT) 66
WEATHER CONDITIONS. NUMBER OF DAYS WITH
THUNDERSTORM 9 MIXED PRECIP 0
HEAVY RAIN 1 RAIN 1
LIGHT RAIN 9 FREEZING RAIN 0
LT FREEZING RAIN 0 HAIL 0
HEAVY SNOW 0 SNOW 0
LIGHT SNOW 0 SLEET 0
FOG 16 FOG W/VIS <= 1/4 MILE 2
HAZE 5
- INDICATES NEGATIVE NUMBERS.
R INDICATES RECORD WAS SET OR TIED.
MM INDICATES DATA IS MISSING.
T INDICATES TRACE AMOUNT.
&&
...SNOWFALL AND SNOW DEPTH ARE UNAVAILABLE AT THIS LOCATION...
$$