000
CXUS53 KDLH 051620
CF6INL
PRELIMINARY LOCAL CLIMATOLOGICAL DATA (WS FORM: F-6)
STATION: INTERNATIONAL FALLS
MONTH: JANUARY
YEAR: 2022
LATITUDE: 48 34 N
LONGITUDE: 93 23 W
TEMPERATURE IN F: :PCPN: SNOW: WIND :SUNSHINE: SKY :PK WND
================================================================================
1 2 3 4 5 6A 6B 7 8 9 10 11 12 13 14 15 16 17 18
12Z AVG MX 2MIN
DY MAX MIN AVG DEP HDD CDD WTR SNW DPTH SPD SPD DIR MIN PSBL S-S WX SPD DR
================================================================================
1 -9 -34 -21 -27 86 0 T T 13 2.6 8 280 M M 1 8 13 250
2 1 -37 -18 -24 83 0 0.00 0.0 12 3.8 9 160 M M 0 15 160
3 7 -9 -1 -7 66 0 T 0.1 12 3.3 10 300 M M 7 8 15 150
4 10 2 6 0 59 0 0.02 0.3 12 10.1 18 50 M M 10 18 27 40
5 6 -12 -3 -9 68 0 0.02 0.5 12 12.7 21 20 M M 7 18 31 360
6 -6 -29 -17 -23 82 0 0.00 0.0 12 5.2 10 330 M M 8 18 14 320
7 5 -32 -13 -18 78 0 0.04 0.7 13 5.6 14 140 M M 4 8 21 160
8 19 -5 7 2 58 0 0.04 0.7 13 11.9 25 300 M M 10 189 36 300
9 -5 -18 -11 -16 76 0 0.00 0.0 13 11.2 21 290 M M 2 8 29 270
10 -3 -22 -12 -17 77 0 T T 13 5.8 13 280 M M 1 18 280
11 23 -3 10 5 55 0 T T 13 8.9 18 280 M M 5 29 290
12 20 10 15 10 50 0 0.09 1.0 13 3.4 14 340 M M 10 18 18 350
13 21 -5 8 3 57 0 0.04 0.2 13 7.3 17 350 M M 6 18 21 350
14 1 -24 -11 -16 76 0 0.00 0.0 13 5.6 12 80 M M 1 17 90
15 18 -26 -4 -8 69 0 0.00 0.0 13 7.7 20 210 M M 0 29 200
16 23 15 19 15 46 0 0.01 0.1 13 9.6 17 320 M M 10 18 27 200
17 21 14 18 14 47 0 0.03 0.5 13 5.1 10 10 M M 10 1 14 270
18 25 4 15 11 50 0 0.47 4.8 14 12.0 24 330 M M 10 12689 33 320
19 4 -20 -8 -12 73 0 T T 17 13.2 23 340 M M 5 8 32 330
20 0 -30 -15 -19 80 0 0.00 0.0 16 3.3 7 170 M M 0 12 170
21 19 -9 5 1 60 0 0.12 1.4 17 12.5 26 210 M M 6 18 38 200
22 10 -27 -8 -12 73 0 T T 17 9.2 23 290 M M 4 89 32 320
23 2 -29 -13 -17 78 0 0.01 0.4 17 3.3 10 240 M M 4 8 17 250
24 0 -26 -13 -17 78 0 0.00 0.0 17 7.9 15 290 M M 1 1 19 300
25 -7 -28 -17 -21 82 0 0.00 0.0 17 5.9 12 270 M M 2 8 16 270
26 25 -23 1 -4 64 0 0.05 0.5 17 11.0 28 300 M M 5 1 37 240
27 19 -21 -1 -6 66 0 T T 17 10.1 23 310 M M 3 89 34 300
28 10 -17 -3 -8 68 0 0.00 0.0 17 4.6 10 280 M M 6 15 280
29 18 -10 4 -1 61 0 T T 17 7.9 14 340 M M 9 8 21 330
30 19 -14 3 -2 62 0 0.00 T 17 3.7 13 350 M M 6 18 16 350
31 26 10 18 13 47 0 0.01 0.3 19 6.8 12 150 M M 5 18 20 150
================================================================================
SM 322 -455 2075 0 0.95 11.5 231.2 M 158
================================================================================
AV 10.4-14.7 7.5 FASTST M M 5 MAX(MPH)
MISC ----> 28 300 38 200
================================================================================
NOTES:
# LAST OF SEVERAL OCCURRENCES
COLUMN 17 PEAK WIND IN M.P.H.
PRELIMINARY LOCAL CLIMATOLOGICAL DATA (WS FORM: F-6) , PAGE 2
STATION: INTERNATIONAL FALLS
MONTH: JANUARY
YEAR: 2022
LATITUDE: 48 34 N
LONGITUDE: 93 23 W
[TEMPERATURE DATA] [PRECIPITATION DATA] SYMBOLS USED IN COLUMN 16
AVERAGE MONTHLY: -2.1 TOTAL FOR MONTH: 0.95 1 = FOG OR MIST
DPTR FM NORMAL: -7.1 DPTR FM NORMAL: 0.16 2 = FOG REDUCING VISIBILITY
HIGHEST: 26 ON 31 GRTST 24HR 0.47 ON 18-18 TO 1/4 MILE OR LESS
LOWEST: -37 ON 2 3 = THUNDER
SNOW, ICE PELLETS, HAIL 4 = ICE PELLETS
TOTAL MONTH: 11.5 INCHES 5 = HAIL
GRTST 24HR 4.8 ON 18-18 6 = FREEZING RAIN OR DRIZZLE
GRTST DEPTH: 19 ON 31 7 = DUSTSTORM OR SANDSTORM:
VSBY 1/2 MILE OR LESS
8 = SMOKE OR HAZE
[NO. OF DAYS WITH] [WEATHER - DAYS WITH] 9 = BLOWING SNOW
X = TORNADO
MAX 32 OR BELOW: 31 0.01 INCH OR MORE: 13
MAX 90 OR ABOVE: 0 0.10 INCH OR MORE: 2
MIN 32 OR BELOW: 31 0.50 INCH OR MORE: 0
MIN 0 OR BELOW: 25 1.00 INCH OR MORE: 0
[HDD (BASE 65) ]
TOTAL THIS MO. 2075 CLEAR (SCALE 0-3) 9
DPTR FM NORMAL 214 PTCLDY (SCALE 4-7) 15
TOTAL FM JUL 1 5529 CLOUDY (SCALE 8-10) 7
DPTR FM NORMAL -411
[CDD (BASE 65) ]
TOTAL THIS MO. 0
DPTR FM NORMAL 0 [PRESSURE DATA]
TOTAL FM JAN 1 0 HIGHEST SLP 30.74 ON 20
DPTR FM NORMAL 0 LOWEST SLP 29.37 ON 18
[REMARKS]
#FINAL-01-22#
SRG WAS USED INSTEAD OF ASOS FOR PRECIPITATION ON 1/12.