000
CXUS55 KDVN 011000
CF6IOW
PRELIMINARY LOCAL CLIMATOLOGICAL DATA (WS FORM: F-6)
STATION: IOWA CITY IA
MONTH: MAY
YEAR: 2022
LATITUDE: 41 37 N
LONGITUDE: 91 33 W
TEMPERATURE IN F: :PCPN: SNOW: WIND :SUNSHINE: SKY :PK WND
================================================================================
1 2 3 4 5 6A 6B 7 8 9 10 11 12 13 14 15 16 17 18
12Z AVG MX 2MIN
DY MAX MIN AVG DEP HDD CDD WTR SNW DPTH SPD SPD DIR MIN PSBL S-S WX SPD DR
================================================================================
1 53 45 49 -8 16 0 T M M 15.3 25 270 M M 10 8 34 270
2 57 46 52 -5 13 0 0.10 M M 8.3 17 40 M M 8 24 60
3 52 43 48 -10 17 0 0.84 M M 12.4 23 20 M M 10 1 33 20
4 62 36 49 -9 16 0 0.00 M M 6.4 16 40 M M 1 24 120
5 57 51 54 -4 11 0 0.01 M M 7.0 15 70 M M 8 8 21 70
6 65 46 56 -3 9 0 0.00 M M 9.1 21 60 M M 3 27 360
7 72 40 56 -3 9 0 0.00 M M 7.1 16 120 M M 0 22 130
8 70 53 62 3 3 0 T M M 14.6 29 120 M M 5 40 140
9 88 60 74 14 0 9 0.00 M M 16.5 28 170 M M 2 42 150
10 91 72 82 22 0 17 0.00 M M 9.7 20 170 M M 3 25 210
11 93 68 81 20 0 16 0.00 M M 7.8 21 190 M M 1 128 27 170
12 94 73 84 23 0 19 0.00 M M 11.7 23 180 M M 0 18 31 160
13 87 65 76 15 0 11 0.00 M M 8.2 24 260 M M 0 32 270
14 89 57 73 11 0 8 0.00 M M 3.5 13 320 M M 0 17 320
15 74 53 64 2 1 0 0.03 M M 6.6 23 290 M M 2 31 290
16 82 49 66 3 0 1 0.00 M M 8.6 29 310 M M 1 39 300
17 75 50 63 0 2 0 0.01 M M 5.8 15 70 M M 3 22 60
18 75 55 65 2 0 0 0.24 M M 6.0 21 320 M M 5 13 28 310
19 88 57 73 9 0 8 0.00 M M 9.9 23 180 M M 0 33 200
20 73 56 65 1 0 0 T M M 8.3 20 320 M M 8 26 320
21 67 48 58 -6 7 0 T M M 9.4 18 310 M M 3 28 300
22 68 40 54 -11 11 0 0.00 M M 9.5 21 300 M M 1 31 320
23 66 47 57 -8 8 0 0.00 M M 7.2 14 30 M M 1 19 60
24 68 52 60 -6 5 0 0.15 M M 10.8 23 70 M M 9 32 60
25 74 52 63 -3 2 0 0.75 M M 8.0 21 70 M M 9 138 28 80
26 76 57 67 1 0 2 0.19 M M 7.6 17 150 M M 8 138 23 140
27 75 56 66 -1 0 1 T M M 8.3 18 330 M M 4 18 29 360
28 79 54 67 0 0 2 0.00 M M 10.8 23 160 M M 0 34 150
29 87 65 76 8 0 11 0.00 M M 14.5 30 160 M M 0 43 170
30 89 68 79 11 0 14 0.00 M M 17.9 32 170 M M 1 46 180
31 82 67 75 7 0 10 0.09 M M 7.9 23 290 M M 7 3 30 280
================================================================================
SM 2328 1681 130 129 2.41 M 294.7 M 113
================================================================================
AV 75.1 54.2 9.5 FASTST M M 4 MAX(MPH)
MISC ----> 32 170 46 180
================================================================================
NOTES:
# LAST OF SEVERAL OCCURRENCES
COLUMN 17 PEAK WIND IN M.P.H.
PRELIMINARY LOCAL CLIMATOLOGICAL DATA (WS FORM: F-6) , PAGE 2
STATION: IOWA CITY IA
MONTH: MAY
YEAR: 2022
LATITUDE: 41 37 N
LONGITUDE: 91 33 W
[TEMPERATURE DATA] [PRECIPITATION DATA] SYMBOLS USED IN COLUMN 16
AVERAGE MONTHLY: 64.7 TOTAL FOR MONTH: 2.41 1 = FOG OR MIST
DPTR FM NORMAL: 2.1 DPTR FM NORMAL: -2.07 2 = FOG REDUCING VISIBILITY
HIGHEST: 94 ON 12 GRTST 24HR 0.94 ON 2- 3 TO 1/4 MILE OR LESS
LOWEST: 36 ON 4 3 = THUNDER
SNOW, ICE PELLETS, HAIL 4 = ICE PELLETS
TOTAL MONTH: M 5 = HAIL
GRTST 24HR M ON M 6 = FREEZING RAIN OR DRIZZLE
GRTST DEPTH: M ON M 7 = DUSTSTORM OR SANDSTORM:
VSBY 1/2 MILE OR LESS
8 = SMOKE OR HAZE
[NO. OF DAYS WITH] [WEATHER - DAYS WITH] 9 = BLOWING SNOW
X = TORNADO
MAX 32 OR BELOW: 0 0.01 INCH OR MORE: 10
MAX 90 OR ABOVE: 3 0.10 INCH OR MORE: 6
MIN 32 OR BELOW: 0 0.50 INCH OR MORE: 2
MIN 0 OR BELOW: 0 1.00 INCH OR MORE: 0
[HDD (BASE 65) ]
TOTAL THIS MO. 130 CLEAR (SCALE 0-3) 18
DPTR FM NORMAL -19 PTCLDY (SCALE 4-7) 9
TOTAL FM JUL 1 6083 CLOUDY (SCALE 8-10) 4
DPTR FM NORMAL -19
[CDD (BASE 65) ]
TOTAL THIS MO. 129
DPTR FM NORMAL 56 [PRESSURE DATA]
TOTAL FM JAN 1 136 HIGHEST SLP 30.39 ON 23
DPTR FM NORMAL 55 LOWEST SLP 29.31 ON 20
[REMARKS]
#FINAL-05-22#