000
CXUS55 KDVN 011100
CF6IOW
PRELIMINARY LOCAL CLIMATOLOGICAL DATA (WS FORM: F-6)
STATION: IOWA CITY IA
MONTH: OCTOBER
YEAR: 2020
LATITUDE: 41 37 N
LONGITUDE: 91 33 W
TEMPERATURE IN F: :PCPN: SNOW: WIND :SUNSHINE: SKY :PK WND
================================================================================
1 2 3 4 5 6A 6B 7 8 9 10 11 12 13 14 15 16 17 18
12Z AVG MX 2MIN
DY MAX MIN AVG DEP HDD CDD WTR SNW DPTH SPD SPD DIR MIN PSBL S-S WX SPD DR
================================================================================
1 59 44 52 -6 13 0 T M M 10.7 22 320 M M 7 30 330
2 58 37 48 -9 17 0 0.00 M M 2.3 9 310 M M 2 13 310
3 51 44 48 -9 17 0 0.04 M M 2.4 10 210 M M 9 18 13 200
4 57 36 47 -9 18 0 0.00 M M 4.4 14 20 M M 0 22 10
5 66 35 51 -5 14 0 0.00 M M 9.0 24 160 M M 0 32 170
6 78 47 63 7 2 0 0.00 M M 6.9 18 320 M M 0 26 320
7 79 50 65 10 0 0 0.00 M M 5.4 15 330 M M 0 21 320
8 75 45 60 5 5 0 0.00 M M 4.7 13 130 M M 0 17 50
9 83 50 67 13 0 2 0.00 M M 8.6 23 200 M M 0 32 190
10 79 55 67 13 0 2 0.00 M M 6.3 15 80 M M 0 1 24 100
11 80 53 67 13 0 2 0.00 M M 9.8 20 150 M M 3 26 150
12 68 41 55 2 10 0 0.03 M M 10.9 30 280 M M 4 1 39 300
13 71 38 55 2 10 0 0.00 M M 7.3 22 280 M M 0 33 290
14 76 40 58 5 7 0 T M M 14.0 28 310 M M 1 43 230
15 54 34 44 -8 21 0 0.00 M M 12.6 24 300 M M 0 35 290
16 55 32 44 -8 21 0 T M M 7.3 36 280 M M 3 44 280
17 64 39 52 0 13 0 T M M 10.7 26 200 M M 7 40 210
18 51 36 44 -7 21 0 0.20 M M 9.3 22 340 M M 6 1 31 340
19 37 30 34 -17 31 0 0.09 M M 8.0 14 40 M M 9 128 19 60
20 45 30 38 -12 27 0 0.04 M M 6.1 14 280 M M 7 1 19 110
21 53 35 44 -6 21 0 0.12 M M 5.8 14 50 M M 8 13 19 70
22 75 44 60 10 5 0 1.03 M M 7.9 18 300 M M 9 13 31 80
23 44 37 41 -9 24 0 1.06 M M 12.4 23 330 M M 10 1 33 320
24 42 34 38 -11 27 0 0.00 M M 5.9 13 360 M M 7 15 30
25 39 32 36 -13 29 0 0.00 M M 10.6 17 30 M M 9 23 10
26 34 28 31 -17 34 0 0.01 M M 8.7 16 350 M M 10 1 22 340
27 35 26 31 -17 34 0 0.00 M M 4.5 9 200 M M 6 13 340
28 51 23 37 -11 28 0 0.00 M M 5.3 20 350 M M 0 27 350
29 46 34 40 -7 25 0 0.00 M M 10.5 20 20 M M 6 28 20
30 48 32 40 -7 25 0 0.00 M M 4.9 12 100 M M 6 15 100
31 66 32 49 3 16 0 0.00 M M 14.0 32 310 M M 2 48 300
================================================================================
SM 1819 1173 515 6 2.62 M 247.2 M 131
================================================================================
AV 58.7 37.8 8.0 FASTST M M 4 MAX(MPH)
MISC ----> 36 280 48 300
================================================================================
NOTES:
# LAST OF SEVERAL OCCURRENCES
COLUMN 17 PEAK WIND IN M.P.H.
PRELIMINARY LOCAL CLIMATOLOGICAL DATA (WS FORM: F-6) , PAGE 2
STATION: IOWA CITY IA
MONTH: OCTOBER
YEAR: 2020
LATITUDE: 41 37 N
LONGITUDE: 91 33 W
[TEMPERATURE DATA] [PRECIPITATION DATA] SYMBOLS USED IN COLUMN 16
AVERAGE MONTHLY: 48.3 TOTAL FOR MONTH: 2.62 1 = FOG OR MIST
DPTR FM NORMAL: -3.7 DPTR FM NORMAL: -0.25 2 = FOG REDUCING VISIBILITY
HIGHEST: 83 ON 9 GRTST 24HR 1.61 ON 22-23 TO 1/4 MILE OR LESS
LOWEST: 23 ON 28 3 = THUNDER
SNOW, ICE PELLETS, HAIL 4 = ICE PELLETS
TOTAL MONTH: M 5 = HAIL
GRTST 24HR M ON M 6 = FREEZING RAIN OR DRIZZLE
GRTST DEPTH: M ON M 7 = DUSTSTORM OR SANDSTORM:
VSBY 1/2 MILE OR LESS
8 = SMOKE OR HAZE
[NO. OF DAYS WITH] [WEATHER - DAYS WITH] 9 = BLOWING SNOW
X = TORNADO
MAX 32 OR BELOW: 0 0.01 INCH OR MORE: 9
MAX 90 OR ABOVE: 0 0.10 INCH OR MORE: 4
MIN 32 OR BELOW: 9 0.50 INCH OR MORE: 2
MIN 0 OR BELOW: 0 1.00 INCH OR MORE: 2
[HDD (BASE 65) ]
TOTAL THIS MO. 515 CLEAR (SCALE 0-3) 15
DPTR FM NORMAL 102 PTCLDY (SCALE 4-7) 10
TOTAL FM JUL 1 625 CLOUDY (SCALE 8-10) 6
DPTR FM NORMAL 100
[CDD (BASE 65) ]
TOTAL THIS MO. 6
DPTR FM NORMAL -4 [PRESSURE DATA]
TOTAL FM JAN 1 979 HIGHEST SLP 30.43 ON 26
DPTR FM NORMAL 67 LOWEST SLP 29.54 ON 14
[REMARKS]
#FINAL-10-20#