000
CXUS53 KDVN 011320
CLMIOW
CLIMATE REPORT
NATIONAL WEATHER SERVICE QUAD CITIES IA IL
720 AM CST MON JAN 01 2024
...................................
...THE IOWA CITY IA CLIMATE SUMMARY FOR THE MONTH OF DECEMBER 2023...
CLIMATE NORMAL PERIOD 1991 TO 2020
CLIMATE RECORD PERIOD 9999 TO 9999
WEATHER OBSERVED NORMAL DEPART LAST YEAR`S
VALUE DATE(S) VALUE FROM VALUE
NORMAL
..............................................................
TEMPERATURE (F)
HIGHEST 58 12/07 39 19
12/24
LOWEST 12 12/19 14 -2
AVG. MAXIMUM 44.0 36.3 7.7
AVG. MINIMUM 28.6 20.1 8.5
MEAN 36.3 28.2 8.1
DAYS MAX >= 90 0
DAYS MAX <= 32 0
DAYS MIN <= 32 20
DAYS MIN <= 0 0
PRECIPITATION (INCHES)
TOTALS 2.01 1.45 0.56
DAILY AVG. 0.06 0.05 0.01
DAYS >= .01 13
DAYS >= .10 7
DAYS >= .50 1
DAYS >= 1.00 0
GREATEST
24 HR. TOTAL 0.56 12/24 TO 12/25
DEGREE DAYS
HEATING TOTAL 882 1141 -259
SINCE 7/1 1966 2369 -403
COOLING TOTAL 0 0 0
SINCE 1/1 1144 1044 100
..............................................................
WIND (MPH)
AVERAGE WIND SPEED 7.1
HIGHEST WIND SPEED/DIRECTION 29/310 DATE 12/18
HIGHEST GUST SPEED/DIRECTION 42/330 DATE 12/18
SKY COVER
POSSIBLE SUNSHINE (PERCENT) MM
AVERAGE SKY COVER 0.58
NUMBER OF DAYS FAIR 12
NUMBER OF DAYS PC 2
NUMBER OF DAYS CLOUDY 17
AVERAGE RH (PERCENT) 78
WEATHER CONDITIONS. NUMBER OF DAYS WITH
THUNDERSTORM 0 HAIL 0
SLEET 0 FOG 15
FOG W/VIS <= 1/4 MILE 4 HAZE 0
- INDICATES NEGATIVE NUMBERS.
R INDICATES RECORD WAS SET OR TIED.
MM INDICATES DATA IS MISSING.
T INDICATES TRACE AMOUNT.
$$