000
CXUS53 KDVN 011548
CLSIOW
CLIMATE REPORT
NATIONAL WEATHER SERVICE QUAD CITIES IA IL
1000 AM CST THU DEC 01 2022
...................................
...THE IOWA CITY IA CLIMATE SUMMARY FOR THE SEASON, FROM
9/1/2022 TO 11/30/2022...
CLIMATE NORMAL PERIOD 1991 TO 2020
CLIMATE RECORD PERIOD 9999 TO 9999
WEATHER OBSERVED NORMAL DEPART LAST YEAR`S
VALUE DATE(S) VALUE FROM VALUE
NORMAL
..............................................................
TEMPERATURE (F)
HIGHEST 97 09/20 80 17
LOWEST 11 11/19 23 -12
11/20
AVG. MAXIMUM 65.2 63.6 1.6
AVG. MINIMUM 40.6 42.2 -1.6
MEAN 52.9 52.9 -0.0
DAYS MAX >= 90 3
DAYS MAX <= 32 4
DAYS MIN <= 32 30
DAYS MIN <= 0 0
PRECIPITATION (INCHES)
TOTALS 6.77 8.39 -1.62
DAILY AVG. 0.07 0.09 -0.02
DAYS >= .01 17
DAYS >= .10 11
DAYS >= .50 6
DAYS >= 1.00 3
GREATEST
24 HR. TOTAL 2.18 11/04 TO 11/05
DEGREE DAYS
HEATING TOTAL 1230 1224 6
SINCE 7/1 1230 1230 0
COOLING TOTAL 148 125 23
SINCE 1/1 1192 1044 148
..............................................................
WIND (MPH)
AVERAGE WIND SPEED 7.7
HIGHEST WIND SPEED/DIRECTION 33/300 DATE 10/12
33/280 11/19
HIGHEST GUST SPEED/DIRECTION 50/290 DATE 10/12
SKY COVER
POSSIBLE SUNSHINE (PERCENT) MM
AVERAGE SKY COVER 0.28
NUMBER OF DAYS FAIR 60
NUMBER OF DAYS PC 21
NUMBER OF DAYS CLOUDY 10
AVERAGE RH (PERCENT) 65
WEATHER CONDITIONS. NUMBER OF DAYS WITH
THUNDERSTORM 7 HAIL 0
SLEET 0 FOG 29
FOG W/VIS <= 1/4 MILE 5 HAZE 6
- INDICATES NEGATIVE NUMBERS.
R INDICATES RECORD WAS SET OR TIED.
MM INDICATES DATA IS MISSING.
T INDICATES TRACE AMOUNT.
$$