000
CXUS55 KPSR 011005
CF6IPL
PRELIMINARY LOCAL CLIMATOLOGICAL DATA (WS FORM: F-6)
STATION: IMPERIAL CA
MONTH: JULY
YEAR: 2022
LATITUDE: 32 50 N
LONGITUDE: 115 35 W
TEMPERATURE IN F: :PCPN: SNOW: WIND :SUNSHINE: SKY :PK WND
================================================================================
1 2 3 4 5 6A 6B 7 8 9 10 11 12 13 14 15 16 17 18
12Z AVG MX 2MIN
DY MAX MIN AVG DEP HDD CDD WTR SNW DPTH SPD SPD DIR MIN PSBL S-S WX SPD DR
================================================================================
1 110 80 95 4 0 30 0.00 M M 9.9 24 250 M M 0 8 35 240
2 107 79 93 2 0 28 0.00 M M 14.2 28 260 M M 0 40 260
3 105 78 92 0 0 27 0.00 M M 14.8 24 250 M M 0 35 250
4 102 69 86 -6 0 21 0.00 M M 6.8 18 270 M M 0 26 280
5 103 69 86 -6 0 21 0.00 M M 6.5 16 130 M M 0 8 23 110
6 103 75 89 -3 0 24 0.00 M M 6.3 14 130 M M 0 8 20 130
7 107 77 92 0 0 27 0.00 M M 8.2 18 130 M M 0 8 24 130
8 109 77 93 1 0 28 0.00 M M 7.0 24 270 M M 0 8 35 280
9 109 75 92 0 0 27 0.00 M M 4.6 10 300 M M 0 8 15 160
10 113 78 96 3 0 31 0.00 M M 3.9 14 290 M M 1 19 290
11 113 78 96 3 0 31 0.00 M M 5.3 12 260 M M 1 16 90
12 111 82 97 4 0 32 0.00 M M 7.5 18 140 M M 0 23 140
13 112 82 97 4 0 32 0.00 M M 7.9 18 120 M M 0 25 100
14 109 85 97 4 0 32 0.00 M M 9.1 17 130 M M 0 22 130
15 112 76 94 1 0 29 0.00 M M 6.3 13 260 M M 2 18 80
16 114 88 101 8 0 36 0.00 M M 8.6 18 140 M M 2 22 130
17 112 88 100 6 0 35 0.00 M M 8.1 21 140 M M 1 25 130
18 110 85 98 4 0 33 0.00 M M 9.5 18 120 M M 1 23 130
19 110 82 96 2 0 31 0.00 M M 7.1 17 140 M M 1 8 26 120
20 109 86 98 4 0 33 0.00 M M 8.4 20 140 M M 1 26 140
21 111 83 97 3 0 32 0.00 M M 8.5 22 140 M M 1 28 160
22 113 83 98 4 0 33 0.00 M M 6.5 14 120 M M 2 18 120
23 106 87 97 3 0 32 0.00 M M 11.3 22 130 M M 0 28 130
24 106 81 94 0 0 29 0.00 M M 13.4 23 150 M M 0 30 150
25 103 86 95 1 0 30 T M M 9.0 17 140 M M 1 22 130
26 106 84 95 1 0 30 0.00 M M 7.6 14 90 M M 1 20 120
27 105 86 96 2 0 31 0.00 M M 8.6 17 140 M M 0 25 160
28 107 84 96 2 0 31 0.00 M M 7.4 15 160 M M 1 21 150
29 101 88 95 1 0 30 0.00 M M 11.1 18 130 M M 1 24 120
30 104 83 94 0 0 29 0.00 M M 10.4 28 100 M M 1 8 37 100
31 106 79 93 -1 0 28 0.00 M M 11.1 21 140 M M 0 8 34 130
================================================================================
SM 3348 2513 0 923 T M 264.9 M 18
================================================================================
AV108.0 81.1 8.5 FASTST M M 1 MAX(MPH)
MISC ----> # 28 260 40 260
================================================================================
NOTES:
# LAST OF SEVERAL OCCURRENCES
COLUMN 17 PEAK WIND IN M.P.H.
PRELIMINARY LOCAL CLIMATOLOGICAL DATA (WS FORM: F-6) , PAGE 2
STATION: IMPERIAL CA
MONTH: JULY
YEAR: 2022
LATITUDE: 32 50 N
LONGITUDE: 115 35 W
[TEMPERATURE DATA] [PRECIPITATION DATA] SYMBOLS USED IN COLUMN 16
AVERAGE MONTHLY: 94.5 TOTAL FOR MONTH: T 1 = FOG OR MIST
DPTR FM NORMAL: 1.4 DPTR FM NORMAL: -0.11 2 = FOG REDUCING VISIBILITY
HIGHEST: 114 ON 16 GRTST 24HR T ON 25-25 TO 1/4 MILE OR LESS
LOWEST: 69 ON 5, 4 3 = THUNDER
SNOW, ICE PELLETS, HAIL 4 = ICE PELLETS
TOTAL MONTH: M 5 = HAIL
GRTST 24HR M ON M 6 = FREEZING RAIN OR DRIZZLE
GRTST DEPTH: M ON M 7 = DUSTSTORM OR SANDSTORM:
VSBY 1/2 MILE OR LESS
8 = SMOKE OR HAZE
[NO. OF DAYS WITH] [WEATHER - DAYS WITH] 9 = BLOWING SNOW
X = TORNADO
MAX 32 OR BELOW: 0 0.01 INCH OR MORE: 0
MAX 90 OR ABOVE: 31 0.10 INCH OR MORE: 0
MIN 32 OR BELOW: 0 0.50 INCH OR MORE: 0
MIN 0 OR BELOW: 0 1.00 INCH OR MORE: 0
[HDD (BASE 65) ]
TOTAL THIS MO. 0 CLEAR (SCALE 0-3) 31
DPTR FM NORMAL 0 PTCLDY (SCALE 4-7) 0
TOTAL FM JUL 1 0 CLOUDY (SCALE 8-10) 0
DPTR FM NORMAL 0
[CDD (BASE 65) ]
TOTAL THIS MO. 923
DPTR FM NORMAL 52 [PRESSURE DATA]
TOTAL FM JAN 1 2484 HIGHEST SLP M ON M
DPTR FM NORMAL 256 LOWEST SLP 29.57 ON 22
[REMARKS]
#FINAL-07-22#