000
CXUS51 KCTP 010800
CF6IPT
PRELIMINARY LOCAL CLIMATOLOGICAL DATA (WS FORM: F-6)
STATION: WILLIAMSPORT PA
MONTH: MARCH
YEAR: 2024
LATITUDE: 41 15 N
LONGITUDE: 76 55 W
TEMPERATURE IN F: :PCPN: SNOW: WIND :SUNSHINE: SKY :PK WND
================================================================================
1 2 3 4 5 6A 6B 7 8 9 10 11 12 13 14 15 16 17 18
12Z AVG MX 2MIN
DY MAX MIN AVG DEP HDD CDD WTR SNW DPTH SPD SPD DIR MIN PSBL S-S WX SPD DR
================================================================================
1 50 22 36 2 29 0 0.02 0.0 0 5.5 18 150 M M 0 32 160
2 48 36 42 8 23 0 0.83 T 0 6.9 15 60 M M 10 1 24 60
3 59 42 51 17 14 0 0.00 0.0 0 4.0 12 270 M M 9 1 16 270
4 68 37 53 18 12 0 0.00 0.0 0 6.1 18 100 M M 5 1 29 90
5 54 47 51 16 14 0 0.13 0.0 0 4.9 16 80 M M 10 1 22 100
6 55 49 52 17 13 0 0.25 0.0 0 3.5 10 140 M M 10 18 16 100
7 55 38 47 11 18 0 0.15 0.0 0 7.1 15 300 M M 7 1 20 300
8 56 32 44 8 21 0 0.00 0.0 0 5.2 16 100 M M 3 12 27 120
9 49 39 44 8 21 0 1.11 T 0 9.5 22 140 M M 9 18 38 120
10 46 33 40 4 25 0 0.05 T 0 14.8 33 260 M M 9 18 48 250
11 53 34 44 7 21 0 0.00 0.0 0 17.4 35 300 M M 3 51 340
12 69 31 50 13 15 0 0.00 0.0 0 5.5 20 250 M M 1 28 290
13 73 36 55 17 10 0 0.00 0.0 0 3.6 15 260 M M 1 21 280
14 73 40 57 19 8 0 T 0.0 0 5.4 29 240 M M 1 40 250
15 62 44 53 15 12 0 0.20 0.0 0 6.9 16 340 M M 9 1 22 320
16 60 33 47 8 18 0 0.00 0.0 0 7.9 21 250 M M 0 28 200
17 58 40 49 10 16 0 0.05 0.0 0 12.7 29 310 M M 8 44 300
18 43 34 39 0 26 0 T T 0 12.2 21 300 M M 9 8 31 270
19 43 32 38 -2 27 0 T T 0 10.4 21 260 M M 9 29 250
20 44 26 35 -5 30 0 0.06 T 0 6.5 31 280 M M 7 18 44 300
21 42 24 33 -7 32 0 0.00 0.0 0 10.3 22 320 M M 3 32 330
22 48 22 35 -6 30 0 0.00 0.0 0 7.2 18 100 M M 4 31 140
23 42 28 35 -6 30 0 0.55 0.0 0 9.3 22 330 M M 9 1 33 330
24 46 26 36 -6 29 0 0.00 0.0 0 6.2 16 320 M M 0 28 320
25 58 26 42 0 23 0 0.00 0.0 0 5.6 17 80 M M 0 32 70
26 56 36 46 4 19 0 0.00 0.0 0 7.7 21 130 M M 1 32 120
27 51 45 48 5 17 0 T 0.0 0 6.4 18 110 M M 10 29 170
28 54 39 47 4 18 0 0.00 0.0 0 5.4 15 20 M M 5 1 20 20
29 55 34 45 2 20 0 0.00 0.0 0 12.7 26 300 M M 2 37 310
30 56 34 45 1 20 0 0.16 0.0 0 7.1 16 240 M M 5 1 22 250
31 58 38 48 4 17 0 0.00 0.0 0 4.1 13 250 M M 6 1 17 270
================================================================================
SM 1684 1077 628 0 3.56 T 238.0 M 165
================================================================================
AV 54.3 34.7 7.7 FASTST M M 5 MAX(MPH)
MISC ----> 35 300 51 340
================================================================================
NOTES:
# LAST OF SEVERAL OCCURRENCES
COLUMN 17 PEAK WIND IN M.P.H.
PRELIMINARY LOCAL CLIMATOLOGICAL DATA (WS FORM: F-6) , PAGE 2
STATION: WILLIAMSPORT PA
MONTH: MARCH
YEAR: 2024
LATITUDE: 41 15 N
LONGITUDE: 76 55 W
[TEMPERATURE DATA] [PRECIPITATION DATA] SYMBOLS USED IN COLUMN 16
AVERAGE MONTHLY: 44.5 TOTAL FOR MONTH: 3.56 1 = FOG OR MIST
DPTR FM NORMAL: 5.8 DPTR FM NORMAL: 0.43 2 = FOG REDUCING VISIBILITY
HIGHEST: 73 ON 14,13 GRTST 24HR 1.15 ON 9-10 TO 1/4 MILE OR LESS
LOWEST: 22 ON 22, 1 3 = THUNDER
SNOW, ICE PELLETS, HAIL 4 = ICE PELLETS
TOTAL MONTH: T 5 = HAIL
GRTST 24HR T ON 2- 2 6 = FREEZING RAIN OR DRIZZLE
GRTST DEPTH: 0 7 = DUSTSTORM OR SANDSTORM:
VSBY 1/2 MILE OR LESS
8 = SMOKE OR HAZE
[NO. OF DAYS WITH] [WEATHER - DAYS WITH] 9 = BLOWING SNOW
X = TORNADO
MAX 32 OR BELOW: 0 0.01 INCH OR MORE: 12
MAX 90 OR ABOVE: 0 0.10 INCH OR MORE: 8
MIN 32 OR BELOW: 10 0.50 INCH OR MORE: 3
MIN 0 OR BELOW: 0 1.00 INCH OR MORE: 1
[HDD (BASE 65) ]
TOTAL THIS MO. 628 CLEAR (SCALE 0-3) 12
DPTR FM NORMAL -187 PTCLDY (SCALE 4-7) 8
TOTAL FM JUL 1 4270 CLOUDY (SCALE 8-10) 11
DPTR FM NORMAL -851
[CDD (BASE 65) ]
TOTAL THIS MO. 0
DPTR FM NORMAL 0 [PRESSURE DATA]
TOTAL FM JAN 1 0 HIGHEST SLP 30.61 ON 1
DPTR FM NORMAL 0 LOWEST SLP 29.50 ON 10
[REMARKS]
#FINAL-03-24#