000
CXUS51 KCTP 010800
CF6IPT
PRELIMINARY LOCAL CLIMATOLOGICAL DATA (WS FORM: F-6)
STATION: WILLIAMSPORT PA
MONTH: MARCH
YEAR: 2022
LATITUDE: 41 15 N
LONGITUDE: 76 55 W
TEMPERATURE IN F: :PCPN: SNOW: WIND :SUNSHINE: SKY :PK WND
================================================================================
1 2 3 4 5 6A 6B 7 8 9 10 11 12 13 14 15 16 17 18
12Z AVG MX 2MIN
DY MAX MIN AVG DEP HDD CDD WTR SNW DPTH SPD SPD DIR MIN PSBL S-S WX SPD DR
================================================================================
1 47 31 39 5 26 0 0.27 0.0 T 9.2 18 120 M M 8 31 70
2 50 29 40 6 25 0 0.02 0.0 T 4.9 15 270 M M 2 1 19 260
3 41 21 31 -3 34 0 0.05 0.0 T 12.1 20 300 M M 2 26 350
4 39 15 27 -8 38 0 0.00 0.0 T 2.9 14 270 M M 0 19 290
5 49 23 36 1 29 0 0.00 0.0 T 6.9 20 60 M M 1 35 100
6 75 37 56 21 9 0 T 0.0 T 10.5 28 230 M M 4 41 260
7 64 39 52 16 13 0 0.35 0.0 0 9.1 36 270 M M 8 1 53 250
8 45 30 38 2 27 0 0.00 0.0 0 10.5 26 310 M M 6 33 310
9 36 29 33 -3 32 0 0.45 1.6 0 4.0 17 60 M M 8 12 22 90
10 45 29 37 1 28 0 0.00 0.0 1 1.8 7 340 M M 7 128 9 360
11 55 26 41 4 24 0 0.00 0.0 T 5.8 22 150 M M 3 128 29 160
12 49 19 34 -3 31 0 0.35 6.3 1 14.7 30 290 M M 9 128 41 310
13 30 17 24 -14 41 0 T T 4 10.1 24 280 M M 6 8 34 260
14 55 20 38 0 27 0 0.00 0.0 2 2.7 14 130 M M 2 22 120
15 62 30 46 8 19 0 T 0.0 T 2.7 18 250 M M 3 25 300
16 70 32 51 12 14 0 0.00 0.0 0 5.5 20 160 M M 1 1 25 140
17 61 43 52 13 13 0 0.02 0.0 0 4.7 15 140 M M 5 1 22 160
18 72 39 56 17 9 0 0.06 0.0 0 5.9 17 100 M M 4 12 26 100
19 72 53 63 23 2 0 0.06 0.0 0 12.1 26 160 M M 4 3 38 150
20 53 43 48 8 17 0 T 0.0 0 13.3 23 300 M M 7 34 280
21 64 31 48 8 17 0 0.00 0.0 0 10.4 24 280 M M 3 31 300
22 57 41 49 8 16 0 0.00 0.0 0 5.9 13 290 M M 3 16 330
23 49 39 44 3 21 0 0.06 0.0 0 11.1 25 90 M M 7 18 34 100
24 53 40 47 5 18 0 0.46 0.0 0 5.0 16 110 M M 10 1 20 90
25 51 41 46 4 19 0 0.03 0.0 0 8.3 20 260 M M 9 12 25 270
26 48 37 43 1 22 0 T T 0 11.0 25 250 M M 9 32 270
27 37 22 30 -13 35 0 T T 0 16.0 30 280 M M 9 8 39 300
28 30 20 25 -18 40 0 0.02 T 0 15.9 29 310 M M 9 37 280
29 42 20 31 -12 34 0 0.00 0.0 0 10.5 22 340 M M 3 29 300
30 47 23 35 -9 30 0 0.01 T 0 6.7 18 50 M M 3 4 27 70
31 67 41 54 10 11 0 0.92 0.0 0 10.9 26 270 M M 6 1238 33 240
================================================================================
SM 1615 960 721 0 3.13 7.9 261.1 M 161
================================================================================
AV 52.1 31.0 8.4 FASTST M M 5 MAX(MPH)
MISC ----> 36 270 53 250
================================================================================
NOTES:
# LAST OF SEVERAL OCCURRENCES
COLUMN 17 PEAK WIND IN M.P.H.
PRELIMINARY LOCAL CLIMATOLOGICAL DATA (WS FORM: F-6) , PAGE 2
STATION: WILLIAMSPORT PA
MONTH: MARCH
YEAR: 2022
LATITUDE: 41 15 N
LONGITUDE: 76 55 W
[TEMPERATURE DATA] [PRECIPITATION DATA] SYMBOLS USED IN COLUMN 16
AVERAGE MONTHLY: 41.5 TOTAL FOR MONTH: 3.13 1 = FOG OR MIST
DPTR FM NORMAL: 2.8 DPTR FM NORMAL: -0.00 2 = FOG REDUCING VISIBILITY
HIGHEST: 75 ON 6 GRTST 24HR 0.92 ON 31-31 TO 1/4 MILE OR LESS
LOWEST: 15 ON 4 3 = THUNDER
SNOW, ICE PELLETS, HAIL 4 = ICE PELLETS
TOTAL MONTH: 7.9 INCHES 5 = HAIL
GRTST 24HR 6.3 ON 12-12 6 = FREEZING RAIN OR DRIZZLE
GRTST DEPTH: 4 ON 13 7 = DUSTSTORM OR SANDSTORM:
VSBY 1/2 MILE OR LESS
8 = SMOKE OR HAZE
[NO. OF DAYS WITH] [WEATHER - DAYS WITH] 9 = BLOWING SNOW
X = TORNADO
MAX 32 OR BELOW: 2 0.01 INCH OR MORE: 15
MAX 90 OR ABOVE: 0 0.10 INCH OR MORE: 6
MIN 32 OR BELOW: 19 0.50 INCH OR MORE: 1
MIN 0 OR BELOW: 0 1.00 INCH OR MORE: 0
[HDD (BASE 65) ]
TOTAL THIS MO. 721 CLEAR (SCALE 0-3) 10
DPTR FM NORMAL -94 PTCLDY (SCALE 4-7) 14
TOTAL FM JUL 1 4725 CLOUDY (SCALE 8-10) 7
DPTR FM NORMAL -396
[CDD (BASE 65) ]
TOTAL THIS MO. 0
DPTR FM NORMAL 0 [PRESSURE DATA]
TOTAL FM JAN 1 0 HIGHEST SLP 30.58 ON 4
DPTR FM NORMAL 0 LOWEST SLP 29.33 ON 31
[REMARKS]
#FINAL-03-22#