000
CXUS51 KCTP 010835
CLMIPT
CLIMATE REPORT
NATIONAL WEATHER SERVICE STATE COLLEGE PA
435 AM EDT THU JUN 01 2023
...................................
...THE WILLIAMSPORT PA CLIMATE SUMMARY FOR THE MONTH OF MAY 2023...
CLIMATE NORMAL PERIOD 1991 TO 2020
CLIMATE RECORD PERIOD 1895 TO 2023
WEATHER OBSERVED NORMAL DEPART LAST YEAR`S
VALUE DATE(S) VALUE FROM VALUE DATE(S)
NORMAL
................................................................
TEMPERATURE (F)
RECORD
HIGH 96 05/20/1996
05/19/1996
05/23/1925
LOW 28 05/14/1996
05/05/1966
05/01/1931
HIGHEST 90 05/29 93 05/21
LOWEST 31 05/18 34 05/01
AVG. MAXIMUM 73.5 72.4 1.1 74.9
AVG. MINIMUM 44.2 49.1 -4.9 50.6
MEAN 58.9 60.8 -1.9 62.8
DAYS MAX >= 90 1 1.5 -0.5 3
DAYS MAX <= 32 0 0.0 0.0 0
DAYS MIN <= 32 1 0.6 0.4 0
DAYS MIN <= 0 0 0.0 0.0 0
PRECIPITATION (INCHES)
RECORD
MAXIMUM 9.91 1919
MINIMUM 0.80 1964
TOTALS 0.44R 3.86 -3.42 3.87
DAILY AVG. 0.01 0.12 -0.11 0.12
DAYS >= .01 5 13.7 -8.7 15
DAYS >= .10 2 8.1 -6.1 10
DAYS >= .50 0 2.5 -2.5 2
DAYS >= 1.00 0 0.7 -0.7 1
GREATEST
24 HR. TOTAL 1.71 04/30 TO 04/30 1.39 05/06 TO 05/07
SNOWFALL (INCHES)
RECORDS
TOTAL 0.2 1977
TOTALS 0.0 0.0 0.0 0.0
SINCE 7/1 19.9 35.8 -15.9 MM
SNOWDEPTH AVG. 0 0
DAYS >= 1.0 0 0.0 0.0 0
GREATEST
SNOW DEPTH 0 0 MM
24 HR TOTAL MM MM
DEGREE DAYS
HEATING TOTAL 200 180 20 128
SINCE 7/1 5016 5745 -729 MM
COOLING TOTAL 18 48 -30 68
SINCE 1/1 38 54 -16 MM
................................................................
WIND (MPH)
AVERAGE WIND SPEED 5.1
HIGHEST WIND SPEED/DIRECTION 28/270 DATE 05/01
HIGHEST GUST SPEED/DIRECTION 38/280 DATE 05/01
SKY COVER
POSSIBLE SUNSHINE (PERCENT) MM
AVERAGE SKY COVER 0.23
NUMBER OF DAYS FAIR 22
NUMBER OF DAYS PC 6
NUMBER OF DAYS CLOUDY 3
WEATHER CONDITIONS. NUMBER OF DAYS WITH
THUNDERSTORM 0 MIXED PRECIP 0
HEAVY RAIN 1 RAIN 2
LIGHT RAIN 7 FREEZING RAIN 0
LT FREEZING RAIN 0 HAIL 0
HEAVY SNOW 0 SNOW 0
LIGHT SNOW 0 SLEET 0
FOG 6 FOG W/VIS <= 1/4 MILE 0
HAZE 2
- INDICATES NEGATIVE NUMBERS.
R INDICATES RECORD WAS SET OR TIED.
MM INDICATES DATA IS MISSING.
T INDICATES TRACE AMOUNT.
$$