000
CXUS53 KEAX 010736
CF6IRK
PRELIMINARY LOCAL CLIMATOLOGICAL DATA (WS FORM: F-6)
STATION: KIRKSVILLE MO
MONTH: MARCH
YEAR: 2022
LATITUDE: 40 5 N
LONGITUDE: 92 33 W
TEMPERATURE IN F: :PCPN: SNOW: WIND :SUNSHINE: SKY :PK WND
================================================================================
1 2 3 4 5 6A 6B 7 8 9 10 11 12 13 14 15 16 17 18
12Z AVG MX 2MIN
DY MAX MIN AVG DEP HDD CDD WTR SNW DPTH SPD SPD DIR MIN PSBL S-S WX SPD DR
================================================================================
1 69 36 53 18 12 0 0.00 M M 6.7 14 220 M M 0 20 230
2 78 34 56 20 9 0 0.00 M M 7.8 22 30 M M 0 29 20
3 47 30 39 3 26 0 0.00 M M 12.7 18 50 M M 0 26 40
4 56 28 42 6 23 0 0.00 M M 11.7 17 140 M M 0 22 120
5 69 38 54 17 11 0 0.18 M M 18.6 30 210 M M 7 138 46 260
6 43 29 36 -1 29 0 0.36 M M 10.0 23 270 M M 5 1 33 280
7 31 16 24 -14 41 0 0.06 M M 10.3 20 320 M M 6 16 30 330
8 39 11 25 -13 40 0 0.00 M M 4.7 13 210 M M 1 1 16 210
9 40 24 32 -6 33 0 0.00 M M 9.0 16 30 M M 3 20 30
10 24 17 21 -18 44 0 0.20 M M 11.8 20 30 M M 10 18 26 30
11 31 12 22 -17 43 0 0.01 M M 10.9 21 320 M M 2 1 31 330
12 26 5 16 -24 49 0 0.00 M M 9.0 16 200 M M 1 23 200
13 55 26 41 1 24 0 0.00 M M 10.3 22 220 M M 2 35 220
14 63 39 51 11 14 0 0.00 M M 10.0 21 200 M M 2 36 200
15 64 39 52 11 13 0 0.00 M M 4.1 13 340 M M 4 1 20 340
16 70 36 53 12 12 0 0.00 M M 9.1 22 210 M M 1 34 200
17 73 43 58 16 7 0 0.00 M M 10.2 25 30 M M 1 37 20
18 46 37 42 0 23 0 0.53 M M 16.8 23 20 M M 9 13 34 20
19 56 34 45 3 20 0 0.00 M M 10.3 18 340 M M 3 8 27 330
20 71 39 55 12 10 0 0.00 M M 9.1 20 170 M M 0 26 160
21 73 49 61 18 4 0 0.35 M M 10.6 24 180 M M 3 1 34 180
22 59 45 52 8 13 0 1.00 M M 10.0 23 100 M M 10 1 34 110
23 45 36 41 -3 24 0 0.39 M M 11.2 17 300 M M 10 1 26 310
24 41 33 37 -7 28 0 0.11 M M 8.6 15 310 M M 10 1 22 310
25 53 36 45 0 20 0 0.00 M M 14.5 31 280 M M 4 48 280
26 46 30 38 -7 27 0 0.00 M M 13.1 23 320 M M 0 34 310
27 44 23 34 -12 31 0 0.00 M M 7.7 15 20 M M 2 20 360
28 46 28 37 -9 28 0 0.00 M M 12.1 20 110 M M 4 28 100
29 62 36 49 3 16 0 0.37 M M 16.5 26 130 M M 6 13 34 130
30 56 33 45 -2 20 0 0.64 M M 12.7 22 160 M M 9 13 29 170
31 36 29 33 -14 32 0 0.00 M M 12.3 20 290 M M 10 1 29 310
================================================================================
SM 1612 951 726 0 4.20 M 332.4 M 125
================================================================================
AV 52.0 30.7 10.7 FASTST M M 4 MAX(MPH)
MISC ----> 31 280 48 280
================================================================================
NOTES:
# LAST OF SEVERAL OCCURRENCES
COLUMN 17 PEAK WIND IN M.P.H.
PRELIMINARY LOCAL CLIMATOLOGICAL DATA (WS FORM: F-6) , PAGE 2
STATION: KIRKSVILLE MO
MONTH: MARCH
YEAR: 2022
LATITUDE: 40 5 N
LONGITUDE: 92 33 W
[TEMPERATURE DATA] [PRECIPITATION DATA] SYMBOLS USED IN COLUMN 16
AVERAGE MONTHLY: 41.3 TOTAL FOR MONTH: 4.20 1 = FOG OR MIST
DPTR FM NORMAL: 0.1 DPTR FM NORMAL: 1.58 2 = FOG REDUCING VISIBILITY
HIGHEST: 78 ON 2 GRTST 24HR 1.13 ON 21-22 TO 1/4 MILE OR LESS
LOWEST: 5 ON 12 3 = THUNDER
SNOW, ICE PELLETS, HAIL 4 = ICE PELLETS
TOTAL MONTH: M 5 = HAIL
GRTST 24HR M ON M 6 = FREEZING RAIN OR DRIZZLE
GRTST DEPTH: M ON M 7 = DUSTSTORM OR SANDSTORM:
VSBY 1/2 MILE OR LESS
8 = SMOKE OR HAZE
[NO. OF DAYS WITH] [WEATHER - DAYS WITH] 9 = BLOWING SNOW
X = TORNADO
MAX 32 OR BELOW: 4 0.01 INCH OR MORE: 12
MAX 90 OR ABOVE: 0 0.10 INCH OR MORE: 10
MIN 32 OR BELOW: 14 0.50 INCH OR MORE: 3
MIN 0 OR BELOW: 0 1.00 INCH OR MORE: 1
[HDD (BASE 65) ]
TOTAL THIS MO. 726 CLEAR (SCALE 0-3) 17
DPTR FM NORMAL -13 PTCLDY (SCALE 4-7) 7
TOTAL FM JUL 1 4855 CLOUDY (SCALE 8-10) 7
DPTR FM NORMAL -327
[CDD (BASE 65) ]
TOTAL THIS MO. 0
DPTR FM NORMAL -1 [PRESSURE DATA]
TOTAL FM JAN 1 0 HIGHEST SLP M ON M
DPTR FM NORMAL -1 LOWEST SLP 29.35 ON 30
[REMARKS]
#FINAL-03-22#