000
CXUS51 KOKX 011010
CF6ISP
PRELIMINARY LOCAL CLIMATOLOGICAL DATA (WS FORM: F-6)
STATION: ISLIP NY
MONTH: JANUARY
YEAR: 2023
LATITUDE: 40 47 N
LONGITUDE: 73 6 W
TEMPERATURE IN F: :PCPN: SNOW: WIND :SUNSHINE: SKY :PK WND
================================================================================
1 2 3 4 5 6A 6B 7 8 9 10 11 12 13 14 15 16 17 18
12Z AVG MX 2MIN
DY MAX MIN AVG DEP HDD CDD WTR SNW DPTH SPD SPD DIR MIN PSBL S-S WX SPD DR
================================================================================
1 55 36 46 12 19 0 0.05 0.0 0 8.7 21 300 M M 5 1 28 300
2 54 35 45 12 20 0 T 0.0 0 3.0 10 230 M M 7 12 220
3 54 46 50 17 15 0 0.39 0.0 0 7.8 15 210 M M 10 1 20 210
4 65 49 57 24 8 0 0.03 0.0 0 6.3 13 220 M M 9 12 15 220
5 52 43 48 15 17 0 0.02 0.0 0 6.5 13 340 M M 10 12 15 340
6 47 40 44 11 21 0 0.16 0.0 0 5.8 20 330 M M 9 13 23 330
7 47 34 41 8 24 0 T 0.0 0 7.3 15 300 M M 7 20 290
8 39 30 35 3 30 0 0.00 0.0 0 5.4 16 360 M M 4 21 10
9 45 30 38 6 27 0 0.01 0.0 0 6.2 16 340 M M 5 20 330
10 44 27 36 4 29 0 0.00 0.0 0 6.4 15 280 M M 7 18 300
11 41 33 37 5 28 0 0.00 0.0 0 7.0 13 50 M M 8 16 20
12 56 37 47 15 18 0 0.31 0.0 0 11.8 23 180 M M 10 13 31 180
13 57 37 47 15 18 0 0.20 0.0 0 15.7 28 190 M M 10 1 38 180
14 37 31 34 2 31 0 T T 0 17.9 28 350 M M 10 34 360
15 42 30 36 4 29 0 T T 0 18.3 28 350 M M 9 36 350
16 44 30 37 5 28 0 0.00 0.0 0 14.7 28 330 M M 6 35 340
17 45 26 36 4 29 0 0.01 0.0 0 6.1 15 310 M M 6 19 310
18 55 37 46 15 19 0 0.01 0.0 0 13.0 30 300 M M 5 36 300
19 48 32 40 9 25 0 1.06 0.0 0 7.2 24 30 M M 7 13 29 40
20 50 38 44 13 21 0 T 0.0 0 10.6 24 290 M M 7 36 300
21 40 35 38 7 27 0 0.00 0.0 0 7.5 17 340 M M 8 21 330
22 41 34 38 7 27 0 0.66 0.0 0 4.3 13 30 M M 10 1 15 30
23 40 35 38 7 27 0 0.55 T 0 13.9 24 290 M M 10 1 32 310
24 47 34 41 10 24 0 0.00 0.0 0 12.9 24 290 M M 7 32 290
25 55 27 41 10 24 0 1.11 0.0 0 10.2 28 170 M M 7 1 39 160
26 55 39 47 16 18 0 0.33 0.0 0 17.3 30 260 M M 9 1 39 270
27 44 28 36 5 29 0 0.01 T 0 6.0 16 220 M M 5 8 20 200
28 52 26 39 8 26 0 0.00 0.0 0 10.0 25 270 M M 5 30 240
29 49 30 40 9 25 0 T 0.0 0 8.1 20 190 M M 7 12 26 180
30 54 34 44 13 21 0 0.00 0.0 0 4.8 14 220 M M 4 1 18 220
31 43 31 37 6 28 0 0.06 T 0 8.6 17 340 M M 10 14 22 340
================================================================================
SM 1497 1054 732 0 4.97 T 289.3 M 233
================================================================================
AV 48.3 34.0 9.3 FASTST M M 8 MAX(MPH)
MISC ----> # 30 300 # 39 160
================================================================================
NOTES:
# LAST OF SEVERAL OCCURRENCES
COLUMN 17 PEAK WIND IN M.P.H.
PRELIMINARY LOCAL CLIMATOLOGICAL DATA (WS FORM: F-6) , PAGE 2
STATION: ISLIP NY
MONTH: JANUARY
YEAR: 2023
LATITUDE: 40 47 N
LONGITUDE: 73 6 W
[TEMPERATURE DATA] [PRECIPITATION DATA] SYMBOLS USED IN COLUMN 16
AVERAGE MONTHLY: 41.1 TOTAL FOR MONTH: 4.97 1 = FOG OR MIST
DPTR FM NORMAL: 9.2 DPTR FM NORMAL: 1.31 2 = FOG REDUCING VISIBILITY
HIGHEST: 65 ON 4 GRTST 24HR 1.33 ON 25-26 TO 1/4 MILE OR LESS
LOWEST: 26 ON 28,17 3 = THUNDER
SNOW, ICE PELLETS, HAIL 4 = ICE PELLETS
TOTAL MONTH: T 5 = HAIL
GRTST 24HR T ON 14-14 6 = FREEZING RAIN OR DRIZZLE
GRTST DEPTH: 0 7 = DUSTSTORM OR SANDSTORM:
VSBY 1/2 MILE OR LESS
8 = SMOKE OR HAZE
[NO. OF DAYS WITH] [WEATHER - DAYS WITH] 9 = BLOWING SNOW
X = TORNADO
MAX 32 OR BELOW: 0 0.01 INCH OR MORE: 17
MAX 90 OR ABOVE: 0 0.10 INCH OR MORE: 9
MIN 32 OR BELOW: 13 0.50 INCH OR MORE: 4
MIN 0 OR BELOW: 0 1.00 INCH OR MORE: 2
[HDD (BASE 65) ]
TOTAL THIS MO. 732 CLEAR (SCALE 0-3) 0
DPTR FM NORMAL -294 PTCLDY (SCALE 4-7) 18
TOTAL FM JUL 1 2391 CLOUDY (SCALE 8-10) 13
DPTR FM NORMAL -442
[CDD (BASE 65) ]
TOTAL THIS MO. 0
DPTR FM NORMAL 0 [PRESSURE DATA]
TOTAL FM JAN 1 0 HIGHEST SLP M ON M
DPTR FM NORMAL 0 LOWEST SLP 29.38 ON 26
[REMARKS]
#FINAL-01-23#