615
CXUS51 KOKX 010702
CF6ISP
PRELIMINARY LOCAL CLIMATOLOGICAL DATA (WS FORM: F-6)
STATION: ISLIP NY
MONTH: JUNE
YEAR: 2020
LATITUDE: 40 47 N
LONGITUDE: 73 6 W
TEMPERATURE IN F: :PCPN: SNOW: WIND :SUNSHINE: SKY :PK WND
================================================================================
1 2 3 4 5 6A 6B 7 8 9 10 11 12 13 14 15 16 17 18
12Z AVG MX 2MIN
DY MAX MIN AVG DEP HDD CDD WTR SNW DPTH SPD SPD DIR MIN PSBL S-S WX SPD DR
================================================================================
1 69 44 57 -7 8 0 T M 0 6.1 14 220 M M 5 20 260
2 73 53 63 -1 2 0 T 0.0 0 7.2 12 210 M M 9 M M
3 80 61 71 7 0 6 0.34 0.0 0 9.3 32 290 M M 7 13 43 280
4 84 61 73 8 0 8 0.00 0.0 0 8.5 15 230 M M 8 2 21 230
5 79 65 72 7 0 7 0.33 0.0 0 9.4 21 240 M M 10 1 27 240
6 82 65 74 8 0 9 0.11 0.0 0 7.4 17 220 M M 7 123 21 220
7 76 57 67 1 0 2 0.00 0.0 0 12.7 25 330 M M 3 32 330
8 79 55 67 1 0 2 0.00 0.0 0 8.2 16 210 M M 5 23 310
9 83 57 70 4 0 5 0.00 0.0 0 8.9 20 230 M M 4 25 220
10 79 64 72 5 0 7 0.00 0.0 0 8.4 16 190 M M 7 23 200
11 72 66 69 2 0 4 0.32 0.0 0 14.5 25 210 M M 9 13 38 200
12 84 66 75 7 0 10 0.00 0.0 0 8.4 18 180 M M 6 12 25 320
13 73 58 66 -2 0 1 0.00 0.0 0 11.0 18 10 M M 4 23 360
14 71 53 62 -6 3 0 0.00 0.0 0 7.9 16 20 M M 2 21 10
15 75 54 65 -3 0 0 0.00 0.0 0 8.5 16 60 M M 6 22 60
16 77 54 66 -3 0 1 0.00 0.0 0 8.8 18 110 M M 4 29 50
17 76 56 66 -3 0 1 0.00 0.0 0 8.3 17 130 M M 7 1 20 100
18 76 61 69 0 0 4 0.00 0.0 0 6.3 14 160 M M 10 12 17 150
19 79 65 72 2 0 7 0.00 0.0 0 7.7 14 180 M M 7 1 22 200
20 82 65 74 4 0 9 0.00 0.0 0 7.3 12 200 M M 8 M M
21 84 65 75 5 0 10 0.00 0.0 0 6.8 14 230 M M 7 1 19 190
22 88 68 78 8 0 13 0.00 0.0 0 7.6 15 210 M M 4 19 230
23 82 70 76 5 0 11 0.00 0.0 0 8.6 16 200 M M 4 21 170
24 88 70 79 8 0 14 0.00 0.0 0 8.6 20 260 M M 6 32 240
25 85 65 75 4 0 10 0.00 0.0 0 7.2 16 210 M M 6 20 210
26 86 67 77 5 0 12 0.00 0.0 0 7.2 17 210 M M 3 1 23 230
27 80 65 73 1 0 8 0.46 0.0 0 6.0 18 200 M M 7 1 25 200
28 85 68 77 5 0 12 0.00 0.0 0 4.9 15 190 M M 6 13 19 200
29 85 67 76 4 0 11 T 0.0 0 7.9 16 40 M M 5 21 320
30 77 65 71 -1 0 6 T 0.0 0 5.3 15 100 M M 6 3 20 70
================================================================================
SM 2389 1850 13 190 1.56 0.0 244.9 M 182
================================================================================
AV 79.6 61.7 8.2 FASTST M M 6 MAX(MPH)
MISC ----> # 32 290 # 43 280
================================================================================
NOTES:
# LAST OF SEVERAL OCCURRENCES
COLUMN 17 PEAK WIND IN M.P.H.
PRELIMINARY LOCAL CLIMATOLOGICAL DATA (WS FORM: F-6) , PAGE 2
STATION: ISLIP NY
MONTH: JUNE
YEAR: 2020
LATITUDE: 40 47 N
LONGITUDE: 73 6 W
[TEMPERATURE DATA] [PRECIPITATION DATA] SYMBOLS USED IN COLUMN 16
AVERAGE MONTHLY: 70.7 TOTAL FOR MONTH: 1.56 1 = FOG OR MIST
DPTR FM NORMAL: 2.2 DPTR FM NORMAL: -2.71 2 = FOG REDUCING VISIBILITY
HIGHEST: 88 ON 24,22 GRTST 24HR 0.46 ON 27-27 TO 1/4 MILE OR LESS
LOWEST: 44 ON 1 3 = THUNDER
SNOW, ICE PELLETS, HAIL 4 = ICE PELLETS
TOTAL MONTH: 0.0 INCH 5 = HAIL
GRTST 24HR 0.0 6 = FREEZING RAIN OR DRIZZLE
GRTST DEPTH: 0 7 = DUSTSTORM OR SANDSTORM:
VSBY 1/2 MILE OR LESS
8 = SMOKE OR HAZE
[NO. OF DAYS WITH] [WEATHER - DAYS WITH] 9 = BLOWING SNOW
X = TORNADO
MAX 32 OR BELOW: 0 0.01 INCH OR MORE: 5
MAX 90 OR ABOVE: 0 0.10 INCH OR MORE: 5
MIN 32 OR BELOW: 0 0.50 INCH OR MORE: 0
MIN 0 OR BELOW: 0 1.00 INCH OR MORE: 0
[HDD (BASE 65) ]
TOTAL THIS MO. 13 CLEAR (SCALE 0-3) 2
DPTR FM NORMAL -25 PTCLDY (SCALE 4-7) 23
TOTAL FM JUL 1 4827 CLOUDY (SCALE 8-10) 5
DPTR FM NORMAL -601
[CDD (BASE 65) ]
TOTAL THIS MO. 190
DPTR FM NORMAL 50 [PRESSURE DATA]
TOTAL FM JAN 1 205 HIGHEST SLP M ON M
DPTR FM NORMAL 41 LOWEST SLP 29.62 ON 24
[REMARKS]
#FINAL-06-20#