000
CXUS53 KIWX 010810
CF6IWX
PRELIMINARY LOCAL CLIMATOLOGICAL DATA (WS FORM: F-6)
STATION: NORTH WEBSTER WFO
MONTH: OCTOBER
YEAR: 2021
LATITUDE: 41 21 N
LONGITUDE: 85 42 W
TEMPERATURE IN F: :PCPN: SNOW: WIND :SUNSHINE: SKY :PK WND
================================================================================
1 2 3 4 5 6A 6B 7 8 9 10 11 12 13 14 15 16 17 18
12Z AVG MX 2MIN
DY MAX MIN AVG DEP HDD CDD WTR SNW DPTH SPD SPD DIR MIN PSBL S-S WX SPD DR
================================================================================
1 79 54 67 8 0 2 0.00 0.0 0 M M M M M M M M
2 70 58 64 5 1 0 0.57 0.0 0 M M M M M M M M
3 76 62 69 11 0 4 0.68 0.0 0 M M M M M M 13 M M
4 73 62 68 10 0 3 0.12 0.0 0 M M M M M M 1 M M
5 73 61 67 9 0 2 0.05 0.0 0 M M M M M M 1 M M
6 68 61 65 8 0 0 0.01 0.0 0 M M M M M M 1 M M
7 76 63 70 13 0 5 0.11 0.0 0 M M M M M M M M
8 77 59 68 12 0 3 0.18 0.0 0 M M M M M M M M
9 77 57 67 11 0 2 0.00 0.0 0 M M M M M M M M
10 81 66 74 18 0 9 0.03 0.0 0 M M M M M M M M
11 80 63 72 17 0 7 0.44 0.0 0 M M M M M M M M
12 68 59 64 9 1 0 0.03 0.0 0 M M M M M M M M
13 75 54 65 11 0 0 0.06 0.0 0 M M M M M M M M
14 78 60 69 15 0 4 0.32 0.0 0 M M M M M M 1 M M
15 61 53 57 3 8 0 0.96 0.0 0 M M M M M M 1 M M
16 54 45 50 -3 15 0 0.07 0.0 0 M M M M M M M M
17 64 42 53 0 12 0 0.00 0.0 0 M M M M M M M M
18 70 42 56 4 9 0 0.00 0.0 0 M M M M M M M M
19 73 52 63 11 2 0 0.00 0.0 0 M M M M M M M M
20 72 47 60 8 5 0 T 0.0 0 M M M M M M M M
21 62 47 55 4 10 0 0.06 0.0 0 M M M M M M 3 M M
22 49 38 44 -7 21 0 0.03 0.0 0 M M M M M M M M
23 56 38 47 -3 18 0 T 0.0 0 M M M M M M 1 M M
24 48 36 42 -8 23 0 1.80 0.0 0 M M M M M M M M
25 47 44 46 -4 19 0 1.18 0.0 0 M M M M M M M M
26 55 37 46 -3 19 0 0.00 0.0 0 M M M M M M M M
27 54 33 44 -5 21 0 0.00 0.0 0 M M M M M M M M
28 58 48 53 5 12 0 0.15 0.0 0 M M M M M M M M
29 55 51 53 5 12 0 0.68 0.0 0 M M M M M M M M
30 52 46 49 1 16 0 0.06 0.0 0 M M M M M M M M
31 56 38 47 0 18 0 0.00 0.0 0 M M M M M M M M
================================================================================
SM 2037 1576 242 41 7.59 0.0 M M M
================================================================================
AV 65.7 50.8 M FASTST M M M MAX(MPH)
MISC ----> M M M M
================================================================================
NOTES:
# LAST OF SEVERAL OCCURRENCES
COLUMN 17 PEAK WIND IN M.P.H.
PRELIMINARY LOCAL CLIMATOLOGICAL DATA (WS FORM: F-6) , PAGE 2
STATION: NORTH WEBSTER WFO
MONTH: OCTOBER
YEAR: 2021
LATITUDE: 41 21 N
LONGITUDE: 85 42 W
[TEMPERATURE DATA] [PRECIPITATION DATA] SYMBOLS USED IN COLUMN 16
AVERAGE MONTHLY: 58.3 TOTAL FOR MONTH: 7.59 1 = FOG OR MIST
DPTR FM NORMAL: 5.1 DPTR FM NORMAL: 4.51 2 = FOG REDUCING VISIBILITY
HIGHEST: 81 ON 10 GRTST 24HR 1.80 ON 24-24 TO 1/4 MILE OR LESS
LOWEST: 33 ON 27 3 = THUNDER
SNOW, ICE PELLETS, HAIL 4 = ICE PELLETS
TOTAL MONTH: 0.0 INCH 5 = HAIL
GRTST 24HR 0.0 6 = FREEZING RAIN OR DRIZZLE
GRTST DEPTH: 0 7 = DUSTSTORM OR SANDSTORM:
VSBY 1/2 MILE OR LESS
8 = SMOKE OR HAZE
[NO. OF DAYS WITH] [WEATHER - DAYS WITH] 9 = BLOWING SNOW
X = TORNADO
MAX 32 OR BELOW: 0 0.01 INCH OR MORE: 21
MAX 90 OR ABOVE: 0 0.10 INCH OR MORE: 12
MIN 32 OR BELOW: 0 0.50 INCH OR MORE: 6
MIN 0 OR BELOW: 0 1.00 INCH OR MORE: 2
[HDD (BASE 65) ]
TOTAL THIS MO. 242 CLEAR (SCALE 0-3) 0
DPTR FM NORMAL -135 PTCLDY (SCALE 4-7) 0
TOTAL FM JUL 1 289 CLOUDY (SCALE 8-10) 31
DPTR FM NORMAL -211
[CDD (BASE 65) ]
TOTAL THIS MO. 41
DPTR FM NORMAL 30 [PRESSURE DATA]
TOTAL FM JAN 1 927 HIGHEST SLP M ON M
DPTR FM NORMAL 183 LOWEST SLP M ON M
[REMARKS]
#FINAL-10-21#