000
CXUS55 KRIW 011010
CF6JAC
PRELIMINARY LOCAL CLIMATOLOGICAL DATA (WS FORM: F-6)
STATION: JACKSON WY
MONTH: SEPTEMBER
YEAR: 2022
LATITUDE: 43 35 N
LONGITUDE: 110 44 W
TEMPERATURE IN F: :PCPN: SNOW: WIND :SUNSHINE: SKY :PK WND
================================================================================
1 2 3 4 5 6A 6B 7 8 9 10 11 12 13 14 15 16 17 18
12Z AVG MX 2MIN
DY MAX MIN AVG DEP HDD CDD WTR SNW DPTH SPD SPD DIR MIN PSBL S-S WX SPD DR
================================================================================
1 88 42 65 9 0 0 T M M 6.1 21 250 M M 1 35 270
2 87 42 65 9 0 0 0.00 M M 4.6 10 10 M M 0 M M
3 90 41 66 10 0 1 0.00 M M 5.3 12 20 M M 0 M M
4 90 41 66 10 0 1 0.00 M M 8.3 29 240 M M 0 38 240
5 88 43 66 11 0 1 0.00 M M 6.2 14 270 M M 0 8 32 240
6 90 39 65 10 0 0 0.00 M M 5.5 14 300 M M 2 8 21 300
7 89 42 66 11 0 1 T M M 6.1 16 290 M M 0 44 260
8 81 49 65 11 0 0 T M M 11.7 25 230 M M 2 8 47 240
9 68 42 55 1 10 0 0.00 M M 9.9 16 10 M M 0 29 300
10 71 30 51 -3 14 0 0.00 M M 5.2 13 20 M M 0 M M
11 80 29 55 2 10 0 0.00 M M 5.2 13 300 M M 0 M M
12 81 34 58 5 7 0 0.00 M M 3.5 10 10 M M 0 8 M M
13 72 33 53 1 12 0 T M M 5.2 20 160 M M 3 M M
14 65 45 55 3 10 0 0.01 M M 3.2 12 10 M M 7 1 M M
15 67 38 53 1 12 0 T M M 5.4 15 290 M M 6 1 M M
16 57 39 48 -3 17 0 M M M 5.8 14 200 M M 7 1 M M
17 60 38 49 -2 16 0 M M M 4.2 20 160 M M 6 1 28 160
18 70 36 53 2 12 0 0.00 M M 3.7 14 30 M M 4 12 M M
19 75 33 54 4 11 0 0.00 M M 8.2 21 210 M M 0 31 210
20 77 31 54 4 11 0 0.00 M M 5.4 15 140 M M 2 M M
21 74 36 55 6 10 0 0.00 M M 6.6 30 210 M M 5 13 37 210
22 54 42 48 -1 17 0 0.00 M M 10.7 24 180 M M 9 13 35 230
23 64 35 50 1 15 0 0.00 M M 12.1 21 200 M M 3 27 200
24 69 30 50 2 15 0 0.00 M M 6.1 12 280 M M 0 21 290
25 74 32 53 5 12 0 0.00 M M 2.9 7 10 M M 0 M M
26 77 34 56 9 9 0 0.00 M M 3.9 9 20 M M 0 M M
27 76 35 56 9 9 0 0.00 M M 4.4 9 220 M M 0 M M
28 77 31 54 7 11 0 0.00 M M 5.6 21 300 M M 1 40 230
29 68 41 55 9 10 0 T M M 5.9 16 160 M M 6 3 21 190
30 61 34 48 2 17 0 M M M 5.6 17 210 M M 5 12 30 190
================================================================================
SM 2240 1117 267 4 0.01 M 182.5 M 69
================================================================================
AV 74.7 37.2 6.1 FASTST M M 2 MAX(MPH)
MISC ----> 30 210 47 240
================================================================================
NOTES:
# LAST OF SEVERAL OCCURRENCES
COLUMN 17 PEAK WIND IN M.P.H.
PRELIMINARY LOCAL CLIMATOLOGICAL DATA (WS FORM: F-6) , PAGE 2
STATION: JACKSON WY
MONTH: SEPTEMBER
YEAR: 2022
LATITUDE: 43 35 N
LONGITUDE: 110 44 W
[TEMPERATURE DATA] [PRECIPITATION DATA] SYMBOLS USED IN COLUMN 16
AVERAGE MONTHLY: 56.0 TOTAL FOR MONTH: 0.01 1 = FOG OR MIST
DPTR FM NORMAL: 4.5 DPTR FM NORMAL: -1.43 2 = FOG REDUCING VISIBILITY
HIGHEST: 90 ON 6, 4 GRTST 24HR 0.01 ON 14-15 TO 1/4 MILE OR LESS
LOWEST: 29 ON 11 3 = THUNDER
SNOW, ICE PELLETS, HAIL 4 = ICE PELLETS
TOTAL MONTH: M 5 = HAIL
GRTST 24HR M ON M 6 = FREEZING RAIN OR DRIZZLE
GRTST DEPTH: M ON M 7 = DUSTSTORM OR SANDSTORM:
VSBY 1/2 MILE OR LESS
8 = SMOKE OR HAZE
[NO. OF DAYS WITH] [WEATHER - DAYS WITH] 9 = BLOWING SNOW
X = TORNADO
MAX 32 OR BELOW: 0 0.01 INCH OR MORE: 1
MAX 90 OR ABOVE: 3 0.10 INCH OR MORE: 0
MIN 32 OR BELOW: 6 0.50 INCH OR MORE: 0
MIN 0 OR BELOW: 0 1.00 INCH OR MORE: 0
[HDD (BASE 65) ]
TOTAL THIS MO. 267 CLEAR (SCALE 0-3) 21
DPTR FM NORMAL -141 PTCLDY (SCALE 4-7) 8
TOTAL FM JUL 1 364 CLOUDY (SCALE 8-10) 1
DPTR FM NORMAL -327
[CDD (BASE 65) ]
TOTAL THIS MO. 4
DPTR FM NORMAL 4 [PRESSURE DATA]
TOTAL FM JAN 1 56 HIGHEST SLP 30.49 ON 25
DPTR FM NORMAL 13 LOWEST SLP 29.85 ON 18
[REMARKS]
#FINAL-09-22#