000
CXUS54 KJAN 011414
CF6JAN
PRELIMINARY LOCAL CLIMATOLOGICAL DATA (WS FORM: F-6)
STATION: JACKSON
MONTH: JULY
YEAR: 2020
LATITUDE: 32 19 N
LONGITUDE: 90 5 W
TEMPERATURE IN F: :PCPN: SNOW: WIND :SUNSHINE: SKY :PK WND
================================================================================
1 2 3 4 5 6A 6B 7 8 9 10 11 12 13 14 15 16 17 18
12Z AVG MX 2MIN
DY MAX MIN AVG DEP HDD CDD WTR SNW DPTH SPD SPD DIR MIN PSBL S-S WX SPD DR
================================================================================
1 91 72 82 1 0 17 0.43 0.0 0 6.9 22 70 M M 5 138 34 80
2 89 71 80 -1 0 15 1.11 0.0 0 3.0 21 70 M M 6 13 28 70
3 92 69 81 0 0 16 0.00 0.0 0 3.4 10 350 M M 4 13 15 300
4 90 73 82 1 0 17 0.42 0.0 0 4.5 17 340 M M 7 138 23 340
5 91 71 81 0 0 16 0.00 0.0 0 3.5 21 30 M M 6 12 31 40
6 89 72 81 0 0 16 1.43 0.0 0 2.0 18 30 M M 5 123 26 40
7 87 74 81 -1 0 16 0.28 0.0 0 2.8 18 20 M M 7 123 26 30
8 83 74 79 -3 0 14 0.25 0.0 0 5.3 16 350 M M 6 13 21 350
9 93 74 84 2 0 19 0.00 0.0 0 5.2 13 260 M M 6 18 19 250
10 95 78 87 5 0 22 0.00 0.0 0 5.5 17 310 M M 5 25 290
11 95 74 85 3 0 20 0.00 0.0 0 2.3 8 360 M M 2 12 12 310
12 97 77 87 5 0 22 0.00 0.0 0 5.7 16 270 M M 3 22 320
13 96 75 86 4 0 21 0.00 0.0 0 2.0 10 10 M M 2 13 10
14 96 76 86 4 0 21 0.00 0.0 0 2.9 12 110 M M 4 3 15 110
15 95 75 85 3 0 20 0.00 0.0 0 5.6 24 110 M M 2 3 32 120
16 94 73 84 2 0 19 0.00 0.0 0 5.6 14 120 M M 3 19 120
17 94 72 83 1 0 18 0.07 0.0 0 3.6 15 150 M M 4 13 18 160
18 95 74 85 3 0 20 0.00 0.0 0 2.9 12 130 M M 2 16 110
19 96 73 85 3 0 20 0.00 0.0 0 3.3 14 160 M M 3 17 160
20 96 75 86 4 0 21 0.00 0.0 0 4.0 13 110 M M 3 19 140
21 96 74 85 3 0 20 T 0.0 0 4.3 24 160 M M 3 3 31 130
22 95 75 85 3 0 20 0.00 0.0 0 3.5 18 150 M M 3 24 150
23 95 74 85 3 0 20 0.03 0.0 0 6.4 16 90 M M 3 3 22 100
24 89 75 82 0 0 17 0.25 0.0 0 7.1 25 140 M M 5 138 35 140
25 89 74 82 0 0 17 0.23 0.0 0 6.9 21 170 M M 5 13 26 170
26 88 73 81 -1 0 16 0.07 0.0 0 2.8 14 170 M M 5 1 16 170
27 86 74 80 -2 0 15 0.17 0.0 0 2.2 18 50 M M 4 1 24 40
28 88 73 81 -1 0 16 T 0.0 0 3.5 16 160 M M 6 1 20 140
29 92 75 84 2 0 19 T 0.0 0 8.1 15 220 M M 6 1 19 220
30 92 75 84 2 0 19 0.00 0.0 0 8.1 16 240 M M 4 24 230
31 94 72 83 1 0 18 0.20 0.0 0 9.4 25 290 M M 3 138 38 280
================================================================================
SM 2858 2286 0 567 4.94 0.0 142.3 M 132
================================================================================
AV 92.2 73.7 4.6 FASTST M M 4 MAX(MPH)
MISC ----> # 25 140 # 38 280
================================================================================
NOTES:
# LAST OF SEVERAL OCCURRENCES
COLUMN 17 PEAK WIND IN M.P.H.
PRELIMINARY LOCAL CLIMATOLOGICAL DATA (WS FORM: F-6) , PAGE 2
STATION: JACKSON
MONTH: JULY
YEAR: 2020
LATITUDE: 32 19 N
LONGITUDE: 90 5 W
[TEMPERATURE DATA] [PRECIPITATION DATA] SYMBOLS USED IN COLUMN 16
AVERAGE MONTHLY: 83.0 TOTAL FOR MONTH: 4.94 1 = FOG OR MIST
DPTR FM NORMAL: 1.4 DPTR FM NORMAL: 0.13 2 = FOG REDUCING VISIBILITY
HIGHEST: 97 ON 12 GRTST 24HR 1.43 ON 6- 6 TO 1/4 MILE OR LESS
LOWEST: 69 ON 3 3 = THUNDER
SNOW, ICE PELLETS, HAIL 4 = ICE PELLETS
TOTAL MONTH: 0.0 INCH 5 = HAIL
GRTST 24HR 0.0 6 = FREEZING RAIN OR DRIZZLE
GRTST DEPTH: 0 7 = DUSTSTORM OR SANDSTORM:
VSBY 1/2 MILE OR LESS
8 = SMOKE OR HAZE
[NO. OF DAYS WITH] [WEATHER - DAYS WITH] 9 = BLOWING SNOW
X = TORNADO
MAX 32 OR BELOW: 0 0.01 INCH OR MORE: 13
MAX 90 OR ABOVE: 22 0.10 INCH OR MORE: 10
MIN 32 OR BELOW: 0 0.50 INCH OR MORE: 2
MIN 0 OR BELOW: 0 1.00 INCH OR MORE: 2
[HDD (BASE 65) ]
TOTAL THIS MO. 0 CLEAR (SCALE 0-3) 9
DPTR FM NORMAL 0 PTCLDY (SCALE 4-7) 22
TOTAL FM JUL 1 0 CLOUDY (SCALE 8-10) 0
DPTR FM NORMAL 0
[CDD (BASE 65) ]
TOTAL THIS MO. 567
DPTR FM NORMAL 52 [PRESSURE DATA]
TOTAL FM JAN 1 1451 HIGHEST SLP M ON M
DPTR FM NORMAL 156 LOWEST SLP 29.79 ON 12
[REMARKS]
#FINAL-07-20#