000
CXUS52 KJAX 071451
CF6JAX
PRELIMINARY LOCAL CLIMATOLOGICAL DATA (WS FORM: F-6)
STATION: JACKSONVILLE
MONTH: SEPTEMBER
YEAR: 2022
LATITUDE: 30 30 N
LONGITUDE: 81 42 W
TEMPERATURE IN F: :PCPN: SNOW: WIND :SUNSHINE: SKY :PK WND
================================================================================
1 2 3 4 5 6A 6B 7 8 9 10 11 12 13 14 15 16 17 18
12Z AVG MX 2MIN
DY MAX MIN AVG DEP HDD CDD WTR SNW DPTH SPD SPD DIR MIN PSBL S-S WX SPD DR
================================================================================
1 90 72 81 0 0 16 0.37 0.0 0 3.5 24 150 M M 8 13 33 150
2 90 71 81 0 0 16 0.01 0.0 0 5.7 18 140 M M 7 13 26 140
3 86 73 80 -1 0 15 T 0.0 0 6.1 20 80 M M 6 3 24 90
4 89 72 81 0 0 16 0.23 0.0 0 4.5 18 250 M M 8 13 26 130
5 94 72 83 2 0 18 0.00 0.0 0 3.7 13 110 M M 8 16 130
6 95 74 85 5 0 20 0.77 0.0 0 2.7 30 260 M M 6 13 40 270
7 92 74 83 3 0 18 0.00 0.0 0 4.2 12 280 M M 6 17 290
8 85 72 79 -1 0 14 0.60 0.0 0 4.1 20 150 M M 9 1 26 140
9 87 72 80 0 0 15 0.99 0.0 0 3.6 21 130 M M 8 123 25 130
10 88 72 80 0 0 15 1.62 0.0 0 3.0 22 140 M M 8 13 31 140
11 91 71 81 1 0 16 0.00 0.0 0 3.4 14 290 M M 7 12 18 140
12 89 73 81 1 0 16 T 0.0 0 5.0 18 330 M M 8 13 23 330
13 83 72 78 -1 0 13 T 0.0 0 2.5 9 240 M M 8 1 11 250
14 88 69 79 0 0 14 0.00 0.0 0 5.0 13 80 M M 7 19 10
15 86 70 78 -1 0 13 0.00 0.0 0 8.3 20 30 M M 7 33 50
16 86 70 78 -1 0 13 0.00 0.0 0 8.2 18 60 M M 7 23 60
17 83 71 77 -2 0 12 0.02 0.0 0 6.9 21 70 M M 7 3 26 50
18 86 71 79 0 0 14 0.24 0.0 0 6.9 17 60 M M 8 1 24 50
19 88 71 80 2 0 15 0.01 0.0 0 5.4 17 10 M M 7 12 22 20
20 88 71 80 2 0 15 0.00 0.0 0 5.6 17 60 M M 3 23 70
21 88 69 79 1 0 14 0.00 0.0 0 6.0 17 40 M M 1 27 70
22 94 68 81 3 0 16 0.00 0.0 0 3.5 9 250 M M 2 1 14 340
23 82 67 75 -3 0 10 0.00 0.0 0 10.7 24 60 M M 6 31 60
24 87 62 75 -3 0 10 0.00 0.0 0 5.5 18 70 M M 3 27 60
25 88 63 76 -1 0 11 0.00 0.0 0 3.2 13 80 M M 4 16 100
26 93 66 80 3 0 15 0.00 0.0 0 3.9 14 130 M M 4 17 130
27 84 69 77 0 0 12 0.00 0.0 0 6.5 14 360 M M 9 18 360
28 76 62 69 -8 0 4 0.30 0.0 0 15.6 28 30 M M 10 1 46 40
29 70 60 65 -11 0 0 0.37 0.0 0 22.6 38 30 M M 10 1 53 20
30 76 61 69 -7 0 4 0.00 0.0 0 11.0 23 350 M M 9 38 310
================================================================================
SM 2602 2080 0 400 5.53 0.0 186.8 M 201
================================================================================
AV 86.7 69.3 6.2 FASTST M M 7 MAX(MPH)
MISC ----> 38 30 53 20
================================================================================
NOTES:
# LAST OF SEVERAL OCCURRENCES
COLUMN 17 PEAK WIND IN M.P.H.
PRELIMINARY LOCAL CLIMATOLOGICAL DATA (WS FORM: F-6) , PAGE 2
STATION: JACKSONVILLE
MONTH: SEPTEMBER
YEAR: 2022
LATITUDE: 30 30 N
LONGITUDE: 81 42 W
[TEMPERATURE DATA] [PRECIPITATION DATA] SYMBOLS USED IN COLUMN 16
AVERAGE MONTHLY: 78.0 TOTAL FOR MONTH: 5.53 1 = FOG OR MIST
DPTR FM NORMAL: -0.8 DPTR FM NORMAL: -2.03 2 = FOG REDUCING VISIBILITY
HIGHEST: 95 ON 6 GRTST 24HR 1.81 ON 9-10 TO 1/4 MILE OR LESS
LOWEST: 60 ON 29 3 = THUNDER
SNOW, ICE PELLETS, HAIL 4 = ICE PELLETS
TOTAL MONTH: 0.0 INCH 5 = HAIL
GRTST 24HR 0.0 6 = FREEZING RAIN OR DRIZZLE
GRTST DEPTH: 0 7 = DUSTSTORM OR SANDSTORM:
VSBY 1/2 MILE OR LESS
8 = SMOKE OR HAZE
[NO. OF DAYS WITH] [WEATHER - DAYS WITH] 9 = BLOWING SNOW
X = TORNADO
MAX 32 OR BELOW: 0 0.01 INCH OR MORE: 12
MAX 90 OR ABOVE: 8 0.10 INCH OR MORE: 9
MIN 32 OR BELOW: 0 0.50 INCH OR MORE: 4
MIN 0 OR BELOW: 0 1.00 INCH OR MORE: 1
[HDD (BASE 65) ]
TOTAL THIS MO. 0 CLEAR (SCALE 0-3) 3
DPTR FM NORMAL 0 PTCLDY (SCALE 4-7) 20
TOTAL FM JUL 1 0 CLOUDY (SCALE 8-10) 7
DPTR FM NORMAL 0
[CDD (BASE 65) ]
TOTAL THIS MO. 400
DPTR FM NORMAL -16 [PRESSURE DATA]
TOTAL FM JAN 1 2562 HIGHEST SLP 30.13 ON 3
DPTR FM NORMAL 63 LOWEST SLP 29.70 ON 30
[REMARKS]
#FINAL-09-22#