000
CXUS51 KOKX 011307 RRA
CLMJFK
NYCCLMJFK 000
TTAA00 OKX 011304
CLIMATE REPORT
NATIONAL WEATHER SERVICE NEW YORK, NY
907 AM EDT WED NOV 01 2023
...................................
...THE KENNEDY NY CLIMATE SUMMARY FOR THE MONTH OF OCTOBER 2023...
CLIMATE NORMAL PERIOD 1991 TO 2020
CLIMATE RECORD PERIOD 1948 TO 2023
WEATHER OBSERVED NORMAL DEPART LAST YEAR`S
VALUE DATE(S) VALUE FROM VALUE DATE(S)
NORMAL
................................................................
TEMPERATURE (F)
RECORD
HIGH 95 10/02/2019
LOW 30 10/28/1976
10/31/1966
10/30/1962
HIGHEST 81 10/28 MM MM 76 10/06
10/07
LOWEST 43 10/24 MM MM 38 10/30
AVG. MAXIMUM 67.0 64.7 2.3 64.5
AVG. MINIMUM 52.3 49.8 2.5 49.7
MEAN 59.7 57.2 2.5 57.1
DAYS MAX >= 90 0 0.1 -0.1 0
DAYS MAX <= 32 0 0.0 0.0 0
DAYS MIN <= 32 0 0.1 -0.1 0
DAYS MIN <= 0 0 0.0 0.0 0
PRECIPITATION (INCHES)
RECORD
MAXIMUM 14.97 2005
MINIMUM 0.09 1963
TOTALS 4.05 3.72 0.33 5.61
DAILY AVG. 0.13 0.12 0.01 0.18
DAYS >= .01 7 9.4 -2.4 12
DAYS >= .10 6 5.4 0.6 8
DAYS >= .50 3 2.5 0.5 5
DAYS >= 1.00 1 1.1 -0.1 2
GREATEST
24 HR. TOTAL 1.88 10/07 TO 10/07 2.06 10/03 TO 10/04
STORM TOTAL 1.88 1.38
(MM/DD(HH)) MM
SNOWFALL (INCHES)
RECORDS
TOTAL 1.5 2011
24 HR TOTAL 1.5 MM
TOTALS 0.0 0.0 0.0 0.0
LIQUID EQUIV 0.00 T 0.00 0.00
SINCE 7/1 0.0 0.0 0.0
LIQUID 7/1 0.00 0.00 MM
DAYS >= TRACE 0 0.0 0.0 0
DAYS >= 1.0 0 0.0 0.0 0
GREATEST
SNOW DEPTH 0 0 MM
24 HR TOTAL MM MM
STORM TOTAL 0.0 0.0
(MM/DD(HH)) MM
DEGREE DAYS
HEATING TOTAL 180 255 -75 241
SINCE 7/1 217 289 -72 MM
COOLING TOTAL 23 15 8 5
SINCE 1/1 1058 1016 42 MM
................................................................
WIND (MPH)
AVERAGE WIND SPEED 9.6
HIGHEST WIND SPEED/DIRECTION 32/320 DATE 10/22
HIGHEST GUST SPEED/DIRECTION 40/320 DATE 10/22
SKY COVER
POSSIBLE SUNSHINE (PERCENT) MM
AVERAGE SKY COVER 0.56
NUMBER OF DAYS FAIR 9
NUMBER OF DAYS PC 14
NUMBER OF DAYS CLOUDY 8
AVERAGE RH (PERCENT) 73
WEATHER CONDITIONS. NUMBER OF DAYS WITH
THUNDERSTORM 0 MIXED PRECIP 0
HEAVY RAIN 4 RAIN 3
LIGHT RAIN 10 FREEZING RAIN 0
LT FREEZING RAIN 0 HAIL 0
HEAVY SNOW 0 SNOW 0
LIGHT SNOW 0 SLEET 0
FOG 10 FOG W/VIS <= 1/4 MILE 4
HAZE 2
- INDICATES NEGATIVE NUMBERS.
R INDICATES RECORD WAS SET OR TIED.
MM INDICATES DATA IS MISSING.
T INDICATES TRACE AMOUNT.
$$