000
CXUS53 KBIS 010830
CF6JMS
PRELIMINARY LOCAL CLIMATOLOGICAL DATA (WS FORM: F-6)
STATION: JAMESTOWN ND
MONTH: JUNE
YEAR: 2021
LATITUDE: 46 55 N
LONGITUDE: 98 40 W
TEMPERATURE IN F: :PCPN: SNOW: WIND :SUNSHINE: SKY :PK WND
================================================================================
1 2 3 4 5 6A 6B 7 8 9 10 11 12 13 14 15 16 17 18
12Z AVG MX 2MIN
DY MAX MIN AVG DEP HDD CDD WTR SNW DPTH SPD SPD DIR MIN PSBL S-S WX SPD DR
================================================================================
1 83 50 67 6 0 2 T M M 7.3 18 170 M M 5 29 150
2 87 49 68 7 0 3 0.00 M M 7.0 17 290 M M 0 24 250
3 96 59 78 16 0 13 0.00 M M 9.9 22 270 M M 1 29 270
4 102 63 83 21 0 18 0.00 M M 12.7 25 230 M M 0 3 40 240
5 102 62 82 20 0 17 0.00 M M 8.8 18 210 M M 0 38 26 200
6 86 58 72 9 0 7 T M M 14.2 31 340 M M 2 38 41 340
7 94 47 71 8 0 6 0.23 M M 11.5 39 290 M M 2 13 56 280
8 74 63 69 6 0 4 0.99 M M 9.4 28 200 M M 2 138 38 140
9 87 67 77 13 0 12 0.00 M M 7.1 18 270 M M 1 1 27 260
10 91 65 78 14 0 13 0.00 M M 12.8 22 100 M M 1 29 120
11 82 59 71 7 0 6 0.18 M M 17.0 47 280 M M 3 13 65 280
12 83 57 70 6 0 5 0.00 M M 9.1 17 280 M M 0 23 280
13 85 59 72 8 0 7 0.00 M M 11.6 29 350 M M 0 40 340
14 87 54 71 6 0 6 0.00 M M 6.3 13 70 M M 0 19 110
15 85 52 69 4 0 4 0.00 M M 9.4 20 140 M M 0 28 130
16 94 66 80 15 0 15 T M M 14.1 28 180 M M 0 35 180
17 89 57 73 7 0 8 0.00 M M 8.1 21 280 M M 0 26 250
18 87 53 70 4 0 5 0.00 M M 11.0 31 310 M M 0 41 310
19 84 48 66 0 0 1 0.05 M M 4.1 17 270 M M 2 8 22 260
20 71 51 61 -5 4 0 0.65 M M 12.7 29 340 M M 7 13 39 340
21 67 45 56 -10 9 0 0.00 M M 8.7 20 310 M M 4 28 310
22 83 47 65 -2 0 0 0.00 M M 7.8 16 240 M M 0 22 240
23 98 58 78 11 0 13 0.00 M M 12.9 25 210 M M 0 36 210
24 86 57 72 5 0 7 0.00 M M 6.2 16 340 M M 1 22 330
25 78 60 69 2 0 4 0.17 M M 5.5 20 270 M M 7 1 25 270
26 83 62 73 6 0 8 0.00 M M 5.8 17 80 M M 7 13 26 330
27 81 60 71 3 0 6 0.12 M M 6.4 25 350 M M 6 3 39 330
28 77 59 68 0 0 3 0.09 M M 6.1 16 30 M M 7 18 22 30
29 84 55 70 2 0 5 0.00 M M 3.7 13 300 M M 0 20 310
30 88 56 72 4 0 7 0.00 M M 3.4 12 140 M M 0 17 80
================================================================================
SM 2574 1698 13 205 2.48 M 270.6 M 58
================================================================================
AV 85.8 56.6 9.0 FASTST M M 2 MAX(MPH)
MISC ----> 47 280 65 280
================================================================================
NOTES:
# LAST OF SEVERAL OCCURRENCES
COLUMN 17 PEAK WIND IN M.P.H.
PRELIMINARY LOCAL CLIMATOLOGICAL DATA (WS FORM: F-6) , PAGE 2
STATION: JAMESTOWN ND
MONTH: JUNE
YEAR: 2021
LATITUDE: 46 55 N
LONGITUDE: 98 40 W
[TEMPERATURE DATA] [PRECIPITATION DATA] SYMBOLS USED IN COLUMN 16
AVERAGE MONTHLY: 71.2 TOTAL FOR MONTH: 2.48 1 = FOG OR MIST
DPTR FM NORMAL: 6.2 DPTR FM NORMAL: -0.89 2 = FOG REDUCING VISIBILITY
HIGHEST: 102 ON 5, 4 GRTST 24HR 1.22 ON 7- 8 TO 1/4 MILE OR LESS
LOWEST: 45 ON 21 3 = THUNDER
SNOW, ICE PELLETS, HAIL 4 = ICE PELLETS
TOTAL MONTH: M 5 = HAIL
GRTST 24HR M ON M 6 = FREEZING RAIN OR DRIZZLE
GRTST DEPTH: M ON M 7 = DUSTSTORM OR SANDSTORM:
VSBY 1/2 MILE OR LESS
8 = SMOKE OR HAZE
[NO. OF DAYS WITH] [WEATHER - DAYS WITH] 9 = BLOWING SNOW
X = TORNADO
MAX 32 OR BELOW: 0 0.01 INCH OR MORE: 8
MAX 90 OR ABOVE: 7 0.10 INCH OR MORE: 6
MIN 32 OR BELOW: 0 0.50 INCH OR MORE: 2
MIN 0 OR BELOW: 0 1.00 INCH OR MORE: 0
[HDD (BASE 65) ]
TOTAL THIS MO. 13 CLEAR (SCALE 0-3) 22
DPTR FM NORMAL -70 PTCLDY (SCALE 4-7) 8
TOTAL FM JUL 1 7925 CLOUDY (SCALE 8-10) 0
DPTR FM NORMAL -1086
[CDD (BASE 65) ]
TOTAL THIS MO. 205
DPTR FM NORMAL 123 [PRESSURE DATA]
TOTAL FM JAN 1 228 HIGHEST SLP 30.19 ON 15
DPTR FM NORMAL 130 LOWEST SLP 29.33 ON 6
[REMARKS]
#FINAL-06-21#