029
CXUS54 KFWD 010731
CF6JWY
PRELIMINARY LOCAL CLIMATOLOGICAL DATA (WS FORM: F-6)
STATION: WAXAHACHIE
MONTH: JULY
YEAR: 2020
LATITUDE: 32 27 N
LONGITUDE: 96 54 W
TEMPERATURE IN F: :PCPN: SNOW: WIND :SUNSHINE: SKY :PK WND
================================================================================
1 2 3 4 5 6A 6B 7 8 9 10 11 12 13 14 15 16 17 18
12Z AVG MX 2MIN
DY MAX MIN AVG DEP HDD CDD WTR SNW DPTH SPD SPD DIR MIN PSBL S-S WX SPD DR
================================================================================
1 92 77 85 3 0 20 0.00 0.0 0 9.6 17 200 M M 5 23 190
2 95 71 83 1 0 18 0.30 0.0 0 5.8 13 70 M M 6 1 M M
3 96 73 85 3 0 20 0.00 0.0 0 2.0 6 70 M M 0 M M
4 96 70 83 0 0 18 0.00 0.0 0 2.6 8 50 M M 0 M M
5 93 75 84 1 0 19 0.01 0.0 0 1.8 9 50 M M 0 16 50
6 88 72 80 -3 0 15 0.43 0.0 0 1.5 10 150 M M 0 16 280
7 87 71 79 -4 0 14 0.01 0.0 0 2.6 7 150 M M 0 18 M M
8 92 74 83 0 0 18 0.00 0.0 0 5.0 12 160 M M 0 1 17 160
9 93 76 85 2 0 20 0.00 0.0 0 9.3 17 190 M M 0 22 190
10 93 74 84 1 0 19 0.00 0.0 0 5.3 14 180 M M 0 17 180
11 96 76 86 3 0 21 0.00 0.0 0 5.5 10 190 M M 0 M M
12 98 74 86 3 0 21 0.00 0.0 0 4.5 16 40 M M 0 25 50
13 99 77 88 4 0 23 0.00 0.0 0 6.4 14 170 M M 0 20 180
14 98 74 86 2 0 21 0.00 0.0 0 10.5 14 160 M M 0 21 180
15 96 77 87 3 0 22 0.00 0.0 0 9.7 15 170 M M 0 22 180
16 97 76 87 3 0 22 0.00 0.0 0 6.7 10 180 M M 0 M M
17 95 74 85 1 0 20 0.00 0.0 0 3.2 10 150 M M 1 16 150
18 92 74 83 -1 0 18 0.00 0.0 0 6.4 13 160 M M 2 20 160
19 95 73 84 0 0 19 0.00 0.0 0 4.2 9 160 M M 1 M M
20 94 73 84 0 0 19 0.00 0.0 0 3.8 9 140 M M 2 M M
21 91 72 82 -2 0 17 0.00 0.0 0 3.0 7 140 M M 4 M M
22 93 74 84 0 0 19 0.00 0.0 0 3.9 8 100 M M 5 M M
23 95 75 85 1 0 20 0.00 0.0 0 2.8 7 90 M M 2 M M
24 96 73 85 1 0 20 0.00 0.0 0 4.2 10 100 M M 2 18 80
25 91 74 83 -1 0 18 0.00 0.0 0 4.4 10 100 M M 6 16 80
26 93 74 84 0 0 19 0.00 0.0 0 3.2 10 160 M M 6 16 160
27 93 72 83 -1 0 18 0.00 0.0 0 2.4 7 160 M M 5 M M
28 83 74 79 -5 0 14 0.85 0.0 0 1.9 7 220 M M 5 M M
29 94 75 85 1 0 20 0.00 0.0 0 7.7 17 190 M M 2 21 150
30 97 76 87 3 0 22 0.00 0.0 0 12.0 17 210 M M 1 22 210
31 91 71 81 -3 0 16 0.00 0.0 0 6.3 14 320 M M 4 18 320
================================================================================
SM 2902 2291 0 590 1.60 0.0 158.2 M 59
================================================================================
AV 93.6 73.9 5.1 FASTST M M 2 MAX(MPH)
MISC ----> # 17 200 # 25 50
================================================================================
NOTES:
# LAST OF SEVERAL OCCURRENCES
COLUMN 17 PEAK WIND IN M.P.H.
PRELIMINARY LOCAL CLIMATOLOGICAL DATA (WS FORM: F-6) , PAGE 2
STATION: WAXAHACHIE
MONTH: JULY
YEAR: 2020
LATITUDE: 32 27 N
LONGITUDE: 96 54 W
[TEMPERATURE DATA] [PRECIPITATION DATA] SYMBOLS USED IN COLUMN 16
AVERAGE MONTHLY: 83.8 TOTAL FOR MONTH: 1.60 1 = FOG OR MIST
DPTR FM NORMAL: 0.2 DPTR FM NORMAL: -1.06 2 = FOG REDUCING VISIBILITY
HIGHEST: 99 ON 13 GRTST 24HR 0.85 ON 28-28 TO 1/4 MILE OR LESS
LOWEST: 70 ON 4 3 = THUNDER
SNOW, ICE PELLETS, HAIL 4 = ICE PELLETS
TOTAL MONTH: 0.0 INCH 5 = HAIL
GRTST 24HR 0.0 6 = FREEZING RAIN OR DRIZZLE
GRTST DEPTH: 0 7 = DUSTSTORM OR SANDSTORM:
VSBY 1/2 MILE OR LESS
8 = SMOKE OR HAZE
[NO. OF DAYS WITH] [WEATHER - DAYS WITH] 9 = BLOWING SNOW
X = TORNADO
MAX 32 OR BELOW: 0 0.01 INCH OR MORE: 5
MAX 90 OR ABOVE: 28 0.10 INCH OR MORE: 3
MIN 32 OR BELOW: 0 0.50 INCH OR MORE: 1
MIN 0 OR BELOW: 0 1.00 INCH OR MORE: 0
[HDD (BASE 65) ]
TOTAL THIS MO. 0 CLEAR (SCALE 0-3) 22
DPTR FM NORMAL 0 PTCLDY (SCALE 4-7) 9
TOTAL FM JUL 1 0 CLOUDY (SCALE 8-10) 0
DPTR FM NORMAL 0
[CDD (BASE 65) ]
TOTAL THIS MO. 590
DPTR FM NORMAL 13 [PRESSURE DATA]
TOTAL FM JAN 1 1457 HIGHEST SLP M ON M
DPTR FM NORMAL 103 LOWEST SLP M ON M
[REMARKS]
#FINAL-07-20#