000
CXUS53 KIND 010600
CF6LAF
PRELIMINARY LOCAL CLIMATOLOGICAL DATA (WS FORM: F-6)
STATION: LAFAYETTE IN
MONTH: AUGUST
YEAR: 2020
LATITUDE: 40 25 N
LONGITUDE: 86 56 W
TEMPERATURE IN F: :PCPN: SNOW: WIND :SUNSHINE: SKY :PK WND
================================================================================
1 2 3 4 5 6A 6B 7 8 9 10 11 12 13 14 15 16 17 18
12Z AVG MX 2MIN
DY MAX MIN AVG DEP HDD CDD WTR SNW DPTH SPD SPD DIR MIN PSBL S-S WX SPD DR
================================================================================
1 72 63 68 -6 0 3 0.93 M M 8.3 16 320 M M 10 18 26 330
2 84 63 74 0 0 9 0.28 M M 6.4 22 320 M M 5 13 29 320
3 81 63 72 -2 0 7 T M M 5.1 16 10 M M 5 1 23 330
4 76 55 66 -8 0 1 0.00 M M 6.6 18 330 M M 5 24 300
5 78 51 65 -9 0 0 0.00 M M 1.2 9 30 M M 3 12 13 320
6 80 52 66 -8 0 1 0.00 M M 2.8 10 10 M M 2 1 14 350
7 83 56 70 -4 0 5 0.00 M M 2.7 13 60 M M 1 1 17 60
8 85 58 72 -2 0 7 0.00 M M 2.7 9 210 M M 0 8 16 170
9 89 67 78 4 0 13 0.00 M M 3.8 13 190 M M 1 21 190
10 91 69 80 6 0 15 0.46 M M 6.9 33 330 M M 5 138 53 320
11 83 66 75 1 0 10 0.00 M M 4.0 9 20 M M 3 13 10
12 87 61 74 0 0 9 0.00 M M 3.4 12 80 M M 1 16 100
13 88 65 77 3 0 12 0.00 M M 4.4 13 70 M M 1 1 17 30
14 89 68 79 5 0 14 0.00 M M 3.8 13 320 M M 1 18 330
15 90 64 77 3 0 12 0.00 M M 2.6 12 310 M M 2 12 14 320
16 86 66 76 2 0 11 0.00 M M 7.2 17 350 M M 2 25 330
17 86 60 73 -1 0 8 0.01 M M 4.0 14 40 M M 4 1 18 30
18 83 64 74 1 0 9 0.05 M M 9.0 20 10 M M 4 29 360
19 83 53 68 -5 0 3 0.00 M M 6.2 15 30 M M 0 23 350
20 85 54 70 -3 0 5 0.00 M M 2.0 10 150 M M 1 1 16 130
21 87 56 72 -1 0 7 0.00 M M 2.7 12 110 M M 0 1 15 150
22 88 58 73 0 0 8 0.00 M M 2.4 12 270 M M 0 1 15 280
23 90 63 77 4 0 12 0.00 M M 3.6 14 200 M M 2 12 22 230
24 95 70 83 10 0 18 0.05 M M 4.6 14 270 M M 2 1 20 270
25 95 71 83 10 0 18 0.00 M M 2.4 12 320 M M 1 13 17 290
26 93 71 82 10 0 17 0.00 M M 4.6 14 240 M M 2 12 19 230
27 88 75 82 10 0 17 T M M 6.2 12 240 M M 4 17 250
28 93 73 83 11 0 18 T M M 5.4 15 250 M M 3 13 22 250
29 85 63 74 2 0 9 0.30 M M 7.9 18 320 M M 2 13 25 280
30 81 56 69 -3 0 4 0.00 M M 5.1 13 90 M M 1 12 17 100
31 86 60 73 1 0 8 0.00 M M 3.9 13 190 M M 3 18 200
================================================================================
SM 2660 1934 0 290 2.08 M 141.9 M 76
================================================================================
AV 85.8 62.4 4.6 FASTST M M 2 MAX(MPH)
MISC ----> 33 330 53 320
================================================================================
NOTES:
# LAST OF SEVERAL OCCURRENCES
COLUMN 17 PEAK WIND IN M.P.H.
PRELIMINARY LOCAL CLIMATOLOGICAL DATA (WS FORM: F-6) , PAGE 2
STATION: LAFAYETTE IN
MONTH: AUGUST
YEAR: 2020
LATITUDE: 40 25 N
LONGITUDE: 86 56 W
[TEMPERATURE DATA] [PRECIPITATION DATA] SYMBOLS USED IN COLUMN 16
AVERAGE MONTHLY: 74.1 TOTAL FOR MONTH: 2.08 1 = FOG OR MIST
DPTR FM NORMAL: 0.9 DPTR FM NORMAL: -1.38 2 = FOG REDUCING VISIBILITY
HIGHEST: 95 ON 25,24 GRTST 24HR 1.05 ON 1- 2 TO 1/4 MILE OR LESS
LOWEST: 51 ON 5 3 = THUNDER
SNOW, ICE PELLETS, HAIL 4 = ICE PELLETS
TOTAL MONTH: M 5 = HAIL
GRTST 24HR M ON M 6 = FREEZING RAIN OR DRIZZLE
GRTST DEPTH: M ON M 7 = DUSTSTORM OR SANDSTORM:
VSBY 1/2 MILE OR LESS
8 = SMOKE OR HAZE
[NO. OF DAYS WITH] [WEATHER - DAYS WITH] 9 = BLOWING SNOW
X = TORNADO
MAX 32 OR BELOW: 0 0.01 INCH OR MORE: 7
MAX 90 OR ABOVE: 7 0.10 INCH OR MORE: 4
MIN 32 OR BELOW: 0 0.50 INCH OR MORE: 1
MIN 0 OR BELOW: 0 1.00 INCH OR MORE: 0
[HDD (BASE 65) ]
TOTAL THIS MO. 0 CLEAR (SCALE 0-3) 21
DPTR FM NORMAL -5 PTCLDY (SCALE 4-7) 9
TOTAL FM JUL 1 0 CLOUDY (SCALE 8-10) 1
DPTR FM NORMAL -1
[CDD (BASE 65) ]
TOTAL THIS MO. 290
DPTR FM NORMAL 29 [PRESSURE DATA]
TOTAL FM JAN 1 1113 HIGHEST SLP M ON M
DPTR FM NORMAL 261 LOWEST SLP 29.64 ON 29
[REMARKS]
#FINAL-08-20#