000
CXUS52 KTBW 051743
CF6LAL
PRELIMINARY LOCAL CLIMATOLOGICAL DATA (WS FORM: F-6)
STATION: LAKELAND LINDER
MONTH: NOVEMBER
YEAR: 2022
LATITUDE: 28 0 N
LONGITUDE: 82 3 W
TEMPERATURE IN F: :PCPN: SNOW: WIND :SUNSHINE: SKY :PK WND
================================================================================
1 2 3 4 5 6A 6B 7 8 9 10 11 12 13 14 15 16 17 18
12Z AVG MX 2MIN
DY MAX MIN AVG DEP HDD CDD WTR SNW DPTH SPD SPD DIR MIN PSBL S-S WX SPD DR
================================================================================
1 90 69 80 7 0 15 0.00 0.0 0 2.5 8 90 M M 6 M M
2 90 75 83 11 0 18 0.00 0.0 0 6.0 17 320 M M 7 23 320
3 87 72 80 8 0 15 0.40 0.0 0 5.9 15 40 M M 5 M M
4 86 68 77 5 0 12 0.00 0.0 0 8.3 16 70 M M 2 21 70
5 85 64 75 3 0 10 0.00 0.0 0 5.5 12 80 M M 2 8 M M
6 88 71 80 9 0 15 0.00 0.0 0 8.4 15 110 M M 2 21 90
7 84 69 77 6 0 12 0.00 0.0 0 9.2 17 60 M M 4 25 70
8 84 69 77 6 0 12 0.05 0.0 0 11.5 23 70 M M 8 3 30 70
9 75 67 71 0 0 6 0.36 0.0 0 16.4 23 10 M M 10 1 33 20
10 72 66 69 -1 0 4 2.06 0.0 0 19.7 35 310 M M 10 52 310
11 80 70 75 5 0 10 0.20 0.0 0 6.9 15 210 M M 4 23 210
12 84 62 73 3 0 8 0.13 0.0 0 2.9 13 230 M M 5 12 M M
13 82 64 73 3 0 8 0.18 0.0 0 5.2 12 30 M M 5 3 16 250
14 82 61 72 2 0 7 0.01 0.0 0 4.2 9 80 M M 6 M M
15 81 67 74 5 0 9 0.00 0.0 0 3.4 10 180 M M 0 M M
16 80 70 75 6 0 10 0.04 0.0 0 6.2 13 310 M M 2 12 M M
17 74 52 63 -6 2 0 0.01 0.0 0 8.3 14 10 M M 0 18 20
18 67 50 59 -10 6 0 0.00 0.0 0 7.3 12 50 M M 0 M M
19 73 51 62 -6 3 0 0.00 0.0 0 8.5 14 20 M M 2 20 30
20 72 53 63 -5 2 0 0.13 0.0 0 11.4 16 50 M M 9 1 23 30
21 78 54 66 -2 0 1 0.05 0.0 0 11.4 15 60 M M 8 24 60
22 75 64 70 2 0 5 0.00 0.0 0 9.9 13 20 M M 10 21 50
23 78 64 71 3 0 6 T 0.0 0 7.9 12 40 M M 9 1 17 40
24 79 64 72 5 0 7 0.00 0.0 0 3.5 8 10 M M 7 1 M M
25 87 67 77 10 0 12 0.00 0.0 0 3.6 14 220 M M 3 12 18 220
26 82 67 75 8 0 10 0.00 0.0 0 3.0 10 200 M M 9 12 M M
27 86 71 79 12 0 14 T 0.0 0 6.5 14 210 M M 7 1 22 230
28 82 64 73 7 0 8 0.80 0.0 0 1.1 8 30 M M 5 M M
29 82 58 70 4 0 5 0.00 0.0 0 5.4 12 90 M M 0 M M
30 85 63 74 8 0 9 0.00 0.0 0 4.8 14 330 M M 2 32 330
================================================================================
SM 2430 1926 13 248 4.42 0.0 214.8 M 149
================================================================================
AV 81.0 64.2 7.2 FASTST M M 5 MAX(MPH)
MISC ----> 35 310 52 310
================================================================================
NOTES:
# LAST OF SEVERAL OCCURRENCES
COLUMN 17 PEAK WIND IN M.P.H.
PRELIMINARY LOCAL CLIMATOLOGICAL DATA (WS FORM: F-6) , PAGE 2
STATION: LAKELAND LINDER
MONTH: NOVEMBER
YEAR: 2022
LATITUDE: 28 0 N
LONGITUDE: 82 3 W
[TEMPERATURE DATA] [PRECIPITATION DATA] SYMBOLS USED IN COLUMN 16
AVERAGE MONTHLY: 72.6 TOTAL FOR MONTH: 4.42 1 = FOG OR MIST
DPTR FM NORMAL: 3.4 DPTR FM NORMAL: 2.49 2 = FOG REDUCING VISIBILITY
HIGHEST: 90 ON 2, 1 GRTST 24HR 2.06 ON 10-10 TO 1/4 MILE OR LESS
LOWEST: 50 ON 18 3 = THUNDER
SNOW, ICE PELLETS, HAIL 4 = ICE PELLETS
TOTAL MONTH: 0.0 INCH 5 = HAIL
GRTST 24HR 0.0 6 = FREEZING RAIN OR DRIZZLE
GRTST DEPTH: 0 7 = DUSTSTORM OR SANDSTORM:
VSBY 1/2 MILE OR LESS
8 = SMOKE OR HAZE
[NO. OF DAYS WITH] [WEATHER - DAYS WITH] 9 = BLOWING SNOW
X = TORNADO
MAX 32 OR BELOW: 0 0.01 INCH OR MORE: 13
MAX 90 OR ABOVE: 2 0.10 INCH OR MORE: 8
MIN 32 OR BELOW: 0 0.50 INCH OR MORE: 2
MIN 0 OR BELOW: 0 1.00 INCH OR MORE: 1
[HDD (BASE 65) ]
TOTAL THIS MO. 13 CLEAR (SCALE 0-3) 11
DPTR FM NORMAL -26 PTCLDY (SCALE 4-7) 13
TOTAL FM JUL 1 19 CLOUDY (SCALE 8-10) 6
DPTR FM NORMAL -23
[CDD (BASE 65) ]
TOTAL THIS MO. 248
DPTR FM NORMAL 83 [PRESSURE DATA]
TOTAL FM JAN 1 3884 HIGHEST SLP M ON M
DPTR FM NORMAL 244 LOWEST SLP M ON M
[REMARKS]
#FINAL-11-22#