000
CXUS53 KGRR 011017
CF6LAN
PRELIMINARY LOCAL CLIMATOLOGICAL DATA (WS FORM: F-6)
STATION: LANSING
MONTH: MARCH
YEAR: 2020
LATITUDE: 42 46 N
LONGITUDE: 84 36 W
TEMPERATURE IN F: :PCPN: SNOW: WIND :SUNSHINE: SKY :PK WND
================================================================================
1 2 3 4 5 6A 6B 7 8 9 10 11 12 13 14 15 16 17 18
12Z AVG MX 2MIN
DY MAX MIN AVG DEP HDD CDD WTR SNW DPTH SPD SPD DIR MIN PSBL S-S WX SPD DR
================================================================================
1 47 21 34 5 31 0 0.00 0.0 2 12.1 25 180 M M 1 35 170
2 50 36 43 13 22 0 0.00 0.0 0 9.8 17 260 M M 6 23 210
3 45 30 38 8 27 0 0.00 0.0 0 11.1 26 260 M M 9 38 270
4 45 26 36 6 29 0 0.00 0.0 0 10.6 21 270 M M 3 30 280
5 49 22 36 5 29 0 0.02 T 0 9.2 24 260 M M 2 4 32 260
6 36 25 31 0 34 0 0.08 T 0 10.4 23 350 M M 9 1 34 10
7 46 18 32 0 33 0 0.00 0.0 0 8.2 17 200 M M 0 24 190
8 62 35 49 17 16 0 0.00 0.0 0 14.4 24 210 M M 0 32 230
9 59 49 54 22 11 0 0.14 0.0 0 15.9 24 230 M M 6 18 33 220
10 53 32 43 10 22 0 0.10 0.0 0 9.3 24 320 M M 5 1 32 310
11 41 31 36 3 29 0 0.01 0.0 0 4.7 15 240 M M 8 18 20 240
12 54 38 46 13 19 0 T 0.0 0 10.1 21 160 M M 7 18 29 180
13 50 32 41 7 24 0 0.01 0.0 0 18.8 31 260 M M 4 18 43 260
14 37 27 32 -2 33 0 0.00 0.0 0 5.5 13 30 M M 4 16 360
15 44 24 34 0 31 0 0.00 0.0 0 8.3 18 40 M M 1 25 40
16 46 20 33 -2 32 0 T 0.0 0 7.7 16 240 M M 4 18 21 230
17 48 29 39 4 26 0 0.02 0.0 0 11.1 22 280 M M 5 1 27 280
18 47 28 38 2 27 0 0.04 0.0 0 6.4 18 150 M M 5 18 23 140
19 58 27 43 7 22 0 0.36 0.0 0 9.2 20 140 M M 9 128 28 150
20 61 26 44 8 21 0 0.06 0.0 0 15.2 24 220 M M 10 1 36 220
21 33 21 27 -10 38 0 T T 0 8.0 15 10 M M 7 21 350
22 39 18 29 -8 36 0 0.03 0.2 0 8.6 18 140 M M 4 1 24 140
23 38 30 34 -4 31 0 0.13 1.8 2 4.8 10 310 M M 9 18 16 290
24 44 27 36 -2 29 0 0.00 0.0 0 5.3 14 130 M M 7 18 22 140
25 56 31 44 5 21 0 0.00 0.0 0 7.1 13 180 M M 5 19 240
26 54 42 48 9 17 0 0.19 0.0 0 7.9 15 260 M M 8 18 19 230
27 51 34 43 3 22 0 0.08 0.0 0 7.3 16 110 M M 7 18 21 100
28 49 41 45 5 20 0 1.44 0.0 0 10.3 20 130 M M 10 13 25 130
29 58 42 50 10 15 0 0.22 0.0 0 18.5 33 240 M M 8 13 46 240
30 42 37 40 -1 25 0 0.01 0.0 0 13.7 24 260 M M 10 8 34 250
31 41 36 39 -2 26 0 T 0.0 0 8.8 15 40 M M 10 18 21 30
================================================================================
SM 1483 935 798 0 2.94 2.0 308.3 M 183
================================================================================
AV 47.8 30.2 9.9 FASTST M M 6 MAX(MPH)
MISC ----> # 33 240 # 46 240
================================================================================
NOTES:
# LAST OF SEVERAL OCCURRENCES
COLUMN 17 PEAK WIND IN M.P.H.
PRELIMINARY LOCAL CLIMATOLOGICAL DATA (WS FORM: F-6) , PAGE 2
STATION: LANSING
MONTH: MARCH
YEAR: 2020
LATITUDE: 42 46 N
LONGITUDE: 84 36 W
[TEMPERATURE DATA] [PRECIPITATION DATA] SYMBOLS USED IN COLUMN 16
AVERAGE MONTHLY: 39.0 TOTAL FOR MONTH: 2.94 1 = FOG OR MIST
DPTR FM NORMAL: 3.9 DPTR FM NORMAL: 0.88 2 = FOG REDUCING VISIBILITY
HIGHEST: 62 ON 8 GRTST 24HR 1.44 ON 28-28 TO 1/4 MILE OR LESS
LOWEST: 18 ON 22, 7 3 = THUNDER
SNOW, ICE PELLETS, HAIL 4 = ICE PELLETS
TOTAL MONTH: 2.0 INCHES 5 = HAIL
GRTST 24HR 1.8 ON 23-23 6 = FREEZING RAIN OR DRIZZLE
GRTST DEPTH: 2 ON 23, 1 7 = DUSTSTORM OR SANDSTORM:
VSBY 1/2 MILE OR LESS
8 = SMOKE OR HAZE
[NO. OF DAYS WITH] [WEATHER - DAYS WITH] 9 = BLOWING SNOW
X = TORNADO
MAX 32 OR BELOW: 0 0.01 INCH OR MORE: 17
MAX 90 OR ABOVE: 0 0.10 INCH OR MORE: 7
MIN 32 OR BELOW: 21 0.50 INCH OR MORE: 1
MIN 0 OR BELOW: 0 1.00 INCH OR MORE: 1
[HDD (BASE 65) ]
TOTAL THIS MO. 798 CLEAR (SCALE 0-3) 6
DPTR FM NORMAL -131 PTCLDY (SCALE 4-7) 16
TOTAL FM JUL 1 5400 CLOUDY (SCALE 8-10) 9
DPTR FM NORMAL -464
[CDD (BASE 65) ]
TOTAL THIS MO. 0
DPTR FM NORMAL -1 [PRESSURE DATA]
TOTAL FM JAN 1 0 HIGHEST SLP 30.69 ON 15
DPTR FM NORMAL -1 LOWEST SLP 29.47 ON 29
[REMARKS]
#FINAL-03-20#