000
CXUS55 KCYS 011802 CCA
CF6LAR
PRELIMINARY LOCAL CLIMATOLOGICAL DATA (WS FORM: F-6)...CORRECTED
STATION: LARAMIE WYOMING AIRPORT
MONTH: NOVEMBER
YEAR: 2022
LATITUDE: 41 18 N
LONGITUDE: 105 40 W
TEMPERATURE IN F: :PCPN: SNOW: WIND :SUNSHINE: SKY :PK WND
================================================================================
1 2 3 4 5 6A 6B 7 8 9 10 11 12 13 14 15 16 17 18
12Z AVG MX 2MIN
DY MAX MIN AVG DEP HDD CDD WTR SNW DPTH SPD SPD DIR MIN PSBL S-S WX SPD DR
================================================================================
1 61 25 43 7 22 0 0.00 M M 11.2 28 240 M M 0 34 250
2 60 30 45 9 20 0 0.00 M M 16.8 36 220 M M 0 47 220
3 40 19 30 -5 35 0 0.08 M M 7.6 25 140 M M 8 1 32 150
4 30 12 21 -14 44 0 0.00 M M 13.4 29 270 M M 4 12 37 250
5 45 27 36 2 29 0 0.01 M M 27.5 53 250 M M 7 18 69 260
6 35 26 31 -3 34 0 0.00 M M 20.7 36 150 M M 10 46 150
7 59 26 43 9 22 0 0.00 M M 26.1 47 210 M M 3 58 210
8 60 25 43 10 22 0 0.00 M M 12.0 33 210 M M 0 42 190
9 62 21 42 9 23 0 T M M 20.3 41 260 M M 2 1 54 260
10 35 9 22 -10 43 0 0.00 M M 15.0 35 270 M M 1 42 280
11 32 4 18 -14 47 0 0.00 M M 5.8 15 350 M M 0 20 350
12 43 2 23 -9 42 0 0.00 M M 6.0 13 170 M M 0 13 170
13 43 15 29 -2 36 0 T M M 8.7 22 270 M M 4 31 230
14 29 4 17 -14 48 0 T M M 7.6 28 320 M M 7 12 35 330
15 27 9 18 -12 47 0 T M M 14.8 31 320 M M 6 40 320
16 33 11 22 -8 43 0 T M M 15.7 29 330 M M 7 35 330
17 24 5 15 -15 50 0 0.01 M M 9.7 21 360 M M 10 189 28 360
18 7 -7 0 -29 65 0 T M M 4.1 12 130 M M 4 1 12 150
19 31 -9 11 -18 54 0 0.00 M M 7.2 22 220 M M 0 30 210
20 41 7 24 -4 41 0 0.00 M M 7.9 18 230 M M 0 24 230
21 47 8 28 0 37 0 0.00 M M 8.6 22 230 M M 0 26 230
22 48 5 27 -1 38 0 0.00 M M 9.1 22 220 M M 0 27 220
23 38 18 28 1 37 0 T M M 14.6 36 270 M M 3 1 46 280
24 37 13 25 -2 40 0 0.00 M M 10.4 22 340 M M 5 30 350
25 47 10 29 3 36 0 0.00 M M 6.8 15 150 M M 0 16 150
26 47 16 32 6 33 0 0.14 M M 7.2 21 330 M M 4 1 30 360
27 32 14 23 -3 42 0 0.02 M M 13.4 39 250 M M 4 1 52 270
28 32 14 23 -2 42 0 0.08 M M 13.6 26 240 M M 7 1 35 220
29 14 0 7 -18 58 0 0.08 M M 8.7 29 280 M M 6 18 41 280
30 37 12 25 0 40 0 0.00 M M 11.6 25 230 M M 2 32 250
================================================================================
SM 1176 371 1170 0 0.42 M 362.1 M 104
================================================================================
AV 39.2 12.4 12.1 FASTST M M 3 MAX(MPH)
MISC ----> 53 250 69 260
================================================================================
NOTES:
# LAST OF SEVERAL OCCURRENCES
COLUMN 17 PEAK WIND IN M.P.H.
PRELIMINARY LOCAL CLIMATOLOGICAL DATA (WS FORM: F-6) , PAGE 2
STATION: LARAMIE WYOMING AIRPORT
MONTH: NOVEMBER
YEAR: 2022
LATITUDE: 41 18 N
LONGITUDE: 105 40 W
[TEMPERATURE DATA] [PRECIPITATION DATA] SYMBOLS USED IN COLUMN 16
AVERAGE MONTHLY: 25.8 TOTAL FOR MONTH: 0.42 1 = FOG OR MIST
DPTR FM NORMAL: -4.4 DPTR FM NORMAL: -0.00 2 = FOG REDUCING VISIBILITY
HIGHEST: 62 ON 9 GRTST 24HR 0.16 ON 26-27 TO 1/4 MILE OR LESS
LOWEST: -9 ON 19 3 = THUNDER
SNOW, ICE PELLETS, HAIL 4 = ICE PELLETS
TOTAL MONTH: M 5 = HAIL
GRTST 24HR M ON M 6 = FREEZING RAIN OR DRIZZLE
GRTST DEPTH: M ON M 7 = DUSTSTORM OR SANDSTORM:
VSBY 1/2 MILE OR LESS
8 = SMOKE OR HAZE
[NO. OF DAYS WITH] [WEATHER - DAYS WITH] 9 = BLOWING SNOW
X = TORNADO
MAX 32 OR BELOW: 10 0.01 INCH OR MORE: 7
MAX 90 OR ABOVE: 0 0.10 INCH OR MORE: 1
MIN 32 OR BELOW: 30 0.50 INCH OR MORE: 0
MIN 0 OR BELOW: 3 1.00 INCH OR MORE: 0
[HDD (BASE 65) ]
TOTAL THIS MO. 1170 CLEAR (SCALE 0-3) 15
DPTR FM NORMAL 128 PTCLDY (SCALE 4-7) 13
TOTAL FM JUL 1 2084 CLOUDY (SCALE 8-10) 2
DPTR FM NORMAL -143
[CDD (BASE 65) ]
TOTAL THIS MO. 0
DPTR FM NORMAL 0 [PRESSURE DATA]
TOTAL FM JAN 1 208 HIGHEST SLP 30.64 ON 19
DPTR FM NORMAL 123 LOWEST SLP 29.37 ON 9
[REMARKS]
NOVEMBER 18...RECORD LOW HIGH 7 DEGREES (PREVIOUS 19 DEGREES 1948)
NOVEMBER 19...RECORD LOW -9 DEGREES (PREVIOUS -7 DEGREES IN 2009)
#FINAL-11-22#