000
CXUS55 KCYS 100011
CF6LAR
PRELIMINARY LOCAL CLIMATOLOGICAL DATA (WS FORM: F-6) ...CORRECTED...
STATION: LARAMIE WYOMING AIRPORT
MONTH: OCTOBER
YEAR: 2020
LATITUDE: 41 18 N
LONGITUDE: 105 40 W
TEMPERATURE IN F: :PCPN: SNOW: WIND :SUNSHINE: SKY :PK WND
================================================================================
1 2 3 4 5 6A 6B 7 8 9 10 11 12 13 14 15 16 17 18
12Z AVG MX 2MIN
DY MAX MIN AVG DEP HDD CDD WTR SNW DPTH SPD SPD DIR MIN PSBL S-S WX SPD DR
================================================================================
1 64 23 44 -3 21 0 0.00 M M 8.4 22 330 M M 0 8 32 330
2 68 32 50 3 15 0 0.00 M M 8.9 26 330 M M 0 8 40 330
3 62 30 46 0 19 0 0.00 M M 8.8 26 320 M M 2 8 36 320
4 71 28 50 4 15 0 0.00 M M 10.4 22 260 M M 6 8 32 260
5 71 36 54 8 11 0 0.00 M M 12.4 28 310 M M 0 8 38 320
6 75 34 55 10 10 0 0.00 M M 6.7 17 240 M M 7 8 25 230
7 77 28 53 8 12 0 0.00 M M 7.5 18 150 M M 8 8 24 140
8 75 31 53 8 12 0 0.00 M M 11.8 23 240 M M 7 8 32 230
9 75 38 57 13 8 0 0.00 M M 8.4 21 300 M M 1 8 29 300
10 73 35 54 10 11 0 0.00 M M 11.1 26 220 M M 2 8 32 210
11 56 29 43 -1 22 0 0.01 M M 19.2 40 300 M M 3 8 53 240
12 59 31 45 2 20 0 0.00 M M 24.6 41 280 M M 0 55 290
13 70 41 56 13 9 0 0.00 M M 18.9 39 240 M M 1 53 250
14 60 24 42 -1 23 0 0.01 M M 28.3 55 270 M M 2 71 280
15 45 16 31 -11 34 0 0.00 M M 11.2 32 320 M M 4 48 310
16 61 13 37 -5 28 0 0.00 M M 22.6 41 270 M M 0 53 260
17 58 42 50 8 15 0 0.00 M M 26.7 46 270 M M 3 63 270
18 59 43 51 10 14 0 T M M 21.5 37 250 M M 7 48 260
19 63 43 53 12 12 0 0.00 M M 20.7 37 250 M M 3 57 290
20 59 40 50 9 15 0 0.00 M M 18.5 37 270 M M 3 8 51 270
21 68 36 52 12 13 0 0.00 M M 15.0 29 250 M M 1 37 250
22 47 16 32 -8 33 0 0.04 M M 11.0 22 350 M M 7 128 28 340
23 43 15 29 -11 36 0 0.00 M M 6.7 24 240 M M 5 30 240
24 49 11 30 -9 35 0 0.15 M M 19.4 39 220 M M 6 1 49 230
25 11 -1 5 -34 60 0 0.20 M M 9.9 21 80 M M 10 18 27 90
26 9 -13 -2 -40 67 0 0.01 M M 4.5 17 180 M M 6 18 21 180
27 20 -26 -3 -41 68 0 0.00 M M 5.4 15 150 M M 0 15 150
28 32 -1 16 -22 49 0 0.00 M M 4.6 13 180 M M 0 18 13 180
29 43 5 24 -13 41 0 0.00 M M 10.8 26 220 M M 0 32 220
30 48 22 35 -2 30 0 0.00 M M 12.8 30 250 M M 0 41 220
31 43 26 35 -1 30 0 0.00 M M 12.3 32 250 M M 1 46 250
================================================================================
SM 1714 727 788 0 0.42 M 419.0 M 95
================================================================================
AV 55.3 23.5 13.5 FASTST M M 3 MAX(MPH)
MISC ----> 55 270 71 280
================================================================================
NOTES:
# LAST OF SEVERAL OCCURRENCES
COLUMN 17 PEAK WIND IN M.P.H.
PRELIMINARY LOCAL CLIMATOLOGICAL DATA (WS FORM: F-6) , PAGE 2
STATION: LARAMIE WYOMING AIRPORT
MONTH: OCTOBER
YEAR: 2020
LATITUDE: 41 18 N
LONGITUDE: 105 40 W
[TEMPERATURE DATA] [PRECIPITATION DATA] SYMBOLS USED IN COLUMN 16
AVERAGE MONTHLY: 39.4 TOTAL FOR MONTH: 0.42 1 = FOG OR MIST
DPTR FM NORMAL: -2.4 DPTR FM NORMAL: -0.38 2 = FOG REDUCING VISIBILITY
HIGHEST: 77 ON 7 GRTST 24HR 0.20 ON 25-25 TO 1/4 MILE OR LESS
LOWEST: -26 ON 27 3 = THUNDER
SNOW, ICE PELLETS, HAIL 4 = ICE PELLETS
TOTAL MONTH: M 5 = HAIL
GRTST 24HR M ON M 6 = FREEZING RAIN OR DRIZZLE
GRTST DEPTH: M ON M 7 = DUSTSTORM OR SANDSTORM:
VSBY 1/2 MILE OR LESS
8 = SMOKE OR HAZE
[NO. OF DAYS WITH] [WEATHER - DAYS WITH] 9 = BLOWING SNOW
X = TORNADO
MAX 32 OR BELOW: 4 0.01 INCH OR MORE: 6
MAX 90 OR ABOVE: 0 0.10 INCH OR MORE: 2
MIN 32 OR BELOW: 21 0.50 INCH OR MORE: 0
MIN 0 OR BELOW: 4 1.00 INCH OR MORE: 0
[HDD (BASE 65) ]
TOTAL THIS MO. 788 CLEAR (SCALE 0-3) 19
DPTR FM NORMAL 70 PTCLDY (SCALE 4-7) 10
TOTAL FM JUL 1 1137 CLOUDY (SCALE 8-10) 2
DPTR FM NORMAL -104
[CDD (BASE 65) ]
TOTAL THIS MO. 0
DPTR FM NORMAL 0 [PRESSURE DATA]
TOTAL FM JAN 1 141 HIGHEST SLP M ON M
DPTR FM NORMAL 74 LOWEST SLP 29.45 ON 11
[REMARKS]
OCTOBER 7TH...TIED RECORD HIGH 77 DEGREES PREVIOUSLY SET IN 1956.
OCTOBER 8TH...TIED RECORD HIGH 75 DEGREES PREVIOUSLY SET IN 1963.
OCTOBER 25TH...RECORD LOW HIGH 11 DEGREES (PREVIOUS 21 DEGREES IN
1907).
OCTOBER 26TH...RECORD LOW -13 DEGREES (PREVIOUS -10 DEGREES IN 1997).
OCTOBER 26TH...RECORD LOW HIGH 9 DEGREES (PREVIOUS 25 DEGREES IN
2012).
OCTOBER 27TH...RECORD LOW -26* DEGREES (PREVIOUS -16 DEGREES IN
2011).
*ALL TIME LOWEST LOW TEMPERATURE FOR OCTOBER.
#FINAL-10-20#