000
CXUS54 KOUN 011435
CF6LAW
PRELIMINARY LOCAL CLIMATOLOGICAL DATA (WS FORM: F-6)
STATION: LAWTON
MONTH: JUNE
YEAR: 2022
LATITUDE: 34 34 N
LONGITUDE: 98 25 W
TEMPERATURE IN F: :PCPN: SNOW: WIND :SUNSHINE: SKY :PK WND
================================================================================
1 2 3 4 5 6A 6B 7 8 9 10 11 12 13 14 15 16 17 18
12Z AVG MX 2MIN
DY MAX MIN AVG DEP HDD CDD WTR SNW DPTH SPD SPD DIR MIN PSBL S-S WX SPD DR
================================================================================
1 85 63 74 -3 0 9 0.69 0.0 0 13.0 29 40 M M 4 13 34 30
2 77 60 69 -8 0 4 1.62 0.0 0 7.5 25 40 M M 8 13 33 40
3 79 64 72 -5 0 7 0.10 0.0 0 3.8 12 90 M M 5 13 15 100
4 85 63 74 -4 0 9 0.00 0.0 0 6.8 15 130 M M 2 1 20 160
5 91 70 81 3 0 16 0.00 0.0 0 13.2 24 120 M M 0 32 140
6 91 73 82 4 0 17 0.00 0.0 0 9.8 17 130 M M 1 23 120
7 88 71 80 2 0 15 0.00 0.0 0 9.5 22 30 M M 5 1 26 30
8 86 68 77 -2 0 12 0.80 0.0 0 11.2 32 360 M M 3 13 45 350
9 88 67 78 -1 0 13 0.00 0.0 0 8.0 15 120 M M 2 19 160
10 94 67 81 2 0 16 0.29 0.0 0 7.6 25 250 M M 1 13 38 280
11 101 74 88 9 0 23 0.00 0.0 0 7.5 16 180 M M 0 21 170
12 103 69 86 6 0 21 0.00 0.0 0 10.1 21 180 M M 0 30 180
13 100 74 87 7 0 22 0.00 0.0 0 14.3 24 170 M M 0 34 170
14 97 76 87 7 0 22 0.00 0.0 0 16.4 26 180 M M 0 36 170
15 98 77 88 8 0 23 0.00 0.0 0 14.2 26 190 M M 0 35 190
16 98 71 85 5 0 20 0.00 0.0 0 7.9 20 130 M M 0 24 130
17 99 68 84 4 0 19 0.00 0.0 0 6.3 15 110 M M 0 1 19 110
18 97 75 86 5 0 21 0.00 0.0 0 9.7 20 110 M M 0 27 120
19 97 74 86 5 0 21 0.00 0.0 0 11.9 23 110 M M 1 30 120
20 100 73 87 6 0 22 0.00 0.0 0 11.3 21 170 M M 1 27 170
21 100 74 87 6 0 22 0.00 0.0 0 7.9 17 120 M M 0 22 130
22 100 70 85 4 0 20 0.00 0.0 0 6.8 15 130 M M 0 20 130
23 102 73 88 6 0 23 0.00 0.0 0 7.6 15 130 M M 1 19 130
24 104 77 91 9 0 26 0.00 0.0 0 10.7 18 170 M M 0 26 220
25 105 69 87 5 0 22 0.00 0.0 0 7.7 16 200 M M 0 23 200
26 93 72 83 1 0 18 0.00 0.0 0 16.7 29 20 M M 0 38 20
27 91 67 79 -3 0 14 0.00 0.0 0 11.7 18 40 M M 0 23 30
28 89 66 78 -4 0 13 0.00 0.0 0 7.4 18 30 M M 4 23 30
29 93 60 77 -5 0 12 0.00 0.0 0 5.5 16 130 M M 0 1 20 120
30 99 59 79 -3 0 14 0.00 0.0 0 6.3 17 140 M M 1 21 140
================================================================================
SM 2830 2084 0 516 3.50 0.0 288.3 M 39
================================================================================
AV 94.3 69.5 9.6 FASTST M M 1 MAX(MPH)
MISC ----> 32 360 45 350
================================================================================
NOTES:
# LAST OF SEVERAL OCCURRENCES
COLUMN 17 PEAK WIND IN M.P.H.
PRELIMINARY LOCAL CLIMATOLOGICAL DATA (WS FORM: F-6) , PAGE 2
STATION: LAWTON
MONTH: JUNE
YEAR: 2022
LATITUDE: 34 34 N
LONGITUDE: 98 25 W
[TEMPERATURE DATA] [PRECIPITATION DATA] SYMBOLS USED IN COLUMN 16
AVERAGE MONTHLY: 81.9 TOTAL FOR MONTH: 3.50 1 = FOG OR MIST
DPTR FM NORMAL: 1.9 DPTR FM NORMAL: -0.48 2 = FOG REDUCING VISIBILITY
HIGHEST: 105 ON 25 GRTST 24HR 1.63 ON 1- 2 TO 1/4 MILE OR LESS
LOWEST: 59 ON 30 3 = THUNDER
SNOW, ICE PELLETS, HAIL 4 = ICE PELLETS
TOTAL MONTH: 0.0 INCH 5 = HAIL
GRTST 24HR 0.0 6 = FREEZING RAIN OR DRIZZLE
GRTST DEPTH: 0 7 = DUSTSTORM OR SANDSTORM:
VSBY 1/2 MILE OR LESS
8 = SMOKE OR HAZE
[NO. OF DAYS WITH] [WEATHER - DAYS WITH] 9 = BLOWING SNOW
X = TORNADO
MAX 32 OR BELOW: 0 0.01 INCH OR MORE: 5
MAX 90 OR ABOVE: 22 0.10 INCH OR MORE: 5
MIN 32 OR BELOW: 0 0.50 INCH OR MORE: 3
MIN 0 OR BELOW: 0 1.00 INCH OR MORE: 1
[HDD (BASE 65) ]
TOTAL THIS MO. 0 CLEAR (SCALE 0-3) 24
DPTR FM NORMAL 0 PTCLDY (SCALE 4-7) 6
TOTAL FM JUL 1 2922 CLOUDY (SCALE 8-10) 0
DPTR FM NORMAL -241
[CDD (BASE 65) ]
TOTAL THIS MO. 516
DPTR FM NORMAL 65 [PRESSURE DATA]
TOTAL FM JAN 1 957 HIGHEST SLP 30.27 ON 27
DPTR FM NORMAL 216 LOWEST SLP 29.51 ON 6
[REMARKS]
#FINAL-06-22#