000
CXUS56 KLOX 011630
CLMLAX
CLIMATE REPORT
NATIONAL WEATHER SERVICE LOS ANGELES/OXNARD
930 AM PDT MON APR 01 2024
...................................
...THE LOS ANGELES INTL AIRPORT CA CLIMATE SUMMARY FOR THE MONTH OF MARCH 2024...
CLIMATE NORMAL PERIOD: 1991 TO 2020
CLIMATE RECORD PERIOD: 1944 TO 2024
WEATHER OBSERVED NORMAL DEPART LAST YEAR`S
VALUE DATE(S) VALUE FROM VALUE
NORMAL
..............................................................
TEMPERATURE (F)
HIGHEST 70 03/14
LOWEST 46 03/04
AVG. MAXIMUM 63.9 66.1 -2.2
AVG. MINIMUM 50.9 52.2 -1.3
MEAN 57.4 59.1 -1.7
DAYS MAX >= 90 0
DAYS MAX <= 32 0
DAYS MIN <= 32 0
DAYS MIN <= 0 0
PRECIPITATION (INCHES)
TOTALS 3.28 1.73 1.55
DAILY AVG. 0.11 0.06 0.05
DAYS >= .01 10
DAYS >= .10 5
DAYS >= .50 2
DAYS >= 1.00 1
GREATEST
24 HR. TOTAL 1.95 03/29 TO 03/30
DEGREE DAYS
HEATING TOTAL 231 190 41 289
SINCE 7/1 912 999 -87 MM
COOLING TOTAL 0 8 -8 0
SINCE 1/1 2 21 -19 MM
..............................................................
WIND (MPH)
AVERAGE WIND SPEED 8.6
HIGHEST WIND SPEED/DIRECTION 38/270 DATE 03/23
38/260 03/24
HIGHEST GUST SPEED/DIRECTION 48/260 DATE 03/23
SKY COVER
POSSIBLE SUNSHINE (PERCENT) MM
AVERAGE SKY COVER 0.54
NUMBER OF DAYS FAIR 3
NUMBER OF DAYS PC 25
NUMBER OF DAYS CLOUDY 3
AVERAGE RH (PERCENT) 74
WEATHER CONDITIONS. NUMBER OF DAYS WITH
THUNDERSTORM 4 MIXED PRECIP 0
HEAVY RAIN 2 RAIN 4
LIGHT RAIN 9 FREEZING RAIN 0
LT FREEZING RAIN 0 HAIL 0
HEAVY SNOW 0 SNOW 0
LIGHT SNOW 0 SLEET 0
FOG 11 FOG W/VIS <= 1/4 MILE 1
HAZE 5
- INDICATES NEGATIVE NUMBERS.
R INDICATES RECORD WAS SET OR TIED.
MM INDICATES DATA IS MISSING.
T INDICATES TRACE AMOUNT.
$$