709
CXUS54 KLUB 011251
CF6LBB
PRELIMINARY LOCAL CLIMATOLOGICAL DATA (WS FORM: F-6)
STATION: LUBBOCK
MONTH: MARCH
YEAR: 2021
LATITUDE: 33 39 N
LONGITUDE: 101 49 W
TEMPERATURE IN F: :PCPN: SNOW: WIND :SUNSHINE: SKY :PK WND
================================================================================
1 2 3 4 5 6A 6B 7 8 9 10 11 12 13 14 15 16 17 18
12Z AVG MX 2MIN
DY MAX MIN AVG DEP HDD CDD WTR SNW DPTH SPD SPD DIR MIN PSBL S-S WX SPD DR
================================================================================
1 51 30 41 -7 24 0 T T 0 12.7 25 50 M M 7 4 30 40
2 62 23 43 -5 22 0 0.00 0.0 0 10.0 18 220 M M 0 24 220
3 78 28 53 5 12 0 0.00 0.0 0 9.6 18 220 M M 1 23 220
4 82 46 64 15 1 0 0.00 0.0 0 16.4 39 260 M M 3 8 54 250
5 56 38 47 -2 18 0 0.00 0.0 0 19.9 36 10 M M 4 8 46 10
6 62 30 46 -3 19 0 0.00 0.0 0 7.5 17 190 M M 1 22 180
7 66 36 51 1 14 0 0.00 0.0 0 15.4 29 190 M M 2 33 180
8 72 43 58 8 7 0 0.00 0.0 0 17.7 26 170 M M 5 32 170
9 76 51 64 14 1 0 0.00 0.0 0 20.9 30 190 M M 7 36 200
10 80 53 67 17 0 2 0.00 0.0 0 20.8 37 260 M M 1 44 250
11 78 41 60 10 5 0 0.00 0.0 0 10.9 24 120 M M 5 1 27 120
12 73 53 63 12 2 0 1.20 0.0 0 14.6 26 130 M M 10 138 30 130
13 76 50 63 12 2 0 T 0.0 0 20.4 33 180 M M 8 1238 41 180
14 62 38 50 -1 15 0 0.00 0.0 0 20.2 37 250 M M 3 8 49 240
15 73 36 55 3 10 0 0.00 0.0 0 10.9 23 230 M M 3 27 230
16 81 50 66 14 0 1 0.00 0.0 0 15.3 32 300 M M 6 8 44 260
17 53 38 46 -6 19 0 T T 0 25.1 48 330 M M 3 89 63 330
18 62 31 47 -5 18 0 0.00 0.0 0 10.6 20 20 M M 1 23 20
19 62 32 47 -6 18 0 0.00 0.0 0 7.3 13 140 M M 1 17 150
20 71 35 53 0 12 0 0.00 0.0 0 14.3 26 150 M M 1 33 150
21 79 41 60 7 5 0 T 0.0 0 15.6 33 220 M M 5 8 57 220
22 63 40 52 -1 13 0 1.11 0.0 0 14.9 41 280 M M 8 135 48 300
23 63 35 49 -5 16 0 0.00 0.0 0 10.2 20 70 M M 2 24 70
24 50 37 44 -10 21 0 T 0.0 0 18.7 30 50 M M 8 37 50
25 65 33 49 -5 16 0 0.00 0.0 0 12.6 24 250 M M 5 36 260
26 76 45 61 7 4 0 0.00 0.0 0 12.9 29 210 M M 3 34 210
27 73 43 58 3 7 0 0.00 0.0 0 13.3 28 40 M M 3 33 10
28 70 36 53 -2 12 0 0.00 0.0 0 8.3 20 180 M M 0 23 180
29 81 52 67 12 0 2 0.00 0.0 0 21.8 29 220 M M 3 8 40 190
30 67 45 56 0 9 0 0.00 0.0 0 16.2 28 200 M M 4 35 210
31 61 35 48 -8 17 0 0.00 0.0 0 11.5 21 40 M M 2 26 50
================================================================================
SM 2124 1224 339 5 2.31 T 456.5 M 115
================================================================================
AV 68.5 39.5 14.7 FASTST M M 4 MAX(MPH)
MISC ----> 48 330 63 330
================================================================================
NOTES:
# LAST OF SEVERAL OCCURRENCES
COLUMN 17 PEAK WIND IN M.P.H.
PRELIMINARY LOCAL CLIMATOLOGICAL DATA (WS FORM: F-6) , PAGE 2
STATION: LUBBOCK
MONTH: MARCH
YEAR: 2021
LATITUDE: 33 39 N
LONGITUDE: 101 49 W
[TEMPERATURE DATA] [PRECIPITATION DATA] SYMBOLS USED IN COLUMN 16
AVERAGE MONTHLY: 54.0 TOTAL FOR MONTH: 2.31 1 = FOG OR MIST
DPTR FM NORMAL: 2.1 DPTR FM NORMAL: 1.21 2 = FOG REDUCING VISIBILITY
HIGHEST: 82 ON 4 GRTST 24HR 1.20 ON 12-12 TO 1/4 MILE OR LESS
LOWEST: 23 ON 2 3 = THUNDER
SNOW, ICE PELLETS, HAIL 4 = ICE PELLETS
TOTAL MONTH: T 5 = HAIL
GRTST 24HR T ON 1- 1 6 = FREEZING RAIN OR DRIZZLE
GRTST DEPTH: 0 7 = DUSTSTORM OR SANDSTORM:
VSBY 1/2 MILE OR LESS
8 = SMOKE OR HAZE
[NO. OF DAYS WITH] [WEATHER - DAYS WITH] 9 = BLOWING SNOW
X = TORNADO
MAX 32 OR BELOW: 0 0.01 INCH OR MORE: 2
MAX 90 OR ABOVE: 0 0.10 INCH OR MORE: 2
MIN 32 OR BELOW: 6 0.50 INCH OR MORE: 2
MIN 0 OR BELOW: 0 1.00 INCH OR MORE: 2
[HDD (BASE 65) ]
TOTAL THIS MO. 339 CLEAR (SCALE 0-3) 16
DPTR FM NORMAL -76 PTCLDY (SCALE 4-7) 13
TOTAL FM JUL 1 3162 CLOUDY (SCALE 8-10) 2
DPTR FM NORMAL 8
[CDD (BASE 65) ]
TOTAL THIS MO. 5
DPTR FM NORMAL -2 [PRESSURE DATA]
TOTAL FM JAN 1 5 HIGHEST SLP 30.46 ON 31
DPTR FM NORMAL -2 LOWEST SLP 29.41 ON 16
[REMARKS]
#FINAL-03-21#