000
CXUS54 KHGX 041455
CF6LBX
PRELIMINARY LOCAL CLIMATOLOGICAL DATA (WS FORM: F-6)
STATION: ANGLETON/LAKE_JACKS
MONTH: MARCH
YEAR: 2021
LATITUDE: 29 6 N
LONGITUDE: 95 28 W
TEMPERATURE IN F: :PCPN: SNOW: WIND :SUNSHINE: SKY :PK WND
================================================================================
1 2 3 4 5 6A 6B 7 8 9 10 11 12 13 14 15 16 17 18
12Z AVG MX 2MIN
DY MAX MIN AVG DEP HDD CDD WTR SNW DPTH SPD SPD DIR MIN PSBL S-S WX SPD DR
================================================================================
1 72 53 63 4 2 0 0.75 0.0 0 11.4 23 10 M M 10 12 28 10
2 65 47 56 -3 9 0 0.04 0.0 0 10.2 22 360 M M 7 1 28 10
3 66 39 53 -7 12 0 0.00 0.0 0 4.3 13 120 M M 0 1 18 50
4 69 39 54 -6 11 0 0.00 0.0 0 5.4 15 130 M M 0 12 20 140
5 75 50 63 3 2 0 T 0.0 0 6.2 14 20 M M 7 1 19 190
6 70 46 58 -2 7 0 0.00 0.0 0 9.6 18 10 M M 5 1 25 30
7 67 40 54 -6 11 0 0.00 0.0 0 6.6 16 130 M M 0 23 70
8 72 43 58 -2 7 0 0.00 0.0 0 6.2 16 120 M M 3 1 21 140
9 75 59 67 6 0 2 0.00 0.0 0 10.7 23 160 M M 5 29 160
10 77 62 70 9 0 5 T 0.0 0 15.6 28 170 M M 8 33 150
11 77 68 73 12 0 8 T 0.0 0 14.4 25 170 M M 10 33 170
12 80 67 74 13 0 9 T 0.0 0 11.2 24 160 M M 6 30 130
13 81 67 74 13 0 9 0.00 0.0 0 12.9 24 150 M M 8 33 140
14 76 59 68 6 0 3 0.07 0.0 0 12.9 25 150 M M 10 1 32 160
15 77 60 69 7 0 4 0.00 0.0 0 4.3 15 180 M M 9 128 19 180
16 81 64 73 11 0 8 0.03 0.0 0 8.0 22 170 M M 10 12 25 170
17 80 60 70 8 0 5 0.03 0.0 0 12.5 22 170 M M 7 1 27 310
18 71 49 60 -2 5 0 0.00 0.0 0 12.7 23 340 M M 0 32 340
19 70 41 56 -6 9 0 0.00 0.0 0 6.5 16 350 M M 0 23 350
20 69 41 55 -8 10 0 0.00 0.0 0 7.5 15 10 M M 0 21 80
21 73 43 58 -5 7 0 0.00 0.0 0 6.5 16 130 M M 3 1 21 90
22 75 60 68 5 0 3 T 0.0 0 11.5 23 140 M M 8 1 29 150
23 85 56 71 8 0 6 0.38 0.0 0 4.1 13 110 M M 7 138 18 280
24 69 53 61 -3 4 0 0.01 0.0 0 8.8 20 100 M M 9 12 32 80
25 82 55 69 5 0 4 T 0.0 0 7.9 22 360 M M 4 1 26 330
26 81 47 64 0 1 0 0.00 0.0 0 8.6 17 120 M M 4 1 25 90
27 84 69 77 13 0 12 0.00 0.0 0 12.6 24 180 M M 9 18 31 180
28 74 52 63 -1 2 0 0.02 0.0 0 9.2 26 360 M M 8 13 35 360
29 71 45 58 -7 7 0 0.01 0.0 0 7.5 15 100 M M 4 21 60
30 82 66 74 9 0 9 0.00 0.0 0 13.6 26 180 M M 9 1 32 180
31 83 61 72 7 0 7 0.14 0.0 0 10.4 25 10 M M 10 138 31 10
================================================================================
SM 2329 1661 106 94 1.48 0.0 289.8 M 180
================================================================================
AV 75.1 53.6 9.3 FASTST M M 6 MAX(MPH)
MISC ----> 28 170 35 360
================================================================================
NOTES:
# LAST OF SEVERAL OCCURRENCES
COLUMN 17 PEAK WIND IN M.P.H.
PRELIMINARY LOCAL CLIMATOLOGICAL DATA (WS FORM: F-6) , PAGE 2
STATION: ANGLETON/LAKE_JACKS
MONTH: MARCH
YEAR: 2021
LATITUDE: 29 6 N
LONGITUDE: 95 28 W
[TEMPERATURE DATA] [PRECIPITATION DATA] SYMBOLS USED IN COLUMN 16
AVERAGE MONTHLY: 64.4 TOTAL FOR MONTH: 1.48 1 = FOG OR MIST
DPTR FM NORMAL: 2.4 DPTR FM NORMAL: -1.99 2 = FOG REDUCING VISIBILITY
HIGHEST: 85 ON 23 GRTST 24HR 0.79 ON 1- 2 TO 1/4 MILE OR LESS
LOWEST: 39 ON 4, 3 3 = THUNDER
SNOW, ICE PELLETS, HAIL 4 = ICE PELLETS
TOTAL MONTH: 0.0 INCH 5 = HAIL
GRTST 24HR 0.0 6 = FREEZING RAIN OR DRIZZLE
GRTST DEPTH: 0 7 = DUSTSTORM OR SANDSTORM:
VSBY 1/2 MILE OR LESS
8 = SMOKE OR HAZE
[NO. OF DAYS WITH] [WEATHER - DAYS WITH] 9 = BLOWING SNOW
X = TORNADO
MAX 32 OR BELOW: 0 0.01 INCH OR MORE: 10
MAX 90 OR ABOVE: 0 0.10 INCH OR MORE: 3
MIN 32 OR BELOW: 0 0.50 INCH OR MORE: 1
MIN 0 OR BELOW: 0 1.00 INCH OR MORE: 0
[HDD (BASE 65) ]
TOTAL THIS MO. 106 CLEAR (SCALE 0-3) 7
DPTR FM NORMAL -43 PTCLDY (SCALE 4-7) 13
TOTAL FM JUL 1 1162 CLOUDY (SCALE 8-10) 11
DPTR FM NORMAL -111
[CDD (BASE 65) ]
TOTAL THIS MO. 94
DPTR FM NORMAL 38 [PRESSURE DATA]
TOTAL FM JAN 1 162 HIGHEST SLP 30.46 ON 8
DPTR FM NORMAL 70 LOWEST SLP 29.58 ON 25
[REMARKS]
#FINAL-03-21#