000
CXUS54 KLCH 010830
CF6LCH
PRELIMINARY LOCAL CLIMATOLOGICAL DATA (WS FORM: F-6)
STATION: LAKE CHARLES
MONTH: JULY
YEAR: 2021
LATITUDE: 30 7 N
LONGITUDE: 93 13 W
TEMPERATURE IN F: :PCPN: SNOW: WIND :SUNSHINE: SKY :PK WND
================================================================================
1 2 3 4 5 6A 6B 7 8 9 10 11 12 13 14 15 16 17 18
12Z AVG MX 2MIN
DY MAX MIN AVG DEP HDD CDD WTR SNW DPTH SPD SPD DIR MIN PSBL S-S WX SPD DR
================================================================================
1 90 75 83 0 0 18 0.00 0.0 M 3.4 12 330 M M 1 17 200
2 91 75 83 0 0 18 0.15 0.0 M 3.6 15 270 M M 3 13 26 250
3 89 75 82 -1 0 17 1.28 0.0 M 4.3 17 160 M M 7 13 23 160
4 90 74 82 -2 0 17 0.00 0.0 0 4.9 10 220 M M 5 1 16 220
5 91 76 84 0 0 19 0.06 0.0 M 3.2 17 150 M M 2 13 22 140
6 85 76 81 -3 0 16 0.40 0.0 M 4.2 13 190 M M 2 13 19 180
7 85 71 78 -6 0 13 1.73 0.0 M 3.4 24 190 M M 5 123 37 210
8 83 74 79 -5 0 14 0.21 0.0 M 6.7 22 130 M M 4 13 30 180
9 84 75 80 -4 0 15 0.02 0.0 M 6.4 16 150 M M 5 22 140
10 88 76 82 -2 0 17 0.17 0.0 M 6.3 15 200 M M 3 13 24 220
11 90 80 85 1 0 20 0.00 0.0 M 7.5 17 240 M M 6 18 27 220
12 89 71 80 -4 0 15 0.29 0.0 M 6.3 17 10 M M 2 13 26 350
13 90 74 82 -2 0 17 0.32 0.0 M 4.6 26 160 M M 3 13 35 160
14 90 74 82 -2 0 17 T 0.0 M 5.9 17 160 M M 1 13 22 160
15 90 76 83 -1 0 18 0.17 0.0 M 5.3 15 190 M M 2 138 22 200
16 88 78 83 -1 0 18 0.11 0.0 M 4.9 13 160 M M 3 138 20 210
17 91 76 84 0 0 19 0.55 0.0 M 5.0 22 120 M M 1 138 29 120
18 90 77 84 0 0 19 0.21 0.0 M 3.7 12 160 M M 1 138 18 160
19 91 76 84 0 0 19 0.29 0.0 M 4.8 17 220 M M 3 13 26 260
20 86 73 80 -4 0 15 0.77 0.0 M 5.8 18 320 M M 6 13 25 310
21 90 74 82 -2 0 17 0.00 0.0 M 3.6 12 220 M M 3 1 16 210
22 90 75 83 -1 0 18 0.03 0.0 M 3.5 13 210 M M 1 13 21 200
23 94 77 86 2 0 21 0.00 0.0 M 6.3 15 190 M M 1 21 200
24 94 79 87 3 0 22 0.00 0.0 M 5.7 13 190 M M 0 18 190
25 95 75 85 1 0 20 0.00 0.0 M 4.3 9 210 M M 1 1 14 230
26 96 79 88 4 0 23 0.44 0.0 M 4.6 20 240 M M 3 138 27 250
27 93 75 84 0 0 19 T 0.0 0 5.7 22 360 M M 3 3 33 360
28 94 74 84 0 0 19 0.00 0.0 0 2.1 9 60 M M 2 12 50
29 96 79 88 4 0 23 0.00 0.0 0 3.8 20 300 M M 1 13 29 310
30 94 76 85 1 0 20 0.00 0.0 M 3.1 10 190 M M 1 1 16 200
31 95 79 87 3 0 22 0.00 0.0 M 5.4 14 240 M M 1 22 230
================================================================================
SM 2802 2344 0 565 7.20 0.0 148.3 M 82
================================================================================
AV 90.4 75.6 4.8 FASTST M M 3 MAX(MPH)
MISC ----> 26 160 37 210
================================================================================
NOTES:
# LAST OF SEVERAL OCCURRENCES
COLUMN 17 PEAK WIND IN M.P.H.
PRELIMINARY LOCAL CLIMATOLOGICAL DATA (WS FORM: F-6) , PAGE 2
STATION: LAKE CHARLES
MONTH: JULY
YEAR: 2021
LATITUDE: 30 7 N
LONGITUDE: 93 13 W
[TEMPERATURE DATA] [PRECIPITATION DATA] SYMBOLS USED IN COLUMN 16
AVERAGE MONTHLY: 83.0 TOTAL FOR MONTH: 7.20 1 = FOG OR MIST
DPTR FM NORMAL: -0.9 DPTR FM NORMAL: 1.51 2 = FOG REDUCING VISIBILITY
HIGHEST: 96 ON 29,26 GRTST 24HR 1.88 ON 6- 7 TO 1/4 MILE OR LESS
LOWEST: 71 ON 12, 7 3 = THUNDER
SNOW, ICE PELLETS, HAIL 4 = ICE PELLETS
TOTAL MONTH: 0.0 INCH 5 = HAIL
GRTST 24HR 0.0 6 = FREEZING RAIN OR DRIZZLE
GRTST DEPTH: 0 7 = DUSTSTORM OR SANDSTORM:
VSBY 1/2 MILE OR LESS
8 = SMOKE OR HAZE
[NO. OF DAYS WITH] [WEATHER - DAYS WITH] 9 = BLOWING SNOW
X = TORNADO
MAX 32 OR BELOW: 0 0.01 INCH OR MORE: 18
MAX 90 OR ABOVE: 22 0.10 INCH OR MORE: 15
MIN 32 OR BELOW: 0 0.50 INCH OR MORE: 4
MIN 0 OR BELOW: 0 1.00 INCH OR MORE: 2
[HDD (BASE 65) ]
TOTAL THIS MO. 0 CLEAR (SCALE 0-3) 23
DPTR FM NORMAL 0 PTCLDY (SCALE 4-7) 8
TOTAL FM JUL 1 0 CLOUDY (SCALE 8-10) 0
DPTR FM NORMAL 0
[CDD (BASE 65) ]
TOTAL THIS MO. 565
DPTR FM NORMAL -21 [PRESSURE DATA]
TOTAL FM JAN 1 1725 HIGHEST SLP 30.23 ON 14
DPTR FM NORMAL 4 LOWEST SLP 29.89 ON 20
[REMARKS]
#FINAL-07-21#