000
CXUS52 KMLB 121404
CF6LEE
PRELIMINARY LOCAL CLIMATOLOGICAL DATA (WS FORM: F-6)
STATION: LEESBURG
MONTH: APRIL
YEAR: 2023
LATITUDE: 28 49 N
LONGITUDE: 81 49 W
TEMPERATURE IN F: :PCPN: SNOW: WIND :SUNSHINE: SKY :PK WND
================================================================================
1 2 3 4 5 6A 6B 7 8 9 10 11 12 13 14 15 16 17 18
12Z AVG MX 2MIN
DY MAX MIN AVG DEP HDD CDD WTR SNW DPTH SPD SPD DIR MIN PSBL S-S WX SPD DR
================================================================================
1 88 66 77 8 0 12 0.00 0.0 0 8.3 21 280 M M 1 33 290
2 90 66 78 8 0 13 0.00 0.0 0 4.5 10 330 M M 3 1 15 280
3 89 65 77 7 0 12 0.00 0.0 0 3.5 12 290 M M 1 1 18 290
4 92 64 78 8 0 13 0.00 0.0 0 4.6 15 50 M M 0 1 22 40
5 91 71 81 11 0 16 0.00 0.0 0 7.6 16 100 M M 2 23 90
6 90 70 80 10 0 15 0.00 0.0 0 7.7 16 90 M M 1 23 120
7 89 68 79 9 0 14 0.00 0.0 0 6.3 20 110 M M 1 27 100
8 87 71 79 8 0 14 0.00 0.0 0 5.7 13 170 M M 4 17 160
9 73 62 68 -3 0 3 T 0.0 0 12.5 21 30 M M 9 1 30 30
10 75 61 68 -3 0 3 0.04 0.0 0 12.0 22 50 M M 9 1 31 60
11 81 59 70 -1 0 5 0.00 0.0 0 10.4 23 90 M M 4 34 110
12 79 65 72 0 0 7 T 0.0 0 11.7 21 100 M M 6 32 90
13 88 68 78 6 0 13 0.13 0.0 0 6.6 15 90 M M 6 13 22 90
14 86 68 77 5 0 12 0.48 0.0 0 5.8 23 220 M M 3 1238 36 210
15 89 66 78 6 0 13 0.14 0.0 0 2.6 16 280 M M 3 13 28 230
16 89 66 78 6 0 13 0.22 0.0 0 6.4 15 280 M M 2 1 24 280
17 79 57 68 -4 0 3 0.17 0.0 0 7.9 16 350 M M 5 1 26 10
18 83 53 68 -5 0 3 0.00 0.0 0 7.3 16 40 M M 0 21 10
19 83 54 69 -4 0 4 0.00 0.0 0 6.8 16 110 M M 0 22 110
20 85 58 72 -1 0 7 0.00 0.0 0 7.3 18 50 M M 1 26 40
21 87 61 74 1 0 9 0.32 0.0 0 6.1 18 200 M M 2 1 28 200
22 86 65 76 2 0 11 0.01 0.0 0 5.1 14 290 M M 4 13 20 290
23 84 64 74 0 0 9 0.00 0.0 0 10.2 18 30 M M 1 29 10
24 85 63 74 0 0 9 0.53 0.0 0 8.1 21 60 M M 4 13 32 60
25 84 65 75 1 0 10 0.38 0.0 0 6.4 25 10 M M 4 138 32 10
26 88 64 76 2 0 11 0.07 0.0 0 5.9 20 30 M M 2 13 27 80
27 87 66 77 3 0 12 0.18 0.0 0 7.5 28 290 M M 3 13 43 280
28 83 66 75 0 0 10 0.00 0.0 0 6.9 18 270 M M 1 31 260
29 86 71 79 4 0 14 0.01 0.0 0 8.5 25 180 M M 3 35 170
30 77 66 72 -3 0 7 0.33 0.0 0 13.2 25 260 M M 4 13 42 260
================================================================================
SM 2553 1929 0 297 3.01 0.0 223.4 M 89
================================================================================
AV 85.1 64.3 7.4 FASTST M M 3 MAX(MPH)
MISC ----> 28 290 43 280
================================================================================
NOTES:
# LAST OF SEVERAL OCCURRENCES
COLUMN 17 PEAK WIND IN M.P.H.
PRELIMINARY LOCAL CLIMATOLOGICAL DATA (WS FORM: F-6) , PAGE 2
STATION: LEESBURG
MONTH: APRIL
YEAR: 2023
LATITUDE: 28 49 N
LONGITUDE: 81 49 W
[TEMPERATURE DATA] [PRECIPITATION DATA] SYMBOLS USED IN COLUMN 16
AVERAGE MONTHLY: 74.7 TOTAL FOR MONTH: 3.01 1 = FOG OR MIST
DPTR FM NORMAL: 2.5 DPTR FM NORMAL: 0.97 2 = FOG REDUCING VISIBILITY
HIGHEST: 92 ON 4 GRTST 24HR 0.89 ON 24-25 TO 1/4 MILE OR LESS
LOWEST: 53 ON 18 3 = THUNDER
SNOW, ICE PELLETS, HAIL 4 = ICE PELLETS
TOTAL MONTH: 0.0 INCH 5 = HAIL
GRTST 24HR 0.0 6 = FREEZING RAIN OR DRIZZLE
GRTST DEPTH: 0 7 = DUSTSTORM OR SANDSTORM:
VSBY 1/2 MILE OR LESS
8 = SMOKE OR HAZE
[NO. OF DAYS WITH] [WEATHER - DAYS WITH] 9 = BLOWING SNOW
X = TORNADO
MAX 32 OR BELOW: 0 0.01 INCH OR MORE: 14
MAX 90 OR ABOVE: 4 0.10 INCH OR MORE: 10
MIN 32 OR BELOW: 0 0.50 INCH OR MORE: 1
MIN 0 OR BELOW: 0 1.00 INCH OR MORE: 0
[HDD (BASE 65) ]
TOTAL THIS MO. 0 CLEAR (SCALE 0-3) 18
DPTR FM NORMAL -12 PTCLDY (SCALE 4-7) 10
TOTAL FM JUL 1 375 CLOUDY (SCALE 8-10) 2
DPTR FM NORMAL -252
[CDD (BASE 65) ]
TOTAL THIS MO. 297
DPTR FM NORMAL 69 [PRESSURE DATA]
TOTAL FM JAN 1 774 HIGHEST SLP 30.23 ON 6
DPTR FM NORMAL 332 LOWEST SLP 29.57 ON 30
[REMARKS]
#FINAL-04-23#