000
CXUS52 KMLB 010716
CF6LEE
PRELIMINARY LOCAL CLIMATOLOGICAL DATA (WS FORM: F-6)
STATION: LEESBURG
MONTH: DECEMBER
YEAR: 2021
LATITUDE: 28 49 N
LONGITUDE: 81 49 W
TEMPERATURE IN F: :PCPN: SNOW: WIND :SUNSHINE: SKY :PK WND
================================================================================
1 2 3 4 5 6A 6B 7 8 9 10 11 12 13 14 15 16 17 18
12Z AVG MX 2MIN
DY MAX MIN AVG DEP HDD CDD WTR SNW DPTH SPD SPD DIR MIN PSBL S-S WX SPD DR
================================================================================
1 77 48 63 -1 2 0 0.00 0.0 0 1.8 7 100 M M 0 1 10 180
2 76 53 65 1 0 0 0.00 0.0 0 3.4 14 350 M M 1 1 18 330
3 78 51 65 1 0 0 0.00 0.0 0 2.3 9 330 M M 2 12 16 290
4 76 52 64 0 1 0 0.00 0.0 0 1.2 8 290 M M 5 12 15 170
5 81 55 68 4 0 3 0.00 0.0 0 1.9 7 100 M M 4 1 10 180
6 82 57 70 6 0 5 0.00 0.0 0 2.7 12 230 M M 2 12 16 240
7 79 63 71 7 0 6 0.00 0.0 0 3.1 9 330 M M 6 12 11 320
8 84 66 75 11 0 10 0.10 0.0 0 5.4 13 230 M M 6 18 19 240
9 79 65 72 9 0 7 0.00 0.0 0 4.0 12 40 M M 6 1 16 200
10 84 61 73 10 0 8 0.00 0.0 0 3.4 8 110 M M 0 1 14 250
11 85 65 75 12 0 10 0.00 0.0 0 3.2 9 300 M M 0 1 13 290
12 84 65 75 12 0 10 0.28 0.0 0 4.3 14 40 M M 6 12 17 330
13 85 63 74 11 0 9 0.00 0.0 0 7.0 13 40 M M 4 17 30
14 81 65 73 11 0 8 0.01 0.0 0 8.1 16 40 M M 9 1 19 40
15 80 65 73 11 0 8 0.11 0.0 0 8.5 20 80 M M 8 18 25 80
16 84 65 75 13 0 10 0.01 0.0 0 4.4 10 110 M M 5 12 14 100
17 83 63 73 11 0 8 0.00 0.0 0 4.5 10 170 M M 0 1 15 170
18 83 64 74 12 0 9 0.06 0.0 0 4.0 17 210 M M 2 13 24 220
19 85 70 78 16 0 13 0.07 0.0 0 6.1 14 290 M M 5 1 23 290
20 72 62 67 5 0 2 0.28 0.0 0 10.4 18 20 M M 9 18 24 10
21 75 56 66 5 0 1 0.94 0.0 0 9.4 17 50 M M 10 1 23 40
22 66 49 58 -3 7 0 0.00 0.0 0 8.3 17 280 M M 5 25 280
23 71 45 58 -3 7 0 0.00 0.0 0 6.2 12 340 M M 0 17 20
24 77 51 64 3 1 0 0.00 0.0 0 2.9 10 50 M M 0 13 50
25 79 53 66 5 0 1 0.00 0.0 0 3.5 14 270 M M 0 1 19 270
26 81 60 71 10 0 6 0.00 0.0 0 4.7 13 260 M M 1 17 280
27 78 58 68 8 0 3 0.00 0.0 0 1.9 8 330 M M 3 12 13 260
28 82 56 69 9 0 4 0.00 0.0 0 2.7 9 130 M M 3 12 13 210
29 84 66 75 15 0 10 0.00 0.0 0 6.4 12 220 M M 0 16 140
30 80 64 72 12 0 7 0.00 0.0 0 3.9 9 190 M M 5 12 16 160
31 85 67 76 16 0 11 0.00 0.0 0 3.1 9 160 M M 6 12 14 210
================================================================================
SM 2476 1843 18 169 1.86 0.0 142.7 M 113
================================================================================
AV 79.9 59.5 4.6 FASTST M M 4 MAX(MPH)
MISC ----> 20 80 # 25 80
================================================================================
NOTES:
# LAST OF SEVERAL OCCURRENCES
COLUMN 17 PEAK WIND IN M.P.H.
PRELIMINARY LOCAL CLIMATOLOGICAL DATA (WS FORM: F-6) , PAGE 2
STATION: LEESBURG
MONTH: DECEMBER
YEAR: 2021
LATITUDE: 28 49 N
LONGITUDE: 81 49 W
[TEMPERATURE DATA] [PRECIPITATION DATA] SYMBOLS USED IN COLUMN 16
AVERAGE MONTHLY: 69.7 TOTAL FOR MONTH: 1.86 1 = FOG OR MIST
DPTR FM NORMAL: 7.5 DPTR FM NORMAL: -0.31 2 = FOG REDUCING VISIBILITY
HIGHEST: 85 ON 31,19 GRTST 24HR 1.22 ON 20-21 TO 1/4 MILE OR LESS
LOWEST: 45 ON 23 3 = THUNDER
SNOW, ICE PELLETS, HAIL 4 = ICE PELLETS
TOTAL MONTH: 0.0 INCH 5 = HAIL
GRTST 24HR 0.0 6 = FREEZING RAIN OR DRIZZLE
GRTST DEPTH: 0 7 = DUSTSTORM OR SANDSTORM:
VSBY 1/2 MILE OR LESS
8 = SMOKE OR HAZE
[NO. OF DAYS WITH] [WEATHER - DAYS WITH] 9 = BLOWING SNOW
X = TORNADO
MAX 32 OR BELOW: 0 0.01 INCH OR MORE: 9
MAX 90 OR ABOVE: 0 0.10 INCH OR MORE: 5
MIN 32 OR BELOW: 0 0.50 INCH OR MORE: 1
MIN 0 OR BELOW: 0 1.00 INCH OR MORE: 0
[HDD (BASE 65) ]
TOTAL THIS MO. 18 CLEAR (SCALE 0-3) 15
DPTR FM NORMAL -136 PTCLDY (SCALE 4-7) 12
TOTAL FM JUL 1 79 CLOUDY (SCALE 8-10) 4
DPTR FM NORMAL -137
[CDD (BASE 65) ]
TOTAL THIS MO. 169
DPTR FM NORMAL 102 [PRESSURE DATA]
TOTAL FM JAN 1 3876 HIGHEST SLP M ON M
DPTR FM NORMAL 394 LOWEST SLP 29.66 ON 21
[REMARKS]
#FINAL-12-21#