000
CXUS54 KLCH 011725
CLMLFT
CLIMATE REPORT
NATIONAL WEATHER SERVICE LAKE CHARLES, LA
1225 PM CDT SAT JUL 01 2023
...................................
...THE LAFAYETTE CLIMATE SUMMARY FOR THE MONTH OF JUNE 2023...
CLIMATE NORMAL PERIOD: 1991 TO 2020
CLIMATE RECORD PERIOD: 1893 TO 2023
WEATHER OBSERVED NORMAL DEPART LAST YEAR`S
VALUE DATE(S) VALUE FROM VALUE DATE(S)
NORMAL
................................................................
TEMPERATURE (F)
RECORD
HIGH 106 06/27/1930
LOW 51 06/03/1903
HIGHEST 100 06/29 MM MM 100 06/26
06/30
LOWEST 67 06/06 MM MM 69 06/05
AVG. MAXIMUM 95.2 90.2 5.0 93.8
AVG. MINIMUM 76.1 73.1 3.0 74.9
MEAN 85.6 81.6 4.0 84.3
DAYS MAX >= 90 29 18.2 10.8 27
DAYS MAX <= 32 0 0.0 0.0 0
DAYS MIN <= 32 0 0.0 0.0 0
DAYS MIN <= 0 0 0.0 0.0 0
PRECIPITATION (INCHES)
RECORD
MAXIMUM 19.96 2001
MINIMUM 0.04 1979
TOTALS 3.81 7.09 -3.28 4.74
DAILY AVG. 0.13 0.24 -0.11 0.16
DAYS >= .01 7 12.2 -5.2 10
DAYS >= .10 4 8.4 -4.4 6
DAYS >= .50 3 4.6 -1.6 3
DAYS >= 1.00 3 2.4 0.6 1
GREATEST
24 HR. TOTAL 2.09 06/04 TO 06/05
SNOWFALL (INCHES)
RECORDS
TOTAL MM 5
TOTALS 0.0 MM MM 0.0
SINCE 7/1 0.0 MM MM MM
SNOWDEPTH AVG. 0 0
DAYS >= 1.0 0 MM MM 0
GREATEST
24 HR TOTAL MM
DEGREE DAYS
HEATING TOTAL 0 0 0 0
SINCE 7/1 1025 1377 -352 MM
COOLING TOTAL 627 499 128 586
SINCE 1/1 1525 1134 391 MM
................................................................
WIND (MPH)
AVERAGE WIND SPEED 6.2
HIGHEST WIND SPEED/DIRECTION 41/220 DATE 06/04
HIGHEST GUST SPEED/DIRECTION 56/220 DATE 06/04
SKY COVER
POSSIBLE SUNSHINE (PERCENT) MM
AVERAGE SKY COVER 0.28
NUMBER OF DAYS FAIR 23
NUMBER OF DAYS PC 7
NUMBER OF DAYS CLOUDY 0
AVERAGE RH (PERCENT) 72
WEATHER CONDITIONS. NUMBER OF DAYS WITH
THUNDERSTORM 13 MIXED PRECIP 0
HEAVY RAIN 4 RAIN 3
LIGHT RAIN 7 FREEZING RAIN 0
LT FREEZING RAIN 0 HAIL 0
HEAVY SNOW 0 SNOW 0
LIGHT SNOW 0 SLEET 0
FOG 15 FOG W/VIS <= 1/4 MILE 1
HAZE 3
- INDICATES NEGATIVE NUMBERS.
R INDICATES RECORD WAS SET OR TIED.
MM INDICATES DATA IS MISSING.
T INDICATES TRACE AMOUNT.
$$