000
CXHW51 PHFO 011250
CF6LIH
PRELIMINARY LOCAL CLIMATOLOGICAL DATA (WS FORM: F-6)
STATION: LIHUE HI
MONTH: JULY
YEAR: 2023
LATITUDE: 21 58 N
LONGITUDE: 159 21 W
TEMPERATURE IN F: :PCPN: SNOW: WIND :SUNSHINE: SKY :PK WND
================================================================================
1 2 3 4 5 6A 6B 7 8 9 10 11 12 13 14 15 16 17 18
12Z AVG MX 2MIN
DY MAX MIN AVG DEP HDD CDD WTR SNW DPTH SPD SPD DIR MIN PSBL S-S WX SPD DR
================================================================================
1 87 76 82 3 0 17 0.05 M M 11.7 18 60 M M 6 23 80
2 86 77 82 3 0 17 T M M 12.0 16 50 M M 4 20 50
3 87 77 82 3 0 17 0.02 M M 12.4 20 80 M M 7 18 24 80
4 87 77 82 3 0 17 0.02 M M 13.9 22 70 M M 6 1 25 70
5 87 77 82 3 0 17 0.08 M M 14.4 21 80 M M 6 8 25 70
6 87 76 82 3 0 17 0.05 M M 13.7 23 90 M M 8 8 29 90
7 87 78 83 4 0 18 T M M 15.9 23 80 M M 7 28 90
8 87 78 83 4 0 18 T M M 18.6 29 60 M M 5 35 50
9 87 75 81 2 0 16 0.04 M M 18.2 30 70 M M 5 36 70
10 86 76 81 2 0 16 0.02 M M 16.8 25 50 M M 4 8 30 50
11 86 76 81 2 0 16 0.11 M M 15.6 26 100 M M 7 8 34 70
12 87 79 83 3 0 18 T M M 12.8 21 70 M M 6 24 70
13 87 79 83 3 0 18 0.00 M M 12.7 18 70 M M 4 22 80
14 87 77 82 2 0 17 0.00 M M 12.3 17 70 M M 3 21 60
15 86 75 81 1 0 16 0.18 M M 12.4 24 60 M M 6 1 28 50
16 87 75 81 1 0 16 0.02 M M 14.6 24 50 M M 7 1 29 50
17 88 79 84 4 0 19 T M M 14.5 20 50 M M 6 25 80
18 87 77 82 2 0 17 0.01 M M 19.7 28 50 M M 8 18 32 40
19 86 77 82 2 0 17 0.04 M M 20.0 28 30 M M 9 18 31 30
20 88 77 83 3 0 18 0.02 M M 18.4 23 60 M M 7 18 29 60
21 87 77 82 2 0 17 0.01 M M 15.0 24 70 M M 7 8 28 40
22 86 77 82 2 0 17 0.10 M M 14.9 23 70 M M 8 18 29 70
23 86 76 81 1 0 16 0.20 M M 15.6 23 70 M M 9 18 28 70
24 86 78 82 2 0 17 T M M 15.4 23 70 M M 9 18 26 70
25 88 77 83 3 0 18 0.01 M M 16.3 24 50 M M 7 1 28 60
26 87 76 82 2 0 17 0.01 M M 15.5 24 70 M M 6 28 40
27 87 79 83 3 0 18 0.00 M M 15.6 21 50 M M 5 25 60
28 88 79 84 4 0 19 T M M 17.5 23 70 M M 5 27 80
29 85 77 81 1 0 16 0.20 M M 15.4 21 60 M M 8 18 25 60
30 87 75 81 1 0 16 0.04 M M 12.7 22 70 M M 7 1 26 60
31 87 78 83 3 0 18 0.08 M M 15.4 21 70 M M 4 25 70
================================================================================
SM 2691 2387 0 531 1.31 M 469.9 M 196
================================================================================
AV 86.8 77.0 15.2 FASTST M M 6 MAX(MPH)
MISC ----> 30 70 36 70
================================================================================
NOTES:
# LAST OF SEVERAL OCCURRENCES
COLUMN 17 PEAK WIND IN M.P.H.
PRELIMINARY LOCAL CLIMATOLOGICAL DATA (WS FORM: F-6) , PAGE 2
STATION: LIHUE HI
MONTH: JULY
YEAR: 2023
LATITUDE: 21 58 N
LONGITUDE: 159 21 W
[TEMPERATURE DATA] [PRECIPITATION DATA] SYMBOLS USED IN COLUMN 16
AVERAGE MONTHLY: 81.9 TOTAL FOR MONTH: 1.31 1 = FOG OR MIST
DPTR FM NORMAL: 2.3 DPTR FM NORMAL: -0.44 2 = FOG REDUCING VISIBILITY
HIGHEST: 88 ON 28,25 GRTST 24HR 0.24 ON 29-30 TO 1/4 MILE OR LESS
LOWEST: 75 ON 30,16 3 = THUNDER
SNOW, ICE PELLETS, HAIL 4 = ICE PELLETS
TOTAL MONTH: M 5 = HAIL
GRTST 24HR M ON M 6 = FREEZING RAIN OR DRIZZLE
GRTST DEPTH: M ON M 7 = DUSTSTORM OR SANDSTORM:
VSBY 1/2 MILE OR LESS
8 = SMOKE OR HAZE
[NO. OF DAYS WITH] [WEATHER - DAYS WITH] 9 = BLOWING SNOW
X = TORNADO
MAX 32 OR BELOW: 0 0.01 INCH OR MORE: 21
MAX 90 OR ABOVE: 0 0.10 INCH OR MORE: 5
MIN 32 OR BELOW: 0 0.50 INCH OR MORE: 0
MIN 0 OR BELOW: 0 1.00 INCH OR MORE: 0
[HDD (BASE 65) ]
TOTAL THIS MO. 0 CLEAR (SCALE 0-3) 1
DPTR FM NORMAL 0 PTCLDY (SCALE 4-7) 26
TOTAL FM JUL 1 0 CLOUDY (SCALE 8-10) 4
DPTR FM NORMAL 0
[CDD (BASE 65) ]
TOTAL THIS MO. 531
DPTR FM NORMAL 78 [PRESSURE DATA]
TOTAL FM JAN 1 2436 HIGHEST SLP 30.17 ON 25
DPTR FM NORMAL 273 LOWEST SLP 29.97 ON 15
[REMARKS]
#FINAL-07-23#