000
CXUS54 KLZK 011130
CF6LLQ
PRELIMINARY LOCAL CLIMATOLOGICAL DATA (WS FORM: F-6)
STATION: MONTICELLO
MONTH: MARCH
YEAR: 2022
LATITUDE: 33 37 N
LONGITUDE: 91 45 W
TEMPERATURE IN F: :PCPN: SNOW: WIND :SUNSHINE: SKY :PK WND
================================================================================
1 2 3 4 5 6A 6B 7 8 9 10 11 12 13 14 15 16 17 18
12Z AVG MX 2MIN
DY MAX MIN AVG DEP HDD CDD WTR SNW DPTH SPD SPD DIR MIN PSBL S-S WX SPD DR
================================================================================
1 72 34 53 1 12 0 0.00 0.0 M 4.0 13 270 M M 0 16 260
2 76 36 56 4 9 0 0.00 0.0 0 4.7 12 220 M M 0 8 15 260
3 80 43 62 10 3 0 0.00 0.0 0 3.9 9 220 M M 0 13 260
4 79 42 61 9 4 0 0.00 0.0 0 4.9 16 160 M M 0 22 160
5 79 55 67 14 0 2 0.00 0.0 0 10.4 23 200 M M 5 29 200
6 82 67 75 22 0 10 0.00 0.0 0 10.4 18 150 M M 6 26 160
7 74 40 57 4 8 0 0.59 0.0 0 7.2 26 290 M M 9 13 37 280
8 45 36 41 -13 24 0 0.59 0.0 0 6.2 20 40 M M 7 1 25 40
9 54 38 46 -8 19 0 0.00 0.0 0 4.0 16 70 M M 5 1 21 70
10 64 34 49 -5 16 0 0.00 0.0 0 4.4 12 60 M M 0 17 70
11 56 31 44 -10 21 0 0.15 1.5 0 6.2 20 330 M M 7 1 33 360
12 44 26 35 -20 30 0 0.00 0.0 0 6.7 15 320 M M 1 22 320
13 64 30 47 -8 18 0 0.00 0.0 0 6.8 13 200 M M 0 21 210
14 58 38 48 -7 17 0 T M M 6.9 16 170 M M 10 23 160
15 59 52 56 0 9 0 0.26 0.0 0 5.2 20 80 M M 10 13 23 80
16 72 52 62 6 3 0 T 0.0 0 5.3 12 50 M M 6 1 16 50
17 77 49 63 7 2 0 0.42 0.0 0 5.8 16 180 M M 3 13 24 150
18 65 48 57 1 8 0 0.35 0.0 0 12.2 26 260 M M 10 13 39 260
19 70 40 55 -2 10 0 0.00 0.0 0 6.8 16 300 M M 0 23 300
20 78 43 61 4 4 0 0.00 0.0 0 5.5 13 150 M M 0 16 150
21 74 47 61 4 4 0 0.00 0.0 0 9.3 22 130 M M 5 34 120
22 68 50 59 2 6 0 2.87 0.0 0 9.9 23 60 M M 10 13 32 300
23 62 40 51 -7 14 0 0.00 0.0 0 9.1 20 260 M M 6 28 260
24 63 33 48 -10 17 0 0.00 0.0 0 5.0 16 290 M M 1 8 24 250
25 68 39 54 -4 11 0 0.00 0.0 0 4.8 15 260 M M 0 19 260
26 74 40 57 -1 8 0 0.00 0.0 M 2.8 10 40 M M 0 15 40
27 69 45 57 -2 8 0 0.00 0.0 0 8.3 17 50 M M 0 22 80
28 78 44 61 2 4 0 0.00 0.0 0 6.2 12 200 M M 0 16 220
29 78 62 70 11 0 5 0.00 0.0 0 10.2 16 170 M M 4 28 170
30 73 49 61 1 4 0 1.19 M M 11.1 25 290 M M 8 138 37 280
31 65 40 53 -7 12 0 0.00 0.0 0 8.1 24 270 M M 2 33 260
================================================================================
SM 2120 1323 305 17 6.42 1.5 212.3 M 115
================================================================================
AV 68.4 42.7 6.8 FASTST M M 4 MAX(MPH)
MISC ----> # 26 290 39 260
================================================================================
NOTES:
# LAST OF SEVERAL OCCURRENCES
COLUMN 17 PEAK WIND IN M.P.H.
PRELIMINARY LOCAL CLIMATOLOGICAL DATA (WS FORM: F-6) , PAGE 2
STATION: MONTICELLO
MONTH: MARCH
YEAR: 2022
LATITUDE: 33 37 N
LONGITUDE: 91 45 W
[TEMPERATURE DATA] [PRECIPITATION DATA] SYMBOLS USED IN COLUMN 16
AVERAGE MONTHLY: 55.5 TOTAL FOR MONTH: 6.42 1 = FOG OR MIST
DPTR FM NORMAL: -0.3 DPTR FM NORMAL: 0.96 2 = FOG REDUCING VISIBILITY
HIGHEST: 82 ON 6 GRTST 24HR 2.87 ON 22-22 TO 1/4 MILE OR LESS
LOWEST: 26 ON 12 3 = THUNDER
SNOW, ICE PELLETS, HAIL 4 = ICE PELLETS
TOTAL MONTH: 1.5 INCHES 5 = HAIL
GRTST 24HR 1.5 ON 11-11 6 = FREEZING RAIN OR DRIZZLE
GRTST DEPTH: 0 7 = DUSTSTORM OR SANDSTORM:
VSBY 1/2 MILE OR LESS
8 = SMOKE OR HAZE
[NO. OF DAYS WITH] [WEATHER - DAYS WITH] 9 = BLOWING SNOW
X = TORNADO
MAX 32 OR BELOW: 0 0.01 INCH OR MORE: 8
MAX 90 OR ABOVE: 0 0.10 INCH OR MORE: 8
MIN 32 OR BELOW: 3 0.50 INCH OR MORE: 4
MIN 0 OR BELOW: 0 1.00 INCH OR MORE: 2
[HDD (BASE 65) ]
TOTAL THIS MO. 305 CLEAR (SCALE 0-3) 16
DPTR FM NORMAL -6 PTCLDY (SCALE 4-7) 10
TOTAL FM JUL 1 2206 CLOUDY (SCALE 8-10) 5
DPTR FM NORMAL -288
[CDD (BASE 65) ]
TOTAL THIS MO. 17
DPTR FM NORMAL -7 [PRESSURE DATA]
TOTAL FM JAN 1 20 HIGHEST SLP 30.48 ON 12
DPTR FM NORMAL -10 LOWEST SLP 29.38 ON 30
[REMARKS]
#FINAL-03-22#