000
CXUS53 KMKX 010910
CF6LNR
PRELIMINARY LOCAL CLIMATOLOGICAL DATA (WS FORM: F-6)
STATION: LONE ROCK WI
MONTH: FEBRUARY
YEAR: 2023
LATITUDE: 43 12 N
LONGITUDE: 90 11 W
TEMPERATURE IN F: :PCPN: SNOW: WIND :SUNSHINE: SKY :PK WND
================================================================================
1 2 3 4 5 6A 6B 7 8 9 10 11 12 13 14 15 16 17 18
12Z AVG MX 2MIN
DY MAX MIN AVG DEP HDD CDD WTR SNW DPTH SPD SPD DIR MIN PSBL S-S WX SPD DR
================================================================================
1 23 -11 6 -13 59 0 0.00 0.0 M 3.1 12 210 M M 1 18 15 220
2 26 -3 12 -7 53 0 0.00 0.0 M 8.1 23 310 M M 0 18 34 310
3 7 -7 0 -19 65 0 0.00 M M 5.0 14 330 M M 6 22 340
4 35 3 19 -1 46 0 0.00 M M 5.1 14 200 M M 0 18 19 240
5 38 11 25 5 40 0 T M M 4.5 15 330 M M 2 128 20 300
6 42 7 25 5 40 0 0.01 M M 8.8 28 160 M M 3 128 39 170
7 44 28 36 16 29 0 0.00 M M 10.9 21 280 M M 6 18 31 280
8 49 22 36 16 29 0 0.00 M M 3.6 13 200 M M 0 19 260
9 39 31 35 14 30 0 0.25 M M 9.2 21 320 M M 9 128 35 320
10 35 15 25 4 40 0 0.00 M M 8.7 18 340 M M 0 28 340
11 45 14 30 9 35 0 0.00 M M 5.6 16 230 M M 0 30 240
12 45 19 32 10 33 0 0.00 M M 4.5 10 210 M M 0 14 240
13 48 27 38 16 27 0 0.00 M M 5.8 12 290 M M 0 17 260
14 48 28 38 16 27 0 0.11 M M 10.6 24 160 M M 5 1 37 160
15 47 31 39 16 26 0 0.02 M M 12.6 25 270 M M 10 18 43 250
16 31 19 25 2 40 0 T M M 9.4 17 350 M M 10 12 24 30
17 25 2 14 -10 51 0 0.00 M M 6.5 16 340 M M 2 20 340
18 41 11 26 2 39 0 0.00 M M 3.9 14 190 M M 0 21 180
19 48 28 38 14 27 0 0.00 M M 9.4 18 300 M M 1 18 24 290
20 45 21 33 8 32 0 0.00 M M 7.3 24 280 M M 4 18 37 270
21 34 15 25 0 40 0 T M M 11.3 30 280 M M 6 1 43 290
22 30 26 28 2 37 0 T M M 17.2 29 70 M M 10 168 42 60
23 30 15 23 -3 42 0 0.20 M M 12.1 23 280 M M 9 168 32 80
24 23 9 16 -10 49 0 T M M 6.4 14 300 M M 6 1 19 310
25 33 20 27 0 38 0 T M M 4.5 16 230 M M 4 23 250
26 44 12 28 1 37 0 0.00 M M 5.8 20 100 M M 0 18 24 100
27 39 34 37 9 28 0 1.37 M M 11.9 22 90 M M 10 1 31 90
28 45 30 38 10 27 0 0.00 M M 5.9 18 300 M M 5 27 310
================================================================================
SM 1039 457 1066 0 1.96 0.0 217.7 M 109
================================================================================
AV 37.1 16.3 7.8 FASTST M M 4 MAX(MPH)
MISC ----> 30 280 # 43 250
================================================================================
NOTES:
# LAST OF SEVERAL OCCURRENCES
COLUMN 17 PEAK WIND IN M.P.H.
PRELIMINARY LOCAL CLIMATOLOGICAL DATA (WS FORM: F-6) , PAGE 2
STATION: LONE ROCK WI
MONTH: FEBRUARY
YEAR: 2023
LATITUDE: 43 12 N
LONGITUDE: 90 11 W
[TEMPERATURE DATA] [PRECIPITATION DATA] SYMBOLS USED IN COLUMN 16
AVERAGE MONTHLY: 26.7 TOTAL FOR MONTH: 1.96 1 = FOG OR MIST
DPTR FM NORMAL: 3.7 DPTR FM NORMAL: 1.09 2 = FOG REDUCING VISIBILITY
HIGHEST: 49 ON 8 GRTST 24HR 1.37 ON 27-27 TO 1/4 MILE OR LESS
LOWEST: -11 ON 1 3 = THUNDER
SNOW, ICE PELLETS, HAIL 4 = ICE PELLETS
TOTAL MONTH: 0.0 INCH 5 = HAIL
GRTST 24HR 0.0 6 = FREEZING RAIN OR DRIZZLE
GRTST DEPTH: M ON M 7 = DUSTSTORM OR SANDSTORM:
VSBY 1/2 MILE OR LESS
8 = SMOKE OR HAZE
[NO. OF DAYS WITH] [WEATHER - DAYS WITH] 9 = BLOWING SNOW
X = TORNADO
MAX 32 OR BELOW: 8 0.01 INCH OR MORE: 6
MAX 90 OR ABOVE: 0 0.10 INCH OR MORE: 4
MIN 32 OR BELOW: 27 0.50 INCH OR MORE: 1
MIN 0 OR BELOW: 3 1.00 INCH OR MORE: 1
[HDD (BASE 65) ]
TOTAL THIS MO. 1066 CLEAR (SCALE 0-3) 14
DPTR FM NORMAL -110 PTCLDY (SCALE 4-7) 8
TOTAL FM JUL 1 4727 CLOUDY (SCALE 8-10) 6
DPTR FM NORMAL -634
[CDD (BASE 65) ]
TOTAL THIS MO. 0
DPTR FM NORMAL 0 [PRESSURE DATA]
TOTAL FM JAN 1 0 HIGHEST SLP 30.72 ON 24
DPTR FM NORMAL 0 LOWEST SLP 29.13 ON 27
[REMARKS]
#FINAL-02-23#