000
CXUS53 KLMK 010810
CF6LOU
PRELIMINARY LOCAL CLIMATOLOGICAL DATA (WS FORM: F-6)
STATION: LOUISVILLE BOWMAN KY
MONTH: FEBRUARY
YEAR: 2022
LATITUDE: 38 13 N
LONGITUDE: 85 39 W
TEMPERATURE IN F: :PCPN: SNOW: WIND :SUNSHINE: SKY :PK WND
================================================================================
1 2 3 4 5 6A 6B 7 8 9 10 11 12 13 14 15 16 17 18
12Z AVG MX 2MIN
DY MAX MIN AVG DEP HDD CDD WTR SNW DPTH SPD SPD DIR MIN PSBL S-S WX SPD DR
================================================================================
1 64 34 49 13 16 0 0.00 M M 8.3 23 190 M M 0 31 170
2 53 34 44 8 21 0 0.80 M M 9.9 21 170 M M 9 1 31 160
3 35 26 31 -5 34 0 1.34 M M 11.1 17 360 M M 10 16 28 340
4 27 22 25 -11 40 0 0.04 M M 7.4 14 360 M M 9 1 22 20
5 28 15 22 -14 43 0 0.00 M M 4.0 14 280 M M 1 18 280
6 43 18 31 -6 34 0 0.00 M M 3.8 13 240 M M 0 18 15 200
7 42 23 33 -4 32 0 0.00 M M 4.9 15 260 M M 0 1 21 240
8 54 22 38 1 27 0 0.00 M M 6.4 17 200 M M 1 23 200
9 58 37 48 11 17 0 T M M 9.7 21 280 M M 5 30 260
10 51 30 41 4 24 0 0.00 M M 6.6 20 280 M M 1 27 280
11 63 32 48 10 17 0 0.01 M M 11.4 26 240 M M 6 40 270
12 45 26 36 -2 29 0 0.00 M M 8.6 15 300 M M 10 23 330
13 35 21 28 -10 37 0 T M M 6.3 15 360 M M 8 24 10
14 39 21 30 -8 35 0 0.00 M M 2.4 10 230 M M 4 14 230
15 62 20 41 2 24 0 0.00 M M 4.6 14 150 M M 0 18 140
16 66 49 58 19 7 0 0.00 M M 16.1 31 190 M M 4 45 170
17 64 34 49 10 16 0 2.32 M M 12.4 25 170 M M 9 1 36 170
18 38 25 32 -7 33 0 0.00 M M 8.9 18 290 M M 5 29 280
19 38 25 32 -8 33 0 0.00 M M 7.7 21 290 M M 0 32 280
20 63 24 44 4 21 0 0.00 M M 9.2 23 200 M M 0 32 190
21 69 43 56 16 9 0 0.02 M M 12.5 25 180 M M 5 38 35 190
22 63 45 54 14 11 0 1.20 M M 14.6 24 210 M M 10 13 35 200
23 45 30 38 -3 27 0 T M M 8.8 17 280 M M 10 24 290
24 40 31 36 -5 29 0 1.01 M M 6.6 14 70 M M 10 138 20 20
25 40 30 35 -6 30 0 0.07 M M 8.3 18 260 M M 10 1 26 280
26 40 28 34 -8 31 0 0.00 M M 2.8 9 50 M M 4 12 330
27 52 25 39 -3 26 0 0.00 M M 4.0 13 300 M M 0 18 17 300
28 56 28 42 0 23 0 0.00 M M 3.7 16 200 M M 0 20 210
================================================================================
SM 1373 798 726 0 6.81 M 221.0 M 131
================================================================================
AV 49.0 28.5 7.9 FASTST M M 5 MAX(MPH)
MISC ----> 31 190 45 170
================================================================================
NOTES:
# LAST OF SEVERAL OCCURRENCES
COLUMN 17 PEAK WIND IN M.P.H.
PRELIMINARY LOCAL CLIMATOLOGICAL DATA (WS FORM: F-6) , PAGE 2
STATION: LOUISVILLE BOWMAN KY
MONTH: FEBRUARY
YEAR: 2022
LATITUDE: 38 13 N
LONGITUDE: 85 39 W
[TEMPERATURE DATA] [PRECIPITATION DATA] SYMBOLS USED IN COLUMN 16
AVERAGE MONTHLY: 38.8 TOTAL FOR MONTH: 6.81 1 = FOG OR MIST
DPTR FM NORMAL: 0.1 DPTR FM NORMAL: 3.54 2 = FOG REDUCING VISIBILITY
HIGHEST: 69 ON 21 GRTST 24HR 2.32 ON 17-17 TO 1/4 MILE OR LESS
LOWEST: 15 ON 5 3 = THUNDER
SNOW, ICE PELLETS, HAIL 4 = ICE PELLETS
TOTAL MONTH: M 5 = HAIL
GRTST 24HR M ON M 6 = FREEZING RAIN OR DRIZZLE
GRTST DEPTH: M ON M 7 = DUSTSTORM OR SANDSTORM:
VSBY 1/2 MILE OR LESS
8 = SMOKE OR HAZE
[NO. OF DAYS WITH] [WEATHER - DAYS WITH] 9 = BLOWING SNOW
X = TORNADO
MAX 32 OR BELOW: 2 0.01 INCH OR MORE: 9
MAX 90 OR ABOVE: 0 0.10 INCH OR MORE: 5
MIN 32 OR BELOW: 21 0.50 INCH OR MORE: 5
MIN 0 OR BELOW: 0 1.00 INCH OR MORE: 4
[HDD (BASE 65) ]
TOTAL THIS MO. 726 CLEAR (SCALE 0-3) 11
DPTR FM NORMAL -12 PTCLDY (SCALE 4-7) 7
TOTAL FM JUL 1 3000 CLOUDY (SCALE 8-10) 10
DPTR FM NORMAL -279
[CDD (BASE 65) ]
TOTAL THIS MO. 0
DPTR FM NORMAL 0 [PRESSURE DATA]
TOTAL FM JAN 1 0 HIGHEST SLP 30.59 ON 26
DPTR FM NORMAL 0 LOWEST SLP 29.41 ON 17
[REMARKS]
#FINAL-02-22#