000
CXUS53 KJKL 011435
CLSLOZ
CLIMATE REPORT
NATIONAL WEATHER SERVICE JACKSON KY
1035 AM EDT THU SEP 01 2022
...................................
...THE LONDON KY CLIMATE SUMMARY FOR THE SEASON, FROM
6/1/2022 TO 8/31/2022...
CLIMATE NORMAL PERIOD 1991 TO 2020
CLIMATE RECORD PERIOD 1954 TO 2022
WEATHER OBSERVED NORMAL DEPART LAST YEAR`S
VALUE DATE(S) VALUE FROM VALUE DATE(S)
NORMAL
................................................................
TEMPERATURE (F)
RECORD
HIGH 105 06/29/2012
LOW 34 06/01/1966
HIGHEST 97 07/06 MM MM 92 08/25
LOWEST 50 06/04 MM MM 50 06/23
AVG. MAXIMUM 86.4 85.1 1.3 84.4
AVG. MINIMUM 65.3 64.5 0.8 65.6
MEAN 75.9 74.8 1.1 75.0
DAYS MAX >= 90 25 17.1 7.9 11
DAYS MAX <= 32 0 0.0 0.0 0
DAYS MIN <= 32 0 0.0 0.0 0
DAYS MIN <= 0 0 0.0 0.0 0
PRECIPITATION (INCHES)
RECORD
MAXIMUM 21.68 2003
MINIMUM 6.37 1980
TOTALS 10.95 14.19 -3.24 21.57
DAILY AVG. 0.12 0.15 -0.03 0.23
DAYS >= .01 37 36.2 0.8 39
DAYS >= .10 19 24.4 -5.4 33
DAYS >= .50 7 10.2 -3.2 17
DAYS >= 1.00 3 3.7 -0.7 7
GREATEST
24 HR. TOTAL 3.12 07/27 TO 07/28 2.64
SNOWFALL (INCHES)
RECORDS
TOTAL MM MM
TOTALS MM MM MM MM
SINCE 7/1 MM MM MM MM
SNOWDEPTH AVG. MM MM
DAYS >= 1.0 MM MM MM MM
GREATEST
24 HR TOTAL MM MM
DEGREE DAYS
HEATING TOTAL 0 8 -8 0
SINCE 7/1 0 0 0 0
COOLING TOTAL 1026 913 113 948
SINCE 1/1 1156 1040 116 1040
................................................................
WIND (MPH)
AVERAGE WIND SPEED 4.1
RESULTANT WIND SPEED/DIRECTION 1/230
HIGHEST WIND SPEED/DIRECTION 31/340 DATE 07/08
HIGHEST GUST SPEED/DIRECTION 44/350 DATE 06/17
SKY COVER
POSSIBLE SUNSHINE (PERCENT) MM
NUMBER OF DAYS FAIR 59
NUMBER OF DAYS PC 28
NUMBER OF DAYS CLOUDY 5
AVERAGE RH (PERCENT) 73
WEATHER CONDITIONS. NUMBER OF DAYS WITH
THUNDERSTORM 33 MIXED PRECIP 0
HEAVY RAIN 16 RAIN 18
LIGHT RAIN 40 FREEZING RAIN 0
LT FREEZING RAIN 0 HAIL 0
HEAVY SNOW 0 SNOW 0
LIGHT SNOW 0 SLEET 0
FOG 51 FOG W/VIS <= 1/4 MILE 8
HAZE 3
- INDICATES NEGATIVE NUMBERS.
R INDICATES RECORD WAS SET OR TIED.
MM INDICATES DATA IS MISSING.
T INDICATES TRACE AMOUNT.
$$
CARICO