000
CXUS54 KHGX 011410
CF6LVJ
PRELIMINARY LOCAL CLIMATOLOGICAL DATA (WS FORM: F-6)
STATION: HOUSTON/CLOVER_FIELD
MONTH: OCTOBER
YEAR: 2022
LATITUDE: 29 31 N
LONGITUDE: 95 14 W
TEMPERATURE IN F: :PCPN: SNOW: WIND :SUNSHINE: SKY :PK WND
================================================================================
1 2 3 4 5 6A 6B 7 8 9 10 11 12 13 14 15 16 17 18
12Z AVG MX 2MIN
DY MAX MIN AVG DEP HDD CDD WTR SNW DPTH SPD SPD DIR MIN PSBL S-S WX SPD DR
================================================================================
1 85 56 71 -7 0 6 0.00 0.0 0 3.2 12 90 M M 0 21 80
2 86 57 72 -6 0 7 0.00 0.0 0 3.2 13 40 M M 0 18 40
3 87 58 73 -4 0 8 0.00 0.0 0 2.6 12 50 M M 0 16 50
4 85 62 74 -3 0 9 0.00 0.0 0 3.1 12 80 M M 0 15 60
5 86 61 74 -3 0 9 0.00 0.0 0 3.2 14 90 M M 0 18 19 100
6 91 64 78 2 0 13 0.00 0.0 0 2.5 12 170 M M 0 18 17 30
7 88 64 76 0 0 11 0.00 0.0 0 1.8 12 350 M M 0 18 18 350
8 87 66 77 1 0 12 0.00 0.0 0 5.4 16 80 M M 0 8 23 60
9 85 65 75 -1 0 10 0.00 0.0 0 5.4 13 70 M M 0 19 70
10 85 64 75 0 0 10 0.00 0.0 0 5.3 17 110 M M 0 18 24 110
11 85 64 75 0 0 10 0.00 0.0 0 4.4 15 110 M M 2 8 25 140
12 93 72 83 9 0 18 0.84 0.0 0 3.9 17 150 M M 3 13 24 180
13 89 72 81 7 0 16 0.01 0.0 0 4.6 16 80 M M 4 13 20 90
14 85 67 76 2 0 11 0.00 0.0 0 4.8 14 110 M M 0 1 21 110
15 89 67 78 4 0 13 0.00 0.0 0 3.8 15 140 M M 0 1 20 130
16 88 70 79 6 0 14 0.00 0.0 0 3.8 14 140 M M 1 20 140
17 76 61 69 -4 0 4 T 0.0 0 9.2 22 20 M M 5 30 30
18 70 53 62 -10 3 0 0.00 0.0 0 10.5 21 50 M M 0 29 20
19 68 44 56 -16 9 0 0.00 0.0 0 4.5 13 20 M M 0 18 30
20 82 46 64 -8 1 0 0.00 0.0 0 4.3 13 230 M M 0 21 230
21 84 56 70 -2 0 5 0.00 0.0 0 5.2 17 180 M M 1 25 190
22 85 60 73 2 0 8 0.00 0.0 0 7.3 21 170 M M 2 31 170
23 86 70 78 7 0 13 0.00 0.0 0 9.2 22 170 M M 3 31 150
24 82 74 78 8 0 13 0.01 0.0 0 11.0 24 170 M M 7 1 35 180
25 78 52 65 -5 0 0 0.16 0.0 0 8.0 28 310 M M 2 1 44 320
26 75 48 62 -8 3 0 0.00 0.0 0 3.0 16 90 M M 0 22 100
27 77 50 64 -5 1 0 0.17 0.0 0 6.1 16 100 M M 3 13 24 100
28 76 61 69 0 0 4 1.49 0.0 0 10.1 20 100 M M 7 1 30 110
29 68 56 62 -7 3 0 0.00 0.0 0 6.1 16 300 M M 9 27 310
30 76 54 65 -3 0 0 0.00 0.0 0 3.0 13 300 M M 0 20 300
31 78 55 67 -1 0 2 0.00 0.0 0 1.9 12 90 M M 1 16 110
================================================================================
SM 2555 1869 20 226 2.68 0.0 160.4 M 50
================================================================================
AV 82.4 60.3 5.2 FASTST M M 2 MAX(MPH)
MISC ----> 28 310 44 320
================================================================================
NOTES:
# LAST OF SEVERAL OCCURRENCES
COLUMN 17 PEAK WIND IN M.P.H.
PRELIMINARY LOCAL CLIMATOLOGICAL DATA (WS FORM: F-6) , PAGE 2
STATION: HOUSTON/CLOVER_FIELD
MONTH: OCTOBER
YEAR: 2022
LATITUDE: 29 31 N
LONGITUDE: 95 14 W
[TEMPERATURE DATA] [PRECIPITATION DATA] SYMBOLS USED IN COLUMN 16
AVERAGE MONTHLY: 71.4 TOTAL FOR MONTH: 2.68 1 = FOG OR MIST
DPTR FM NORMAL: -1.7 DPTR FM NORMAL: -3.09 2 = FOG REDUCING VISIBILITY
HIGHEST: 93 ON 12 GRTST 24HR 1.49 ON 28-28 TO 1/4 MILE OR LESS
LOWEST: 44 ON 19 3 = THUNDER
SNOW, ICE PELLETS, HAIL 4 = ICE PELLETS
TOTAL MONTH: 0.0 INCH 5 = HAIL
GRTST 24HR 0.0 6 = FREEZING RAIN OR DRIZZLE
GRTST DEPTH: 0 7 = DUSTSTORM OR SANDSTORM:
VSBY 1/2 MILE OR LESS
8 = SMOKE OR HAZE
[NO. OF DAYS WITH] [WEATHER - DAYS WITH] 9 = BLOWING SNOW
X = TORNADO
MAX 32 OR BELOW: 0 0.01 INCH OR MORE: 6
MAX 90 OR ABOVE: 2 0.10 INCH OR MORE: 4
MIN 32 OR BELOW: 0 0.50 INCH OR MORE: 2
MIN 0 OR BELOW: 0 1.00 INCH OR MORE: 1
[HDD (BASE 65) ]
TOTAL THIS MO. 20 CLEAR (SCALE 0-3) 24
DPTR FM NORMAL 3 PTCLDY (SCALE 4-7) 6
TOTAL FM JUL 1 20 CLOUDY (SCALE 8-10) 1
DPTR FM NORMAL 5
[CDD (BASE 65) ]
TOTAL THIS MO. 226
DPTR FM NORMAL -42 [PRESSURE DATA]
TOTAL FM JAN 1 3487 HIGHEST SLP 30.37 ON 19
DPTR FM NORMAL 212 LOWEST SLP 29.76 ON 24
[REMARKS]
#FINAL-10-22#