000
CXUS55 KBYZ 011000
CF6LVM
PRELIMINARY LOCAL CLIMATOLOGICAL DATA (WS FORM: F-6)
STATION: LIVINGSTON MT
MONTH: APRIL
YEAR: 2022
LATITUDE: 45 41 N
LONGITUDE: 110 26 W
TEMPERATURE IN F: :PCPN: SNOW: WIND :SUNSHINE: SKY :PK WND
================================================================================
1 2 3 4 5 6A 6B 7 8 9 10 11 12 13 14 15 16 17 18
12Z AVG MX 2MIN
DY MAX MIN AVG DEP HDD CDD WTR SNW DPTH SPD SPD DIR MIN PSBL S-S WX SPD DR
================================================================================
1 50 21 36 -4 29 0 0.00 M M 15.6 33 260 M M 2 40 270
2 61 23 42 2 23 0 0.06 M M 10.9 47 260 M M 4 1 56 260
3 56 29 43 3 22 0 0.00 M M 14.7 25 250 M M 3 31 250
4 51 32 42 2 23 0 0.08 M M 23.7 46 210 M M 8 13 58 200
5 43 29 36 -4 29 0 T M M 28.2 51 250 M M 4 62 250
6 49 24 37 -3 28 0 0.00 M M 19.6 31 260 M M 6 38 240
7 60 20 40 -1 25 0 0.00 M M 12.3 24 230 M M 0 31 250
8 76 27 52 11 13 0 0.00 M M 22.4 41 210 M M 0 52 210
9 60 27 44 3 21 0 T M M 20.1 38 270 M M 7 46 270
10 44 24 34 -7 31 0 T M M 13.8 32 260 M M 5 1 38 260
11 35 10 23 -18 42 0 0.12 M M 20.7 37 70 M M 6 12 45 80
12 24 11 18 -23 47 0 0.08 M M 16.8 36 90 M M 10 128 45 80
13 24 7 16 -26 49 0 T M M 9.9 16 320 M M 7 8 19 310
14 23 7 15 -27 50 0 0.03 M M 13.7 25 90 M M 8 1 28 90
15 29 8 19 -23 46 0 T M M 7.9 21 80 M M 6 18 23 80
16 30 17 24 -18 41 0 0.11 M M 12.5 29 80 M M 10 128 34 80
17 41 23 32 -10 33 0 T M M 15.9 32 260 M M 6 1 36 260
18 47 16 32 -10 33 0 0.00 M M 8.8 22 70 M M 1 26 70
19 52 30 41 -2 24 0 0.01 M M 12.7 35 270 M M 5 43 270
20 54 27 41 -2 24 0 T M M 17.2 31 70 M M 5 37 260
21 52 29 41 -2 24 0 T M M 9.7 26 240 M M 8 35 240
22 40 36 38 -5 27 0 0.46 M M 8.9 30 320 M M 10 1 37 310
23 49 35 42 -2 23 0 0.06 M M 13.9 26 300 M M 10 1 32 320
24 53 28 41 -3 24 0 0.00 M M 6.4 16 320 M M 6 20 300
25 64 25 45 1 20 0 0.00 M M 10.6 24 210 M M 1 31 210
26 62 33 48 4 17 0 T M M 13.2 41 210 M M 5 49 220
27 59 31 45 0 20 0 0.16 M M 8.6 28 240 M M 3 1 36 240
28 54 29 42 -3 23 0 0.10 M M 11.3 26 250 M M 6 1 33 50
29 45 35 40 -5 25 0 0.01 M M 12.5 24 230 M M 10 29 250
30 58 28 43 -3 22 0 0.00 M M 14.0 26 60 M M 4 31 50
================================================================================
SM 1445 721 858 0 1.28 M 426.5 M 166
================================================================================
AV 48.2 24.0 14.2 FASTST M M 6 MAX(MPH)
MISC ----> 51 250 62 250
================================================================================
NOTES:
# LAST OF SEVERAL OCCURRENCES
COLUMN 17 PEAK WIND IN M.P.H.
PRELIMINARY LOCAL CLIMATOLOGICAL DATA (WS FORM: F-6) , PAGE 2
STATION: LIVINGSTON MT
MONTH: APRIL
YEAR: 2022
LATITUDE: 45 41 N
LONGITUDE: 110 26 W
[TEMPERATURE DATA] [PRECIPITATION DATA] SYMBOLS USED IN COLUMN 16
AVERAGE MONTHLY: 36.1 TOTAL FOR MONTH: 1.28 1 = FOG OR MIST
DPTR FM NORMAL: -6.1 DPTR FM NORMAL: -0.43 2 = FOG REDUCING VISIBILITY
HIGHEST: 76 ON 8 GRTST 24HR 0.48 ON 22-23 TO 1/4 MILE OR LESS
LOWEST: 7 ON 14,13 3 = THUNDER
SNOW, ICE PELLETS, HAIL 4 = ICE PELLETS
TOTAL MONTH: M 5 = HAIL
GRTST 24HR M ON M 6 = FREEZING RAIN OR DRIZZLE
GRTST DEPTH: M ON M 7 = DUSTSTORM OR SANDSTORM:
VSBY 1/2 MILE OR LESS
8 = SMOKE OR HAZE
[NO. OF DAYS WITH] [WEATHER - DAYS WITH] 9 = BLOWING SNOW
X = TORNADO
MAX 32 OR BELOW: 5 0.01 INCH OR MORE: 12
MAX 90 OR ABOVE: 0 0.10 INCH OR MORE: 5
MIN 32 OR BELOW: 26 0.50 INCH OR MORE: 0
MIN 0 OR BELOW: 0 1.00 INCH OR MORE: 0
[HDD (BASE 65) ]
TOTAL THIS MO. 858 CLEAR (SCALE 0-3) 5
DPTR FM NORMAL 174 PTCLDY (SCALE 4-7) 20
TOTAL FM JUL 1 6393 CLOUDY (SCALE 8-10) 5
DPTR FM NORMAL -355
[CDD (BASE 65) ]
TOTAL THIS MO. 0
DPTR FM NORMAL 0 [PRESSURE DATA]
TOTAL FM JAN 1 0 HIGHEST SLP 30.60 ON 7
DPTR FM NORMAL 0 LOWEST SLP 29.20 ON 4
[REMARKS]
#FINAL-04-22#