000
CXUS55 KBYZ 021716
CLALVM
CLIMATE REPORT
NATIONAL WEATHER SERVICE BILLINGS MT
1016 AM MST MON JAN 02 2023
...................................
...THE LIVINGSTON MT CLIMATE SUMMARY FOR THE YEAR OF 2022...
CLIMATE NORMAL PERIOD 1991 TO 2020
CLIMATE RECORD PERIOD 1948 TO 2023
WEATHER OBSERVED NORMAL DEPART
VALUE DATE(S) VALUE FROM
NORMAL
................................................
TEMPERATURE (F)
RECORD
HIGH 105 08/05/1961
LOW -41 12/24/1983
HIGHEST 102 09/03
09/07
LOWEST -27 02/23
AVG. MAXIMUM 58.5 58.3 0.2
AVG. MINIMUM 32.2 32.6 -0.4
MEAN 45.4 45.4 -0.0
DAYS MAX >= 90 45 16.9
DAYS MAX <= 32 35 0.1
DAYS MIN <= 32 168 6.4
DAYS MIN <= 0 21 7.8
PRECIPITATION (INCHES)
RECORD
MAXIMUM 18.11 2019
MINIMUM 8.62 2012
TOTALS 14.13 14.55 -0.42
DAYS >= .01 80 -26.1
DAYS >= .10 33 -9.3
DAYS >= .50 3 -2.3
DAYS >= 1.00 0 -0.8
DEGREE DAYS
HEATING TOTAL 7500 7375 125
COOLING TOTAL 481 278 203
FREEZE DATES
RECORD
EARLIEST 08/17/2002
LATEST 06/29/1968
EARLIEST 09/10
LATEST 06/01
................................................
WIND (MPH)
AVERAGE WIND SPEED 15.1
HIGHEST WIND SPEED/DIRECTION 62/220 DATE 12/27
HIGHEST GUST SPEED/DIRECTION 75/220 DATE 12/27
WEATHER CONDITIONS. NUMBER OF DAYS WITH
THUNDERSTORM 30 MIXED PRECIP 0
HEAVY RAIN 10 RAIN 33
LIGHT RAIN 106 FREEZING RAIN 0
LT FREEZING RAIN 1 HAIL 0
HEAVY SNOW 14 SNOW 26
LIGHT SNOW 84 SLEET 0
FOG 92 FOG W/VIS <= 1/4 MILE 16
HAZE 52
- INDICATES NEGATIVE NUMBERS.
R INDICATES RECORD WAS SET OR TIED.
MM INDICATES DATA IS MISSING.
T INDICATES TRACE AMOUNT.
$$