965
CXUS56 KHNX 021531
CF6MAE
PRELIMINARY LOCAL CLIMATOLOGICAL DATA (WS FORM: F-6)
STATION: MADERA CA AIRPORT
MONTH: FEBRUARY
YEAR: 2021
LATITUDE: 36 58 N
LONGITUDE: 120 7 W
TEMPERATURE IN F: :PCPN: SNOW: WIND :SUNSHINE: SKY :PK WND
================================================================================
1 2 3 4 5 6A 6B 7 8 9 10 11 12 13 14 15 16 17 18
12Z AVG MX 2MIN
DY MAX MIN AVG DEP HDD CDD WTR SNW DPTH SPD SPD DIR MIN PSBL S-S WX SPD DR
================================================================================
1 74 46 60 12 5 0 0.00 0.0 0 7.2 18 140 M M 4 23 160
2 68 42 55 7 10 0 T 0.0 0 6.2 21 330 M M 3 24 310
3 60 41 51 3 14 0 0.00 0.0 0 10.5 18 330 M M 2 1 32 300
4 57 38 48 0 17 0 0.00 0.0 0 4.2 15 330 M M 5 18 24 30
5 63 33 48 -1 17 0 0.00 0.0 0 2.4 7 80 M M 0 1 18 210
6 66 35 51 2 14 0 0.00 0.0 0 2.0 7 80 M M 0 1 16 140
7 67 36 52 3 13 0 0.00 0.0 0 1.6 7 250 M M 0 18 10 60
8 66 37 52 3 13 0 0.00 0.0 0 2.4 9 350 M M 0 18 10 350
9 64 47 56 6 9 0 0.00 0.0 0 4.1 10 330 M M 3 18 13 320
10 67 43 55 5 10 0 0.00 0.0 0 3.1 13 290 M M 0 1 23 280
11 64 42 53 3 12 0 0.02 0.0 0 2.7 12 130 M M 3 1 23 150
12 62 45 54 4 11 0 0.12 0.0 0 7.7 17 310 M M 3 1 24 310
13 64 43 54 4 11 0 T 0.0 0 7.2 16 290 M M 4 1 31 280
14 60 36 48 -2 17 0 0.00 0.0 0 6.0 15 340 M M 4 28 360
15 60 48 54 3 11 0 T 0.0 0 3.9 10 310 M M 8 1 15 190
16 61 37 49 -2 16 0 0.00 0.0 0 8.1 21 340 M M 2 1 27 310
17 62 36 49 -2 16 0 0.00 0.0 0 8.0 20 340 M M 0 1 24 350
18 66 32 49 -2 16 0 0.00 0.0 0 3.8 13 130 M M 0 16 130
19 70 35 53 2 12 0 0.00 0.0 0 3.5 14 340 M M 1 18 350
20 60 38 49 -3 16 0 T 0.0 0 9.3 22 320 M M 1 28 330
21 63 33 48 -4 17 0 0.00 0.0 0 2.2 9 120 M M 0 12 190
22 69 36 53 1 12 0 0.00 0.0 0 1.4 9 340 M M 0 14 330
23 67 38 53 1 12 0 0.00 0.0 0 2.5 8 260 M M 0 17 20
24 68 36 52 0 13 0 0.00 0.0 0 5.8 21 330 M M 0 1 26 320
25 66 31 49 -3 16 0 0.00 0.0 0 3.5 13 250 M M 0 22 360
26 66 34 50 -2 15 0 0.00 0.0 0 5.4 13 330 M M 0 17 330
27 64 35 50 -3 15 0 0.00 0.0 0 10.6 24 330 M M 0 31 310
28 66 33 50 -3 15 0 0.00 0.0 0 6.1 14 150 M M 0 26 140
================================================================================
SM 1810 1066 375 0 0.14 0.0 141.4 M 43
================================================================================
AV 64.6 38.1 5.1 FASTST M M 2 MAX(MPH)
MISC ----> 24 330 32 300
================================================================================
NOTES:
# LAST OF SEVERAL OCCURRENCES
COLUMN 17 PEAK WIND IN M.P.H.
PRELIMINARY LOCAL CLIMATOLOGICAL DATA (WS FORM: F-6) , PAGE 2
STATION: MADERA CA AIRPORT
MONTH: FEBRUARY
YEAR: 2021
LATITUDE: 36 58 N
LONGITUDE: 120 7 W
[TEMPERATURE DATA] [PRECIPITATION DATA] SYMBOLS USED IN COLUMN 16
AVERAGE MONTHLY: 51.4 TOTAL FOR MONTH: 0.14 1 = FOG OR MIST
DPTR FM NORMAL: 0.9 DPTR FM NORMAL: -1.99 2 = FOG REDUCING VISIBILITY
HIGHEST: 74 ON 1 GRTST 24HR 0.14 ON 11-12 TO 1/4 MILE OR LESS
LOWEST: 31 ON 25 3 = THUNDER
SNOW, ICE PELLETS, HAIL 4 = ICE PELLETS
TOTAL MONTH: 0.0 INCH 5 = HAIL
GRTST 24HR 0.0 6 = FREEZING RAIN OR DRIZZLE
GRTST DEPTH: 0 7 = DUSTSTORM OR SANDSTORM:
VSBY 1/2 MILE OR LESS
8 = SMOKE OR HAZE
[NO. OF DAYS WITH] [WEATHER - DAYS WITH] 9 = BLOWING SNOW
X = TORNADO
MAX 32 OR BELOW: 0 0.01 INCH OR MORE: 2
MAX 90 OR ABOVE: 0 0.10 INCH OR MORE: 1
MIN 32 OR BELOW: 2 0.50 INCH OR MORE: 0
MIN 0 OR BELOW: 0 1.00 INCH OR MORE: 0
[HDD (BASE 65) ]
TOTAL THIS MO. 375 CLEAR (SCALE 0-3) 23
DPTR FM NORMAL -31 PTCLDY (SCALE 4-7) 5
TOTAL FM JUL 1 1674 CLOUDY (SCALE 8-10) 0
DPTR FM NORMAL -408
[CDD (BASE 65) ]
TOTAL THIS MO. 0
DPTR FM NORMAL 0 [PRESSURE DATA]
TOTAL FM JAN 1 0 HIGHEST SLP 30.48 ON 21
DPTR FM NORMAL 0 LOWEST SLP 29.88 ON 12
[REMARKS]
#FINAL-02-21#