000
CXUS54 KMAF 021207
CF6MAF
PRELIMINARY LOCAL CLIMATOLOGICAL DATA (WS FORM: F-6)
STATION: MIDLAND INTERNATIONAL AIRPORT
MONTH: JUNE
YEAR: 2023
LATITUDE: 31 57 N
LONGITUDE: 102 11 W
TEMPERATURE IN F: :PCPN: SNOW: WIND :SUNSHINE: SKY :PK WND
================================================================================
1 2 3 4 5 6A 6B 7 8 9 10 11 12 13 14 15 16 17 18
12Z AVG MX 2MIN
DY MAX MIN AVG DEP HDD CDD WTR SNW DPTH SPD SPD DIR MIN PSBL S-S WX SPD DR
================================================================================
1 89 69 79 -1 0 14 0.00 0.0 0 18.1 30 160 M M 6 37 160
2 84 63 74 -7 0 9 T 0.0 0 16.9 38 150 M M 4 3 47 130
3 82 61 72 -9 0 7 0.06 0.0 0 10.7 25 130 M M 5 3 35 140
4 83 59 71 -10 0 6 T 0.0 0 8.1 20 80 M M 1 26 80
5 83 61 72 -9 0 7 0.00 0.0 0 9.6 21 70 M M 4 26 70
6 85 59 72 -10 0 7 0.00 0.0 0 7.3 14 90 M M 0 8 20 80
7 92 63 78 -4 0 13 T 0.0 0 10.2 41 310 M M 2 38 54 320
8 94 60 77 -5 0 12 0.00 0.0 0 7.5 20 20 M M 1 26 10
9 100 66 83 1 0 18 0.00 0.0 0 9.4 21 210 M M 0 26 200
10 99 66 83 1 0 18 0.00 0.0 0 10.6 23 310 M M 0 32 270
11 102 67 85 3 0 20 0.00 0.0 0 10.5 22 170 M M 1 29 240
12 97 72 85 2 0 20 0.00 0.0 0 11.2 23 60 M M 0 8 32 60
13 98 69 84 1 0 19 0.00 0.0 0 9.3 24 240 M M 3 18 31 240
14 97 66 82 -1 0 17 0.00 0.0 0 7.7 14 340 M M 0 21 330
15 103 68 86 3 0 21 0.00 0.0 0 12.5 29 250 M M 0 42 240
16 103 70 87 4 0 22 0.00 0.0 0 9.0 18 40 M M 0 8 23 40
17 106 73 90 7 0 25 0.00 0.0 0 11.6 24 240 M M 0 35 240
18 103 70 87 4 0 22 0.00 0.0 0 9.2 18 270 M M 0 26 220
19 108 70 89 6 0 24 0.00 0.0 0 8.1 21 230 M M 0 8 29 260
20 109 77 93 10 0 28 0.00 0.0 0 7.1 22 200 M M 0 28 200
21 111 79 95 12 0 30 0.00 0.0 0 9.9 23 50 M M 0 3 30 220
22 106 77 92 9 0 27 0.00 0.0 0 14.8 30 90 M M 1 8 41 90
23 108 78 93 9 0 28 T 0.0 0 13.7 36 160 M M 0 38 51 160
24 108 76 92 8 0 27 0.00 0.0 0 14.8 32 190 M M 0 8 43 210
25 111 81 96 12 0 31 0.00 0.0 0 12.1 21 180 M M 0 8 30 170
26 111 80 96 12 0 31 0.00 0.0 0 11.2 25 100 M M 0 8 37 110
27 108 81 95 11 0 30 0.00 0.0 0 17.4 32 190 M M 0 42 180
28 104 80 92 8 0 27 0.00 0.0 0 19.5 31 160 M M 0 43 160
29 100 76 88 4 0 23 0.00 0.0 0 18.4 30 150 M M 0 40 160
30 97 72 85 1 0 20 T 0.0 0 15.0 28 170 M M 2 3 35 160
================================================================================
SM 2981 2109 0 603 0.06 0.0 351.4 M 30
================================================================================
AV 99.4 70.3 11.7 FASTST M M 1 MAX(MPH)
MISC ----> 41 310 54 320
================================================================================
NOTES:
# LAST OF SEVERAL OCCURRENCES
COLUMN 17 PEAK WIND IN M.P.H.
PRELIMINARY LOCAL CLIMATOLOGICAL DATA (WS FORM: F-6) , PAGE 2
STATION: MIDLAND INTERNATIONAL AIRPORT
MONTH: JUNE
YEAR: 2023
LATITUDE: 31 57 N
LONGITUDE: 102 11 W
[TEMPERATURE DATA] [PRECIPITATION DATA] SYMBOLS USED IN COLUMN 16
AVERAGE MONTHLY: 84.8 TOTAL FOR MONTH: 0.06 1 = FOG OR MIST
DPTR FM NORMAL: 2.2 DPTR FM NORMAL: -1.74 2 = FOG REDUCING VISIBILITY
HIGHEST: 111 ON 26,25 GRTST 24HR 0.06 ON 3- 3 TO 1/4 MILE OR LESS
LOWEST: 59 ON 6, 4 3 = THUNDER
SNOW, ICE PELLETS, HAIL 4 = ICE PELLETS
TOTAL MONTH: 0.0 INCH 5 = HAIL
GRTST 24HR 0.0 6 = FREEZING RAIN OR DRIZZLE
GRTST DEPTH: 0 7 = DUSTSTORM OR SANDSTORM:
VSBY 1/2 MILE OR LESS
8 = SMOKE OR HAZE
[NO. OF DAYS WITH] [WEATHER - DAYS WITH] 9 = BLOWING SNOW
X = TORNADO
MAX 32 OR BELOW: 0 0.01 INCH OR MORE: 1
MAX 90 OR ABOVE: 24 0.10 INCH OR MORE: 0
MIN 32 OR BELOW: 0 0.50 INCH OR MORE: 0
MIN 0 OR BELOW: 0 1.00 INCH OR MORE: 0
[HDD (BASE 65) ]
TOTAL THIS MO. 0 CLEAR (SCALE 0-3) 26
DPTR FM NORMAL 0 PTCLDY (SCALE 4-7) 4
TOTAL FM JUL 1 2438 CLOUDY (SCALE 8-10) 0
DPTR FM NORMAL 69
[CDD (BASE 65) ]
TOTAL THIS MO. 603
DPTR FM NORMAL 73 [PRESSURE DATA]
TOTAL FM JAN 1 998 HIGHEST SLP 30.00 ON 5
DPTR FM NORMAL -23 LOWEST SLP 29.58 ON 15
[REMARKS]
#FINAL-06-23#